-- mysqldump-php https://github.com/ifsnop/mysqldump-php
--
-- Host: localhost	Database: doorcrew_doors
-- ------------------------------------------------------
-- Date: Fri, 21 Jul 2017 03:30:12 +0000


--
-- Table structure for table `auth_assignment`
--

CREATE TABLE `auth_assignment` (
  `item_name` varchar(64) COLLATE utf8_unicode_ci NOT NULL,
  `user_id` int(11) NOT NULL,
  `created_at` int(11) DEFAULT NULL,
  PRIMARY KEY (`item_name`,`user_id`),
  KEY `auth_assignment_user_id` (`user_id`),
  CONSTRAINT `auth_assignment_ibfk_1` FOREIGN KEY (`item_name`) REFERENCES `auth_item` (`name`) ON DELETE CASCADE ON UPDATE CASCADE,
  CONSTRAINT `auth_assignment_user_id` FOREIGN KEY (`user_id`) REFERENCES `cms_user` (`id`) ON DELETE CASCADE ON UPDATE CASCADE
) ENGINE=InnoDB DEFAULT CHARSET=utf8 COLLATE=utf8_unicode_ci;

--
-- Dumping data for table `auth_assignment`
--

SET autocommit=0;
INSERT INTO `auth_assignment` VALUES ('editor',4,1499354522),('root',1,1439037301),('root',2,1498134242),('root',3,1498124123);
COMMIT;

--
-- Table structure for table `auth_item`
--

CREATE TABLE `auth_item` (
  `name` varchar(64) COLLATE utf8_unicode_ci NOT NULL,
  `type` int(11) NOT NULL,
  `description` text COLLATE utf8_unicode_ci,
  `rule_name` varchar(64) COLLATE utf8_unicode_ci DEFAULT NULL,
  `data` text COLLATE utf8_unicode_ci,
  `created_at` int(11) DEFAULT NULL,
  `updated_at` int(11) DEFAULT NULL,
  PRIMARY KEY (`name`),
  KEY `rule_name` (`rule_name`),
  KEY `idx-auth_item-type` (`type`),
  CONSTRAINT `auth_item_ibfk_1` FOREIGN KEY (`rule_name`) REFERENCES `auth_rule` (`name`) ON DELETE SET NULL ON UPDATE CASCADE
) ENGINE=InnoDB DEFAULT CHARSET=utf8 COLLATE=utf8_unicode_ci;

--
-- Dumping data for table `auth_item`
--

SET autocommit=0;
INSERT INTO `auth_item` VALUES ('',2,'Администрирование | Управление шаблоном',NULL,NULL,1496581209,1496581209),('admin',1,'Administrator',NULL,NULL,1439037301,1498104241),('admin/admin-permission',2,'Администрирование | Управление привилегиями',NULL,NULL,1439297538,1439297538),('admin/admin-role',2,'Администрирование | Управление ролями',NULL,NULL,1439297538,1439297538),('admin/checker',2,'Администрирование | Проверка системы',NULL,NULL,1439297538,1439297538),('admin/clear',2,'Администрирование | Удаление временных файлов',NULL,NULL,1439297538,1439297538),('admin/db',2,'Администрирование | Удаление временных файлов',NULL,NULL,1439297538,1439297538),('admin/email',2,'Администрирование | Тестирование отправки email сообщений с сайта',NULL,NULL,1439297538,1439297538),('admin/gii',2,'Администрирование | Генератор кода',NULL,NULL,1439297538,1439297538),('admin/index',2,'Администрирование | Рабочий стол',NULL,NULL,1443689676,1443689676),('admin/info',2,'Администрирование | Информация о системе',NULL,NULL,1439297538,1439297538),('admin/ssh',2,'Администрирование | Ssh консоль',NULL,NULL,1439297538,1439297538),('approved',1,'Approved user',NULL,NULL,1443647312,1498104264),('cms.admin-access',2,'Доступ к системе администрирования',NULL,NULL,1439037301,1439037301),('cms.admin-dashboards-edit',2,'Access to edit dashboards',NULL,NULL,1455882084,1455882084),('cms.controll-panel-access',2,'Доступ к панеле управления сайтом',NULL,NULL,1439037301,1439037301),('cms.edit-view-files',2,'The ability to edit view files',NULL,NULL,1447185422,1447185422),('cms.elfinder-additional-files',2,'Доступ ко всем файлам',NULL,NULL,1439037301,1439037301),('cms.elfinder-common-public-files',2,'Доступ к общим публичным файлам',NULL,NULL,1439037301,1439037301),('cms.elfinder-user-files',2,'Доступ к личным файлам',NULL,NULL,1439037301,1439037301),('cms.model-create',2,'Возможность создания записей',NULL,NULL,1439037301,1439037301),('cms.model-delete',2,'Удаление записей',NULL,NULL,1439037301,1439037301),('cms.model-delete-own',2,'Удаление своих записей','isAuthor',NULL,1439037301,1439037301),('cms.model-update',2,'Обновление данных записей',NULL,NULL,1439037301,1439037301),('cms.model-update-advanced',2,'Обновление дополнительных данных записей',NULL,NULL,1439037301,1439037301),('cms.model-update-advanced-own',2,'Обновление дополнительных данных своих записей','isAuthor',NULL,1439037301,1439037301),('cms.model-update-own',2,'Обновление данных своих записей','isAuthor',NULL,1439037301,1439037301),('cms.user-full-edit',2,'The ability to manage user groups',NULL,NULL,1457470067,1457470067),('cms/admin-cms-agent',2,'Администрирование | Управление агентами',NULL,NULL,1439297538,1439297538),('cms/admin-cms-content',2,'Администрирование | Управление контентом',NULL,NULL,1443696551,1443696551),('cms/admin-cms-content-element',2,'Администрирование | Элементы',NULL,NULL,1443700128,1443700128),('cms/admin-cms-content-element__1',2,'Администрирование | Публикации',NULL,NULL,1443699185,1443699185),('cms/admin-cms-content-element__2',2,'Администрирование | Слайды',NULL,NULL,1443697223,1443697223),('cms/admin-cms-content-element__3',2,'Администрирование | Услуги',NULL,NULL,1445806952,1445806952),('cms/admin-cms-content-element__4',2,'',NULL,NULL,1496597622,1496597622),('cms/admin-cms-content-element__5',2,'',NULL,NULL,1496597970,1496597970),('cms/admin-cms-content-element__6',2,'',NULL,NULL,1498369182,1498369182),('cms/admin-cms-content-element__7',2,'',NULL,NULL,1500001684,1500001684),('cms/admin-cms-content-property',2,'Администрирование | Управление свойствами',NULL,NULL,1496588480,1496588480),('cms/admin-cms-content-property-enum',2,'Администрирование | Управление значениями свойств',NULL,NULL,1496600519,1496600519),('cms/admin-cms-content-type',2,'Администрирование | Управление контентом',NULL,NULL,1439297538,1439297538),('cms/admin-cms-lang',2,'Администрирование | Управление языками',NULL,NULL,1439297538,1439297538),('cms/admin-cms-site',2,'Администрирование | Управление сайтами',NULL,NULL,1439297538,1439297538),('cms/admin-cms-site-domain',2,'Administration | Domains managment',NULL,NULL,1498224503,1498224503),('cms/admin-cms-tree-type',2,'Администрирование | Настройки разделов',NULL,NULL,1439297538,1439297538),('cms/admin-cms-tree-type-property',2,'Администрирование | Управление свойствами раздела',NULL,NULL,1496590374,1496590374),('cms/admin-cms-tree-type-property-enum',2,'Администрирование | Управление значениями свойств раздела',NULL,NULL,1496590558,1496590558),('cms/admin-cms-user-universal-property',2,'Администрирование | Управление свойствами пользователя',NULL,NULL,1445957836,1445957836),('cms/admin-component-settings',2,'Администрирование | Управление настройками компонентов',NULL,NULL,1443695979,1443695979),('cms/admin-file-manager',2,'Администрирование | Файловый менеджер',NULL,NULL,1439297538,1439297538),('cms/admin-marketplace',2,'Администрирование | Маркетплейс',NULL,NULL,1439297538,1439297538),('cms/admin-settings',2,'Администрирование | Управление настройками',NULL,NULL,1439297538,1439297538),('cms/admin-storage',2,'Администрирование | Управление серверами',NULL,NULL,1439297538,1439297538),('cms/admin-storage-files',2,'Администрирование | Управление файлами хранилища',NULL,NULL,1439297538,1439297538),('cms/admin-tree',2,'Администрирование | Дерево страниц',NULL,NULL,1439297538,1439297538),('cms/admin-tree-menu',2,'Администрирование | Управление позициями меню',NULL,NULL,1439297538,1439297538),('cms/admin-universal-component-settings',2,'Администрирование | Управление настройками компонента',NULL,NULL,1445806012,1445806012),('cms/admin-user',2,'Администрирование | Управление пользователями',NULL,NULL,1439297538,1439297538),('cms/admin-user-email',2,'Администрирование | Управление email адресами',NULL,NULL,1439297538,1439297538),('cms/admin-user-phone',2,'Администрирование | Управление телефонами',NULL,NULL,1439297538,1439297538),('cmsAgent/admin-cms-agent',2,'Администрирование | Агенты',NULL,NULL,1461231740,1461231740),('cmsMarketplace/admin-marketplace',2,'Администрирование | Маркетплейс',NULL,NULL,1461231736,1461231736),('cmsSearch/admin-search-phrase',2,'Administration | Jump list',NULL,NULL,1499354754,1499354754),('cmsSearch/admin-search-phrase-group',2,'Administration | Jump list',NULL,NULL,1499354773,1499354773),('dbDumper/admin-backup',2,'Администрирование | Бэкапы',NULL,NULL,1461231794,1461231794),('dbDumper/admin-settings',2,'Администрирование | Настройки',NULL,NULL,1496596773,1496596773),('dbDumper/admin-structure',2,'Администрирование | Структура базы данных',NULL,NULL,1461231792,1461231792),('editor',1,'Redactor (access to administrate)',NULL,NULL,1439037301,1498104278),('form2/admin-form',2,'Администрирование | Управление формами',NULL,NULL,1439297538,1439297538),('form2/admin-form-property',2,'Администрирование | Управление свойствами',NULL,NULL,1445805998,1445805998),('form2/admin-form-send',2,'Администрирование | Сообщения с форм',NULL,NULL,1439297538,1439297538),('guest',1,'Guest',NULL,NULL,1439037301,1498104290),('logDbTarget/admin-log-db-target',2,'Администрирование | Управление логами',NULL,NULL,1461231759,1461231759),('mailer/admin-test',2,'Администрирование | Тестирование отправки сообщений электронной почты с сайта',NULL,NULL,1461231752,1461231752),('manager',1,'Manager (access to administrate)',NULL,NULL,1439037301,1498104310),('rbac/admin-permission',2,'Администрирование | Управление привилегиями',NULL,NULL,1464441890,1464441890),('rbac/admin-role',2,'Администрирование | Управление ролями',NULL,NULL,1498100529,1498100529),('reviews2.add.review',2,'Добавление отзывов',NULL,NULL,1441207879,1441207879),('reviews2/admin-message',2,'Администрирование | Управление отзывами',NULL,NULL,1439297538,1439297538),('root',1,'Super admin',NULL,NULL,1439037301,1498104314),('sshConsole/admin-ssh',2,'Администрирование | Ssh console',NULL,NULL,1461231788,1461231788),('user',1,'Registered user',NULL,NULL,1439037301,1498104285);
COMMIT;

--
-- Table structure for table `auth_item_child`
--

CREATE TABLE `auth_item_child` (
  `parent` varchar(64) COLLATE utf8_unicode_ci NOT NULL,
  `child` varchar(64) COLLATE utf8_unicode_ci NOT NULL,
  PRIMARY KEY (`parent`,`child`),
  KEY `child` (`child`),
  CONSTRAINT `auth_item_child_ibfk_1` FOREIGN KEY (`parent`) REFERENCES `auth_item` (`name`) ON DELETE CASCADE ON UPDATE CASCADE,
  CONSTRAINT `auth_item_child_ibfk_2` FOREIGN KEY (`child`) REFERENCES `auth_item` (`name`) ON DELETE CASCADE ON UPDATE CASCADE
) ENGINE=InnoDB DEFAULT CHARSET=utf8 COLLATE=utf8_unicode_ci;

--
-- Dumping data for table `auth_item_child`
--

SET autocommit=0;
INSERT INTO `auth_item_child` VALUES ('root',''),('root','admin'),('root','admin/admin-permission'),('root','admin/admin-role'),('root','admin/checker'),('root','admin/clear'),('root','admin/db'),('root','admin/email'),('root','admin/gii'),('root','admin/index'),('root','admin/info'),('root','admin/ssh'),('root','approved'),('admin','cms.admin-access'),('editor','cms.admin-access'),('manager','cms.admin-access'),('root','cms.admin-access'),('root','cms.admin-dashboards-edit'),('admin','cms.controll-panel-access'),('editor','cms.controll-panel-access'),('manager','cms.controll-panel-access'),('root','cms.controll-panel-access'),('root','cms.edit-view-files'),('admin','cms.elfinder-additional-files'),('root','cms.elfinder-additional-files'),('admin','cms.elfinder-common-public-files'),('editor','cms.elfinder-common-public-files'),('manager','cms.elfinder-common-public-files'),('root','cms.elfinder-common-public-files'),('admin','cms.elfinder-user-files'),('editor','cms.elfinder-user-files'),('manager','cms.elfinder-user-files'),('root','cms.elfinder-user-files'),('admin','cms.model-create'),('editor','cms.model-create'),('manager','cms.model-create'),('root','cms.model-create'),('admin','cms.model-delete'),('cms.model-delete-own','cms.model-delete'),('manager','cms.model-delete'),('root','cms.model-delete'),('editor','cms.model-delete-own'),('root','cms.model-delete-own'),('admin','cms.model-update'),('cms.model-update-own','cms.model-update'),('manager','cms.model-update'),('root','cms.model-update'),('admin','cms.model-update-advanced'),('cms.model-update-advanced-own','cms.model-update-advanced'),('root','cms.model-update-advanced'),('root','cms.model-update-advanced-own'),('editor','cms.model-update-own'),('root','cms.model-update-own'),('root','cms.user-full-edit'),('root','cms/admin-cms-agent'),('root','cms/admin-cms-content'),('root','cms/admin-cms-content-element'),('root','cms/admin-cms-content-element__1'),('root','cms/admin-cms-content-element__2'),('root','cms/admin-cms-content-element__3'),('admin','cms/admin-cms-content-element__4'),('editor','cms/admin-cms-content-element__4'),('manager','cms/admin-cms-content-element__4'),('root','cms/admin-cms-content-element__4'),('admin','cms/admin-cms-content-element__5'),('editor','cms/admin-cms-content-element__5'),('manager','cms/admin-cms-content-element__5'),('root','cms/admin-cms-content-element__5'),('root','cms/admin-cms-content-element__6'),('admin','cms/admin-cms-content-element__7'),('root','cms/admin-cms-content-element__7'),('root','cms/admin-cms-content-property'),('root','cms/admin-cms-content-property-enum'),('root','cms/admin-cms-content-type'),('root','cms/admin-cms-lang'),('root','cms/admin-cms-site'),('root','cms/admin-cms-site-domain'),('root','cms/admin-cms-tree-type'),('root','cms/admin-cms-tree-type-property'),('root','cms/admin-cms-tree-type-property-enum'),('root','cms/admin-cms-user-universal-property'),('root','cms/admin-component-settings'),('root','cms/admin-file-manager'),('root','cms/admin-marketplace'),('root','cms/admin-settings'),('root','cms/admin-storage'),('root','cms/admin-storage-files'),('root','cms/admin-tree'),('root','cms/admin-tree-menu'),('root','cms/admin-universal-component-settings'),('root','cms/admin-user'),('root','cms/admin-user-email'),('root','cms/admin-user-phone'),('root','cmsAgent/admin-cms-agent'),('root','cmsMarketplace/admin-marketplace'),('root','cmsSearch/admin-search-phrase'),('root','cmsSearch/admin-search-phrase-group'),('root','dbDumper/admin-backup'),('root','dbDumper/admin-settings'),('root','dbDumper/admin-structure'),('root','editor'),('root','form2/admin-form'),('root','form2/admin-form-property'),('root','form2/admin-form-send'),('root','guest'),('root','logDbTarget/admin-log-db-target'),('root','mailer/admin-test'),('root','manager'),('root','rbac/admin-permission'),('root','rbac/admin-role'),('root','reviews2.add.review'),('root','reviews2/admin-message'),('root','sshConsole/admin-ssh'),('root','user');
COMMIT;

--
-- Table structure for table `auth_rule`
--

CREATE TABLE `auth_rule` (
  `name` varchar(64) COLLATE utf8_unicode_ci NOT NULL,
  `data` text COLLATE utf8_unicode_ci,
  `created_at` int(11) DEFAULT NULL,
  `updated_at` int(11) DEFAULT NULL,
  PRIMARY KEY (`name`)
) ENGINE=InnoDB DEFAULT CHARSET=utf8 COLLATE=utf8_unicode_ci;

--
-- Dumping data for table `auth_rule`
--

SET autocommit=0;
INSERT INTO `auth_rule` VALUES ('isAuthor','O:26:\"skeeks\\cms\\rbac\\AuthorRule\":3:{s:4:\"name\";s:8:\"isAuthor\";s:9:\"createdAt\";i:1439037301;s:9:\"updatedAt\";i:1439037301;}',1439037301,1439037301);
COMMIT;

--
-- Table structure for table `cms_admin_filter`
--

CREATE TABLE `cms_admin_filter` (
  `id` int(11) NOT NULL AUTO_INCREMENT,
  `created_by` int(11) DEFAULT NULL,
  `updated_by` int(11) DEFAULT NULL,
  `created_at` int(11) DEFAULT NULL,
  `updated_at` int(11) DEFAULT NULL,
  `cms_user_id` int(11) DEFAULT NULL,
  `is_default` int(11) DEFAULT NULL,
  `name` varchar(64) DEFAULT NULL,
  `namespace` varchar(255) NOT NULL,
  `values` text COMMENT 'Values filters',
  `visibles` text COMMENT 'Visible fields',
  PRIMARY KEY (`id`),
  KEY `updated_by` (`updated_by`),
  KEY `created_by` (`created_by`),
  KEY `created_at` (`created_at`),
  KEY `updated_at` (`updated_at`),
  KEY `cms_user_id` (`cms_user_id`),
  KEY `unique_default` (`cms_user_id`,`is_default`,`namespace`),
  CONSTRAINT `cms_admin_filter__cms_user_id` FOREIGN KEY (`cms_user_id`) REFERENCES `cms_user` (`id`) ON DELETE CASCADE ON UPDATE CASCADE,
  CONSTRAINT `cms_admin_filter__created_by` FOREIGN KEY (`created_by`) REFERENCES `cms_user` (`id`) ON DELETE SET NULL ON UPDATE SET NULL,
  CONSTRAINT `cms_admin_filter__updated_by` FOREIGN KEY (`updated_by`) REFERENCES `cms_user` (`id`) ON DELETE SET NULL ON UPDATE SET NULL
) ENGINE=InnoDB AUTO_INCREMENT=39 DEFAULT CHARSET=utf8 COMMENT='Filters in the administrative part';

--
-- Dumping data for table `cms_admin_filter`
--

SET autocommit=0;
INSERT INTO `cms_admin_filter` VALUES (1,1,1,1464441791,1464441914,1,1,NULL,'cms/admin-cms-content-element_1','','cmscontentelementsearch-q'),(2,1,1,1464441796,1464441796,1,1,NULL,'cms/admin-cms-content-element_2','',''),(3,1,1,1464441798,1464441798,1,1,NULL,'cms/admin-cms-content-element_3','',''),(4,1,1,1464441890,1464441890,1,1,NULL,'cms/admin-user','',''),(5,1,1,1472198893,1472198893,1,1,NULL,'cms/admin-cms-site','',''),(6,1,1,1472198896,1472198896,1,1,NULL,'cms/admin-cms-lang','',''),(7,1,1,1496547613,1496547613,1,1,NULL,'cms/admin-cms-content-type','',''),(8,1,1,1496582598,1496582598,1,1,NULL,'cms/admin-cms-tree-type','',''),(9,1,1,1496599712,1496599712,1,1,NULL,'form2/admin-form','',''),(10,1,1,1496600216,1496600216,1,1,NULL,'logDbTarget/admin-log-db-target','',''),(11,1,1,1496600718,1496600718,1,1,NULL,'cms/admin-cms-content-element_5','',''),(12,1,1,1496600722,1496600722,1,1,NULL,'cms/admin-cms-content-element_4','',''),(13,1,1,1496708750,1496708750,1,1,NULL,'reviews2/admin-message','',''),(14,1,1,1496742923,1496742923,1,1,NULL,'cmsAgent/admin-cms-agent','',''),(15,1,1,1496767293,1496767293,1,1,NULL,'form2/admin-form-send','',''),(16,1,1,1498100527,1498100527,1,1,NULL,'rbac/admin-permission','',''),(17,1,1,1498100529,1498100529,1,1,NULL,'rbac/admin-role','',''),(18,3,3,1498124334,1498124334,3,1,NULL,'cms/admin-user','',''),(19,3,3,1498124370,1498124370,3,1,NULL,'cms/admin-user-email','',''),(20,3,3,1498124385,1498124385,3,1,NULL,'cms/admin-cms-lang','',''),(21,3,3,1498125382,1498125382,3,1,NULL,'cms/admin-cms-content-element_4','',''),(22,3,3,1498125561,1498125561,3,1,NULL,'cms/admin-cms-content-element_5','',''),(23,1,1,1498227643,1498227643,1,1,NULL,'cms/admin-storage-files','',''),(24,1,1,1498228573,1498228573,1,1,NULL,'cms/admin-user-phone','',''),(25,1,1,1498228577,1498228577,1,1,NULL,'cms/admin-user-email','',''),(26,1,1,1498369540,1498369540,1,1,NULL,'cms/admin-cms-content-element_6','',''),(27,3,3,1498498410,1498498410,3,1,NULL,'cms/admin-cms-content-element_2','',''),(28,3,3,1498498724,1498498724,3,1,NULL,'cms/admin-cms-content-element_6','',''),(29,4,4,1499354636,1499354636,4,1,NULL,'cms/admin-cms-content-element_4','',''),(30,4,4,1499354719,1499354719,4,1,NULL,'cms/admin-cms-content-element_5','',''),(31,2,2,1499413108,1499413108,2,1,NULL,'cms/admin-cms-content-element_4','',''),(32,2,2,1499415903,1499415903,2,1,NULL,'cms/admin-cms-content-type','',''),(33,2,2,1499419576,1499419576,2,1,NULL,'cms/admin-cms-content-element_6','',''),(34,2,2,1499673462,1499673462,2,1,NULL,'cms/admin-cms-content-element_5','',''),(35,1,1,1500001730,1500001730,1,1,NULL,'cms/admin-cms-content-element_7','',''),(36,3,3,1500033025,1500033025,3,1,NULL,'cms/admin-cms-content-element_7','',''),(37,3,3,1500035369,1500035369,3,1,NULL,'cms/admin-cms-content-type','',''),(38,2,2,1500200775,1500200775,2,1,NULL,'cms/admin-cms-content-element_2','','');
COMMIT;

--
-- Table structure for table `cms_agent`
--

CREATE TABLE `cms_agent` (
  `id` int(11) NOT NULL AUTO_INCREMENT,
  `last_exec_at` int(11) DEFAULT NULL,
  `next_exec_at` int(11) NOT NULL,
  `name` text NOT NULL,
  `description` text,
  `agent_interval` int(11) NOT NULL DEFAULT '86400',
  `priority` int(11) NOT NULL DEFAULT '100',
  `active` char(1) NOT NULL DEFAULT 'Y',
  `is_period` char(1) NOT NULL DEFAULT 'Y',
  `is_running` char(1) NOT NULL DEFAULT 'N',
  PRIMARY KEY (`id`),
  KEY `last_exec_at` (`last_exec_at`),
  KEY `next_exec_at` (`next_exec_at`),
  KEY `agent_interval` (`agent_interval`),
  KEY `priority` (`priority`),
  KEY `active` (`active`),
  KEY `is_period` (`is_period`),
  KEY `is_running` (`is_running`)
) ENGINE=InnoDB AUTO_INCREMENT=21 DEFAULT CHARSET=utf8 COMMENT='Агенты';

--
-- Dumping data for table `cms_agent`
--

SET autocommit=0;
INSERT INTO `cms_agent` VALUES (17,1500427922,1500438722,'logDbTarget/agents/clear-logs','Clearing mysql logs',10800,100,'Y','Y','N'),(18,1500427923,1500514323,'cms/cache/flush-all','Clearing cache',86400,100,'Y','N','N'),(19,1500427923,1500514323,'cmsSearch/clear/phrase','Clearing searching queries',86400,100,'Y','N','N'),(20,1500427924,1500514324,'dbDumper/mysql/dump','Database backup',86400,100,'Y','N','N');
COMMIT;

--
-- Table structure for table `cms_component_settings`
--

CREATE TABLE `cms_component_settings` (
  `id` int(11) NOT NULL AUTO_INCREMENT,
  `created_by` int(11) DEFAULT NULL,
  `updated_by` int(11) DEFAULT NULL,
  `created_at` int(11) DEFAULT NULL,
  `updated_at` int(11) DEFAULT NULL,
  `component` varchar(255) DEFAULT NULL,
  `value` longtext,
  `site_code` char(15) DEFAULT NULL,
  `user_id` int(11) DEFAULT NULL,
  `lang_code` char(5) DEFAULT NULL,
  `namespace` varchar(50) DEFAULT NULL,
  PRIMARY KEY (`id`),
  KEY `updated_by` (`updated_by`),
  KEY `created_by` (`created_by`),
  KEY `created_at` (`created_at`),
  KEY `updated_at` (`updated_at`),
  KEY `component` (`component`),
  KEY `site_code` (`site_code`),
  KEY `user_id` (`user_id`),
  KEY `lang_code` (`lang_code`),
  KEY `namespace` (`namespace`),
  CONSTRAINT `cms_component_settings_lang_code` FOREIGN KEY (`lang_code`) REFERENCES `cms_lang` (`code`) ON DELETE CASCADE ON UPDATE CASCADE,
  CONSTRAINT `cms_component_settings_site_code` FOREIGN KEY (`site_code`) REFERENCES `cms_site` (`code`) ON DELETE CASCADE ON UPDATE CASCADE,
  CONSTRAINT `cms_component_settings_user_id` FOREIGN KEY (`user_id`) REFERENCES `cms_user` (`id`) ON DELETE CASCADE ON UPDATE CASCADE,
  CONSTRAINT `cms_settings_created_by` FOREIGN KEY (`created_by`) REFERENCES `cms_user` (`id`) ON DELETE SET NULL ON UPDATE SET NULL,
  CONSTRAINT `cms_settings_updated_by` FOREIGN KEY (`updated_by`) REFERENCES `cms_user` (`id`) ON DELETE SET NULL ON UPDATE SET NULL
) ENGINE=InnoDB AUTO_INCREMENT=39 DEFAULT CHARSET=utf8;

--
-- Dumping data for table `cms_component_settings`
--

SET autocommit=0;
INSERT INTO `cms_component_settings` VALUES (1,1,1,1439039222,1439039222,'skeeks\\cms\\cmsWidgets\\treeMenu\\TreeMenuCmsWidget','{\"treePid\":\"4\",\"active\":\"Y\",\"level\":\"\",\"label\":\"\",\"site_codes\":[],\"orderBy\":\"priority\",\"order\":\"3\",\"enabledCurrentSite\":\"Y\",\"enabledRunCache\":\"N\",\"runCacheDuration\":\"0\",\"activeQuery\":null,\"text\":\"\",\"viewFile\":\"@template/widgets/TreeMenuCmsWidget/sub-catalog\",\"defaultAttributes\":{\"treePid\":null,\"active\":\"Y\",\"level\":null,\"label\":null,\"site_codes\":[],\"orderBy\":\"priority\",\"order\":3,\"enabledCurrentSite\":\"Y\",\"enabledRunCache\":\"Y\",\"runCacheDuration\":0,\"activeQuery\":null,\"text\":\"\",\"viewFile\":\"default\",\"defaultAttributes\":[],\"namespace\":\"TreeMenuCmsWidget-sub-catalog-main\"},\"namespace\":\"TreeMenuCmsWidget-sub-catalog-main\"}',NULL,NULL,NULL,'TreeMenuCmsWidget-sub-catalog-main'),(4,1,1,1443696591,1443697282,'skeeks\\cms\\cmsWidgets\\contentElements\\ContentElementsCmsWidget','{\"enabledPaging\":\"Y\",\"enabledPjaxPagination\":\"Y\",\"pageSize\":\"10\",\"pageSizeLimitMin\":\"1\",\"pageSizeLimitMax\":\"50\",\"pageParamName\":\"page\",\"orderBy\":\"published_at\",\"order\":\"3\",\"label\":\"\",\"enabledSearchParams\":\"N\",\"enabledCurrentTree\":\"N\",\"enabledCurrentTreeChild\":\"N\",\"enabledCurrentTreeChildAll\":\"N\",\"tree_ids\":\"\",\"limit\":\"0\",\"active\":\"Y\",\"createdBy\":[],\"content_ids\":[\"2\"],\"enabledActiveTime\":\"Y\",\"activeQueryCallback\":null,\"dataProviderCallback\":null,\"dataProvider\":null,\"search\":null,\"viewFile\":\"@app/views/widgets/ContentElementsCmsWidget/slides\",\"defaultAttributes\":{\"enabledPaging\":\"Y\",\"enabledPjaxPagination\":\"Y\",\"pageSize\":10,\"pageSizeLimitMin\":1,\"pageSizeLimitMax\":50,\"pageParamName\":\"page\",\"orderBy\":\"published_at\",\"order\":3,\"label\":null,\"enabledSearchParams\":\"Y\",\"enabledCurrentTree\":\"Y\",\"enabledCurrentTreeChild\":\"Y\",\"enabledCurrentTreeChildAll\":\"Y\",\"tree_ids\":[],\"limit\":0,\"active\":\"\",\"createdBy\":[],\"content_ids\":[],\"enabledActiveTime\":\"Y\",\"activeQueryCallback\":null,\"dataProviderCallback\":null,\"dataProvider\":null,\"search\":null,\"viewFile\":\"default\",\"defaultAttributes\":[],\"namespace\":\"ContentElementsCmsWidget-slides\"},\"namespace\":\"ContentElementsCmsWidget-slides\"}',NULL,NULL,NULL,'ContentElementsCmsWidget-slides'),(5,1,1,1443698727,1455882445,'skeeks\\cms\\modules\\admin\\widgets\\gridView\\GridViewSettings','{\"enabledPjaxPagination\":\"Y\",\"pageSize\":\"10\",\"pageParamName\":\"page\",\"visibleColumns\":[\"5aa37184\",\"1cce4459\",\"6738afae\",\"e04112b1\",\"6f4cf3ff\",\"9d505500\",\"ab768f41\",\"c68056fd\",\"4369038e\",\"c79b45e9\",\"b77921d4\",\"7276e0e4\",\"4663e865\",\"2564e302\"],\"grid\":null,\"orderBy\":\"priority\",\"order\":\"4\",\"defaultAttributes\":{\"enabledPjaxPagination\":\"Y\",\"pageSize\":10,\"pageParamName\":\"page\",\"visibleColumns\":[],\"grid\":null,\"orderBy\":\"id\",\"order\":3,\"defaultAttributes\":[],\"namespace\":\"cms/admin-cms-content-element/index2\"},\"namespace\":\"cms/admin-cms-content-element/index2\"}',NULL,NULL,NULL,'cms/admin-cms-content-element/index2'),(6,1,1,1443699012,1445808988,'skeeks\\cms\\cmsWidgets\\contentElements\\ContentElementsCmsWidget','{\"enabledPaging\":\"Y\",\"enabledPjaxPagination\":\"Y\",\"pageSize\":\"10\",\"pageSizeLimitMin\":\"1\",\"pageSizeLimitMax\":\"50\",\"pageParamName\":\"page\",\"orderBy\":\"published_at\",\"order\":\"3\",\"label\":\"Услуги\",\"enabledSearchParams\":\"Y\",\"enabledCurrentTree\":\"N\",\"enabledCurrentTreeChild\":\"Y\",\"enabledCurrentTreeChildAll\":\"Y\",\"tree_ids\":\"\",\"limit\":\"4\",\"active\":\"\",\"createdBy\":[],\"content_ids\":[\"3\"],\"enabledActiveTime\":\"Y\",\"activeQueryCallback\":null,\"dataProviderCallback\":null,\"dataProvider\":null,\"search\":null,\"viewFile\":\"@template/widgets/ContentElementsCmsWidget/articles-footer\",\"defaultAttributes\":{\"enabledPaging\":\"Y\",\"enabledPjaxPagination\":\"Y\",\"pageSize\":10,\"pageSizeLimitMin\":1,\"pageSizeLimitMax\":50,\"pageParamName\":\"page\",\"orderBy\":\"published_at\",\"order\":3,\"label\":null,\"enabledSearchParams\":\"Y\",\"enabledCurrentTree\":\"Y\",\"enabledCurrentTreeChild\":\"Y\",\"enabledCurrentTreeChildAll\":\"Y\",\"tree_ids\":[],\"limit\":0,\"active\":\"\",\"createdBy\":[],\"content_ids\":[],\"enabledActiveTime\":\"Y\",\"activeQueryCallback\":null,\"dataProviderCallback\":null,\"dataProvider\":null,\"search\":null,\"viewFile\":\"default\",\"defaultAttributes\":[],\"namespace\":\"ContentElementsCmsWidget-footer\"},\"namespace\":\"ContentElementsCmsWidget-footer\"}',NULL,NULL,NULL,'ContentElementsCmsWidget-footer'),(7,1,1,1445809130,1445809161,'skeeks\\cms\\cmsWidgets\\contentElements\\ContentElementsCmsWidget','{\"enabledPaging\":\"N\",\"enabledPjaxPagination\":\"N\",\"pageSize\":\"10\",\"pageSizeLimitMin\":\"1\",\"pageSizeLimitMax\":\"50\",\"pageParamName\":\"page\",\"orderBy\":\"published_at\",\"order\":\"3\",\"label\":\"Услуги\",\"enabledSearchParams\":\"N\",\"enabledCurrentTree\":\"N\",\"enabledCurrentTreeChild\":\"N\",\"enabledCurrentTreeChildAll\":\"N\",\"tree_ids\":\"\",\"limit\":\"4\",\"active\":\"Y\",\"createdBy\":[],\"content_ids\":[\"3\"],\"enabledActiveTime\":\"Y\",\"activeQueryCallback\":null,\"dataProviderCallback\":null,\"dataProvider\":null,\"search\":null,\"viewFile\":\"@app/views/widgets/ContentElementsCmsWidget/publications\",\"defaultAttributes\":{\"enabledPaging\":\"Y\",\"enabledPjaxPagination\":\"Y\",\"pageSize\":10,\"pageSizeLimitMin\":1,\"pageSizeLimitMax\":50,\"pageParamName\":\"page\",\"orderBy\":\"published_at\",\"order\":3,\"label\":null,\"enabledSearchParams\":\"Y\",\"enabledCurrentTree\":\"Y\",\"enabledCurrentTreeChild\":\"Y\",\"enabledCurrentTreeChildAll\":\"Y\",\"tree_ids\":[],\"limit\":0,\"active\":\"\",\"createdBy\":[],\"content_ids\":[],\"enabledActiveTime\":\"Y\",\"activeQueryCallback\":null,\"dataProviderCallback\":null,\"dataProvider\":null,\"search\":null,\"viewFile\":\"default\",\"defaultAttributes\":[],\"namespace\":\"ContentElementsCmsWidget-home\"},\"namespace\":\"ContentElementsCmsWidget-home\"}',NULL,NULL,NULL,'ContentElementsCmsWidget-home'),(10,1,1,1446145239,1498103908,'skeeks\\cms\\modules\\admin\\components\\settings\\AdminSettings','{\"languageCode\":\"en\"}',NULL,1,NULL,NULL),(11,1,1,1446246127,1500436226,'skeeks\\cms\\components\\Cms','{\"adminEmail\":\"chichalov.sv@gmail.com\",\"appName\":\"DoorCrew\",\"noImageUrl\":\"/images/deactivated_100.jpg\",\"registerRoles\":[\"user\"],\"languageCode\":\"en\",\"passwordResetTokenExpire\":\"3600\",\"tree_max_code_length\":\"64\",\"element_max_code_length\":\"128\",\"tmpFolderScheme\":{\"runtime\":[\"@frontend/runtime\",\"@console/runtime\"],\"assets\":[\"@frontend/web/assets\"]},\"defaultAttributes\":{\"adminEmail\":\"admin@skeeks.com\",\"appName\":null,\"noImageUrl\":null,\"registerRoles\":[\"user\"],\"languageCode\":\"\",\"passwordResetTokenExpire\":3600,\"tree_max_code_length\":64,\"element_max_code_length\":128,\"tmpFolderScheme\":{\"runtime\":[\"@frontend/runtime\",\"@console/runtime\"],\"assets\":[\"@frontend/web/assets\"]},\"defaultAttributes\":[],\"namespace\":null},\"namespace\":null}',NULL,NULL,NULL,NULL),(12,1,1,1446291154,1500437210,'skeeks\\cms\\components\\CmsToolbar','{\"mode\":\"no-edit\",\"isOpen\":\"Y\",\"editWidgets\":\"Y\",\"editViewFiles\":\"N\"}',NULL,1,NULL,NULL),(13,1,1,1455882391,1455882420,'skeeks\\cms\\cmsWidgets\\contentElements\\ContentElementsCmsWidget','{\"enabledPaging\":\"Y\",\"enabledPjaxPagination\":\"Y\",\"pageSize\":\"10\",\"pageSizeLimitMin\":\"1\",\"pageSizeLimitMax\":\"50\",\"pageParamName\":\"page\",\"orderBy\":\"priority\",\"order\":\"4\",\"label\":\"\",\"enabledSearchParams\":\"N\",\"enabledCurrentTree\":\"N\",\"enabledCurrentTreeChild\":\"N\",\"enabledCurrentTreeChildAll\":\"N\",\"tree_ids\":\"\",\"limit\":\"0\",\"active\":\"Y\",\"createdBy\":[],\"content_ids\":[\"2\"],\"enabledActiveTime\":\"Y\",\"enabledRunCache\":\"N\",\"runCacheDuration\":\"0\",\"activeQueryCallback\":null,\"dataProviderCallback\":null,\"with\":[\"image\",\"cmsTree\"],\"dataProvider\":null,\"search\":null,\"viewFile\":\"@app/views/widgets/ContentElementsCmsWidget/slides\",\"defaultAttributes\":{\"enabledPaging\":\"Y\",\"enabledPjaxPagination\":\"Y\",\"pageSize\":10,\"pageSizeLimitMin\":1,\"pageSizeLimitMax\":50,\"pageParamName\":\"page\",\"orderBy\":\"published_at\",\"order\":3,\"label\":null,\"enabledSearchParams\":\"Y\",\"enabledCurrentTree\":\"Y\",\"enabledCurrentTreeChild\":\"Y\",\"enabledCurrentTreeChildAll\":\"Y\",\"tree_ids\":[],\"limit\":0,\"active\":\"\",\"createdBy\":[],\"content_ids\":[],\"enabledActiveTime\":\"Y\",\"enabledRunCache\":\"N\",\"runCacheDuration\":0,\"activeQueryCallback\":null,\"dataProviderCallback\":null,\"with\":[\"image\",\"cmsTree\"],\"dataProvider\":null,\"search\":null,\"viewFile\":\"default\",\"defaultAttributes\":[],\"namespace\":\"ContentElementsCmsWidget-home-slides\"},\"namespace\":\"ContentElementsCmsWidget-home-slides\"}',NULL,NULL,NULL,'ContentElementsCmsWidget-home-slides'),(15,1,1,1496593220,1499350254,'skeeks\\cms\\cmsWidgets\\contentElements\\ContentElementsCmsWidget','{\"contentElementClass\":\"\\\\skeeks\\\\cms\\\\models\\\\CmsContentElement\",\"enabledPaging\":\"N\",\"enabledPjaxPagination\":\"N\",\"pageSize\":\"10\",\"pageSizeLimitMin\":\"1\",\"pageSizeLimitMax\":\"50\",\"pageParamName\":\"page\",\"orderBy\":\"published_at\",\"order\":\"3\",\"label\":\"\",\"enabledSearchParams\":\"N\",\"enabledCurrentTree\":\"N\",\"enabledCurrentTreeChild\":\"N\",\"enabledCurrentTreeChildAll\":\"N\",\"tree_ids\":\"\",\"limit\":\"0\",\"active\":\"Y\",\"createdBy\":\"\",\"content_ids\":[\"2\"],\"enabledActiveTime\":\"N\",\"enabledRunCache\":\"Y\",\"runCacheDuration\":\"0\",\"activeQueryCallback\":null,\"dataProviderCallback\":null,\"data\":[],\"with\":[\"image\",\"cmsTree\"],\"options\":[],\"dataProvider\":{\"query\":{\"sql\":null,\"on\":null,\"joinWith\":null,\"select\":null,\"selectOption\":null,\"distinct\":null,\"from\":null,\"groupBy\":[\"`cms_content_element`.id\"],\"join\":null,\"having\":null,\"union\":null,\"params\":[],\"where\":[\"and\",{\"`cms_content_element`.active\":\"Y\"},{\"`cms_content_element`.content_id\":[\"2\"]}],\"limit\":null,\"offset\":null,\"orderBy\":null,\"indexBy\":null,\"emulateExecution\":false,\"modelClass\":\"skeeks\\\\cms\\\\models\\\\CmsContentElement\",\"with\":[\"image\",\"cmsTree\"],\"asArray\":null,\"multiple\":null,\"primaryModel\":null,\"link\":null,\"via\":null,\"inverseOf\":null},\"key\":null,\"db\":null,\"id\":null},\"search\":{\"modelClassName\":\"skeeks\\\\cms\\\\models\\\\CmsContentElement\"},\"viewFile\":\"@app/views/widgets/ContentElementsCmsWidget/slides\",\"defaultAttributes\":{\"contentElementClass\":\"\\\\skeeks\\\\cms\\\\models\\\\CmsContentElement\",\"enabledPaging\":\"Y\",\"enabledPjaxPagination\":\"Y\",\"pageSize\":10,\"pageSizeLimitMin\":1,\"pageSizeLimitMax\":50,\"pageParamName\":\"page\",\"orderBy\":\"published_at\",\"order\":3,\"label\":null,\"enabledSearchParams\":\"Y\",\"enabledCurrentTree\":\"Y\",\"enabledCurrentTreeChild\":\"Y\",\"enabledCurrentTreeChildAll\":\"Y\",\"tree_ids\":[],\"limit\":0,\"active\":\"\",\"createdBy\":[],\"content_ids\":[],\"enabledActiveTime\":\"Y\",\"enabledRunCache\":\"N\",\"runCacheDuration\":0,\"activeQueryCallback\":null,\"dataProviderCallback\":null,\"data\":[],\"with\":[\"image\",\"cmsTree\"],\"options\":[],\"dataProvider\":null,\"search\":null,\"viewFile\":\"default\",\"defaultAttributes\":[],\"namespace\":\"ContentElementsCmsWidget-global-subheader-slides\"},\"namespace\":\"ContentElementsCmsWidget-global-subheader-slides\"}',NULL,NULL,NULL,'ContentElementsCmsWidget-global-subheader-slides'),(16,1,1,1496601729,1496601730,'skeeks\\cms\\modules\\admin\\widgets\\gridView\\GridViewSettings','{\"enabledPjaxPagination\":\"Y\",\"pageSize\":\"10\",\"pageSizeLimitMin\":\"1\",\"pageSizeLimitMax\":\"500\",\"pageParamName\":\"page\",\"visibleColumns\":[\"5aa37184\",\"1cce4459\",\"6738afae\",\"e04112b1\",\"49aed755\",\"9d505500\",\"c79b45e9\",\"b77921d4\",\"4663e865\",\"cc9250ff\",\"955db828\",\"143de9b2\"],\"grid\":null,\"orderBy\":\"id\",\"order\":\"3\",\"defaultAttributes\":{\"enabledPjaxPagination\":\"Y\",\"pageSize\":10,\"pageSizeLimitMin\":1,\"pageSizeLimitMax\":500,\"pageParamName\":\"page\",\"visibleColumns\":[],\"grid\":null,\"orderBy\":\"id\",\"order\":3,\"defaultAttributes\":[],\"namespace\":\"cms/admin-cms-content-element/index5\"},\"namespace\":\"cms/admin-cms-content-element/index5\"}',NULL,NULL,NULL,'cms/admin-cms-content-element/index5'),(17,1,1,1496674419,1499432021,'skeeks\\cms\\cmsWidgets\\contentElements\\ContentElementsCmsWidget','{\"contentElementClass\":\"\\\\skeeks\\\\cms\\\\models\\\\CmsContentElement\",\"enabledPaging\":\"Y\",\"enabledPjaxPagination\":\"Y\",\"pageSize\":\"30\",\"pageSizeLimitMin\":\"1\",\"pageSizeLimitMax\":\"50\",\"pageParamName\":\"page\",\"orderBy\":\"published_at\",\"order\":\"3\",\"label\":\"\",\"enabledSearchParams\":\"N\",\"enabledCurrentTree\":\"N\",\"enabledCurrentTreeChild\":\"N\",\"enabledCurrentTreeChildAll\":\"N\",\"tree_ids\":\"\",\"limit\":\"0\",\"active\":\"Y\",\"createdBy\":\"\",\"content_ids\":[\"5\"],\"enabledActiveTime\":\"Y\",\"enabledRunCache\":\"N\",\"runCacheDuration\":\"0\",\"activeQueryCallback\":null,\"dataProviderCallback\":null,\"data\":[],\"with\":[\"image\",\"cmsTree\"],\"options\":[],\"dataProvider\":{\"query\":{\"sql\":null,\"on\":null,\"joinWith\":null,\"select\":null,\"selectOption\":null,\"distinct\":null,\"from\":null,\"groupBy\":[\"`cms_content_element`.id\"],\"join\":null,\"having\":null,\"union\":null,\"params\":[],\"where\":[\"and\",{\"`cms_content_element`.active\":\"Y\"},{\"`cms_content_element`.content_id\":[\"5\"]},[\"<=\",\"`cms_content_element`.published_at\",\"1499432021\"],[\"or\",[\">=\",\"`cms_content_element`.published_to\",\"1499432021\"],{\"`cms_content_element`.published_to\":null}]],\"limit\":null,\"offset\":null,\"orderBy\":null,\"indexBy\":null,\"emulateExecution\":false,\"modelClass\":\"skeeks\\\\cms\\\\models\\\\CmsContentElement\",\"with\":[\"image\",\"cmsTree\"],\"asArray\":null,\"multiple\":null,\"primaryModel\":null,\"link\":null,\"via\":null,\"inverseOf\":null},\"key\":null,\"db\":null,\"id\":null},\"search\":{\"modelClassName\":\"skeeks\\\\cms\\\\models\\\\CmsContentElement\"},\"viewFile\":\"@app/views/widgets/ContentElementsCmsWidget/reviews\",\"defaultAttributes\":{\"contentElementClass\":\"\\\\skeeks\\\\cms\\\\models\\\\CmsContentElement\",\"enabledPaging\":\"Y\",\"enabledPjaxPagination\":\"Y\",\"pageSize\":10,\"pageSizeLimitMin\":1,\"pageSizeLimitMax\":50,\"pageParamName\":\"page\",\"orderBy\":\"published_at\",\"order\":3,\"label\":null,\"enabledSearchParams\":\"Y\",\"enabledCurrentTree\":\"Y\",\"enabledCurrentTreeChild\":\"Y\",\"enabledCurrentTreeChildAll\":\"Y\",\"tree_ids\":[],\"limit\":0,\"active\":\"\",\"createdBy\":[],\"content_ids\":[],\"enabledActiveTime\":\"Y\",\"enabledRunCache\":\"N\",\"runCacheDuration\":0,\"activeQueryCallback\":null,\"dataProviderCallback\":null,\"data\":[],\"with\":[\"image\",\"cmsTree\"],\"options\":[],\"dataProvider\":null,\"search\":null,\"viewFile\":\"default\",\"defaultAttributes\":[],\"namespace\":\"ContentElementsCmsWidget-reviews\"},\"namespace\":\"ContentElementsCmsWidget-reviews\"}',NULL,NULL,NULL,'ContentElementsCmsWidget-reviews'),(18,1,1,1496677930,1499434538,'skeeks\\cms\\cmsWidgets\\contentElements\\ContentElementsCmsWidget','{\"contentElementClass\":\"\\\\skeeks\\\\cms\\\\models\\\\CmsContentElement\",\"enabledPaging\":\"Y\",\"enabledPjaxPagination\":\"Y\",\"pageSize\":\"10\",\"pageSizeLimitMin\":\"1\",\"pageSizeLimitMax\":\"50\",\"pageParamName\":\"page\",\"orderBy\":\"priority\",\"order\":\"4\",\"label\":\"\",\"enabledSearchParams\":\"Y\",\"enabledCurrentTree\":\"N\",\"enabledCurrentTreeChild\":\"N\",\"enabledCurrentTreeChildAll\":\"N\",\"tree_ids\":\"\",\"limit\":\"0\",\"active\":\"Y\",\"createdBy\":\"\",\"content_ids\":[\"4\"],\"enabledActiveTime\":\"Y\",\"enabledRunCache\":\"N\",\"runCacheDuration\":\"300\",\"activeQueryCallback\":null,\"dataProviderCallback\":null,\"data\":[],\"with\":[\"image\",\"cmsTree\"],\"options\":[],\"dataProvider\":{\"query\":{\"sql\":null,\"on\":null,\"joinWith\":null,\"select\":null,\"selectOption\":null,\"distinct\":null,\"from\":null,\"groupBy\":[\"`cms_content_element`.id\"],\"join\":null,\"having\":null,\"union\":null,\"params\":[],\"where\":[\"and\",{\"`cms_content_element`.active\":\"Y\"},{\"`cms_content_element`.content_id\":[\"4\"]},[\"<=\",\"`cms_content_element`.published_at\",\"1499434538\"],[\"or\",[\">=\",\"`cms_content_element`.published_to\",\"1499434538\"],{\"`cms_content_element`.published_to\":null}]],\"limit\":null,\"offset\":null,\"orderBy\":null,\"indexBy\":null,\"emulateExecution\":false,\"modelClass\":\"skeeks\\\\cms\\\\models\\\\CmsContentElement\",\"with\":[\"image\",\"cmsTree\"],\"asArray\":null,\"multiple\":null,\"primaryModel\":null,\"link\":null,\"via\":null,\"inverseOf\":null},\"key\":null,\"db\":null,\"id\":null},\"search\":{\"modelClassName\":\"skeeks\\\\cms\\\\models\\\\CmsContentElement\"},\"viewFile\":\"@app/views/widgets/ContentElementsCmsWidget/cities-sidebar-list\",\"defaultAttributes\":{\"contentElementClass\":\"\\\\skeeks\\\\cms\\\\models\\\\CmsContentElement\",\"enabledPaging\":\"Y\",\"enabledPjaxPagination\":\"Y\",\"pageSize\":10,\"pageSizeLimitMin\":1,\"pageSizeLimitMax\":50,\"pageParamName\":\"page\",\"orderBy\":\"published_at\",\"order\":3,\"label\":null,\"enabledSearchParams\":\"Y\",\"enabledCurrentTree\":\"Y\",\"enabledCurrentTreeChild\":\"Y\",\"enabledCurrentTreeChildAll\":\"Y\",\"tree_ids\":[],\"limit\":0,\"active\":\"\",\"createdBy\":[],\"content_ids\":[],\"enabledActiveTime\":\"Y\",\"enabledRunCache\":\"N\",\"runCacheDuration\":0,\"activeQueryCallback\":null,\"dataProviderCallback\":null,\"data\":[],\"with\":[\"image\",\"cmsTree\"],\"options\":[],\"dataProvider\":null,\"search\":null,\"viewFile\":\"default\",\"defaultAttributes\":[],\"namespace\":\"ContentElementsCmsWidget-cities-sidebar-list\"},\"namespace\":\"ContentElementsCmsWidget-cities-sidebar-list\"}',NULL,NULL,NULL,'ContentElementsCmsWidget-cities-sidebar-list'),(19,1,1,1496714621,1499350298,'skeeks\\cms\\cmsWidgets\\contentElements\\ContentElementsCmsWidget','{\"contentElementClass\":\"\\\\skeeks\\\\cms\\\\models\\\\CmsContentElement\",\"enabledPaging\":\"N\",\"enabledPjaxPagination\":\"N\",\"pageSize\":\"10\",\"pageSizeLimitMin\":\"1\",\"pageSizeLimitMax\":\"50\",\"pageParamName\":\"page\",\"orderBy\":\"published_at\",\"order\":\"3\",\"label\":\"\",\"enabledSearchParams\":\"N\",\"enabledCurrentTree\":\"N\",\"enabledCurrentTreeChild\":\"N\",\"enabledCurrentTreeChildAll\":\"N\",\"tree_ids\":\"\",\"limit\":\"15\",\"active\":\"Y\",\"createdBy\":\"\",\"content_ids\":[\"5\"],\"enabledActiveTime\":\"Y\",\"enabledRunCache\":\"Y\",\"runCacheDuration\":\"0\",\"activeQueryCallback\":null,\"dataProviderCallback\":null,\"data\":[],\"with\":[\"image\",\"cmsTree\"],\"options\":[],\"dataProvider\":{\"query\":{\"sql\":null,\"on\":null,\"joinWith\":null,\"select\":null,\"selectOption\":null,\"distinct\":null,\"from\":null,\"groupBy\":[\"`cms_content_element`.id\"],\"join\":null,\"having\":null,\"union\":null,\"params\":[],\"where\":[\"and\",{\"`cms_content_element`.active\":\"Y\"},{\"`cms_content_element`.content_id\":[\"5\"]},[\"<=\",\"`cms_content_element`.published_at\",\"1499350298\"],[\"or\",[\">=\",\"`cms_content_element`.published_to\",\"1499350298\"],{\"`cms_content_element`.published_to\":null}]],\"limit\":\"15\",\"offset\":null,\"orderBy\":null,\"indexBy\":null,\"emulateExecution\":false,\"modelClass\":\"skeeks\\\\cms\\\\models\\\\CmsContentElement\",\"with\":[\"image\",\"cmsTree\"],\"asArray\":null,\"multiple\":null,\"primaryModel\":null,\"link\":null,\"via\":null,\"inverseOf\":null},\"key\":null,\"db\":null,\"id\":null},\"search\":{\"modelClassName\":\"skeeks\\\\cms\\\\models\\\\CmsContentElement\"},\"viewFile\":\"@app/views/widgets/ContentElementsCmsWidget/home-last-reviews\",\"defaultAttributes\":{\"contentElementClass\":\"\\\\skeeks\\\\cms\\\\models\\\\CmsContentElement\",\"enabledPaging\":\"Y\",\"enabledPjaxPagination\":\"Y\",\"pageSize\":10,\"pageSizeLimitMin\":1,\"pageSizeLimitMax\":50,\"pageParamName\":\"page\",\"orderBy\":\"published_at\",\"order\":3,\"label\":null,\"enabledSearchParams\":\"Y\",\"enabledCurrentTree\":\"Y\",\"enabledCurrentTreeChild\":\"Y\",\"enabledCurrentTreeChildAll\":\"Y\",\"tree_ids\":[],\"limit\":0,\"active\":\"\",\"createdBy\":[],\"content_ids\":[],\"enabledActiveTime\":\"Y\",\"enabledRunCache\":\"N\",\"runCacheDuration\":0,\"activeQueryCallback\":null,\"dataProviderCallback\":null,\"data\":[],\"with\":[\"image\",\"cmsTree\"],\"options\":[],\"dataProvider\":null,\"search\":null,\"viewFile\":\"default\",\"defaultAttributes\":[],\"namespace\":\"ContentElementsCmsWidget-home-last-reviews\"},\"namespace\":\"ContentElementsCmsWidget-home-last-reviews\"}',NULL,NULL,NULL,'ContentElementsCmsWidget-home-last-reviews'),(20,1,1,1496719365,1496719365,'skeeks\\cms\\cmsWidgets\\contentElements\\ContentElementsCmsWidget','{\"contentElementClass\":\"\\\\skeeks\\\\cms\\\\models\\\\CmsContentElement\",\"enabledPaging\":\"N\",\"enabledPjaxPagination\":\"Y\",\"pageSize\":\"10\",\"pageSizeLimitMin\":\"1\",\"pageSizeLimitMax\":\"50\",\"pageParamName\":\"page\",\"orderBy\":\"published_at\",\"order\":\"3\",\"label\":\"\",\"enabledSearchParams\":\"N\",\"enabledCurrentTree\":\"N\",\"enabledCurrentTreeChild\":\"N\",\"enabledCurrentTreeChildAll\":\"N\",\"tree_ids\":\"\",\"limit\":\"0\",\"active\":\"\",\"createdBy\":\"\",\"content_ids\":[\"4\"],\"enabledActiveTime\":\"Y\",\"enabledRunCache\":\"N\",\"runCacheDuration\":\"0\",\"activeQueryCallback\":null,\"dataProviderCallback\":null,\"data\":[],\"with\":[\"image\",\"cmsTree\"],\"options\":[],\"dataProvider\":{\"query\":{\"sql\":null,\"on\":null,\"joinWith\":null,\"select\":null,\"selectOption\":null,\"distinct\":null,\"from\":null,\"groupBy\":[\"`cms_content_element`.id\"],\"join\":null,\"having\":null,\"union\":null,\"params\":[],\"where\":[\"and\",[\"<=\",\"`cms_content_element`.published_at\",\"1496719365\"],[\"or\",[\">=\",\"`cms_content_element`.published_to\",\"1496719365\"],{\"`cms_content_element`.published_to\":null}]],\"limit\":null,\"offset\":null,\"orderBy\":null,\"indexBy\":null,\"emulateExecution\":false,\"modelClass\":\"skeeks\\\\cms\\\\models\\\\CmsContentElement\",\"with\":[\"image\",\"cmsTree\"],\"asArray\":null,\"multiple\":null,\"primaryModel\":null,\"link\":null,\"via\":null,\"inverseOf\":null},\"key\":null,\"db\":null,\"id\":null},\"search\":{\"modelClassName\":\"skeeks\\\\cms\\\\models\\\\CmsContentElement\"},\"viewFile\":\"@app/views/widgets/ContentElementsCmsWidget/cities-list\",\"defaultAttributes\":{\"contentElementClass\":\"\\\\skeeks\\\\cms\\\\models\\\\CmsContentElement\",\"enabledPaging\":\"Y\",\"enabledPjaxPagination\":\"Y\",\"pageSize\":10,\"pageSizeLimitMin\":1,\"pageSizeLimitMax\":50,\"pageParamName\":\"page\",\"orderBy\":\"published_at\",\"order\":3,\"label\":null,\"enabledSearchParams\":\"Y\",\"enabledCurrentTree\":\"Y\",\"enabledCurrentTreeChild\":\"Y\",\"enabledCurrentTreeChildAll\":\"Y\",\"tree_ids\":[],\"limit\":0,\"active\":\"\",\"createdBy\":[],\"content_ids\":[],\"enabledActiveTime\":\"Y\",\"enabledRunCache\":\"N\",\"runCacheDuration\":0,\"activeQueryCallback\":null,\"dataProviderCallback\":null,\"data\":[],\"with\":[\"image\",\"cmsTree\"],\"options\":[],\"dataProvider\":null,\"search\":null,\"viewFile\":\"default\",\"defaultAttributes\":[],\"namespace\":\"ContentElementsCmsWidget-cities-list-bottom\"},\"namespace\":\"ContentElementsCmsWidget-cities-list-bottom\"}',NULL,NULL,NULL,'ContentElementsCmsWidget-cities-list-bottom'),(21,1,1,1496769923,1496769923,'skeeks\\cms\\modules\\admin\\components\\settings\\AdminSettings','{\"asset\":null,\"dashboards\":[],\"allowedIPs\":[\"*\"],\"pjax\":{\"timeout\":30000},\"enableCustomConfirm\":\"Y\",\"enableCustomPromt\":\"Y\",\"languageCode\":\"en\",\"enabledPjaxPagination\":\"Y\",\"pageSize\":\"10\",\"pageSizeLimitMin\":\"1\",\"pageSizeLimitMax\":\"500\",\"pageParamName\":\"page\",\"ckeditorPreset\":\"extra\",\"ckeditorSkin\":\"moonocolor\",\"ckeditorHeight\":\"400\",\"ckeditorCodeSnippetGeshi\":\"N\",\"ckeditorCodeSnippetTheme\":\"monokai_sublime\",\"blockedTime\":\"900\",\"noImage\":\"/assets/6ff12114/images/no-photo.gif?v=1496584166\",\"defaultAttributes\":{\"asset\":null,\"dashboards\":[],\"allowedIPs\":[\"*\"],\"pjax\":{\"timeout\":30000},\"enableCustomConfirm\":\"Y\",\"enableCustomPromt\":\"Y\",\"languageCode\":\"ru\",\"enabledPjaxPagination\":\"Y\",\"pageSize\":10,\"pageSizeLimitMin\":1,\"pageSizeLimitMax\":500,\"pageParamName\":\"page\",\"ckeditorPreset\":\"extra\",\"ckeditorSkin\":\"moonocolor\",\"ckeditorHeight\":400,\"ckeditorCodeSnippetGeshi\":\"N\",\"ckeditorCodeSnippetTheme\":\"monokai_sublime\",\"blockedTime\":900,\"noImage\":\"\",\"defaultAttributes\":[],\"namespace\":null},\"namespace\":null}',NULL,NULL,NULL,NULL),(22,1,1,1496851303,1496942759,'skeeks\\cms\\cmsWidgets\\text\\TextCmsWidget','{\"text\":\"<p class=\\\"text-center\\\">Please read what our customers are saying about DoReMi Garage door in:</p>\",\"defaultAttributes\":{\"text\":\"\",\"defaultAttributes\":[],\"namespace\":\"reviews-top-summary-subtitle\"},\"namespace\":\"reviews-top-summary-subtitle\"}',NULL,NULL,NULL,'reviews-top-summary-subtitle'),(23,1,1,1496889670,1500436502,'skeeks\\cms\\seo\\CmsSeoComponent','{\"maxKeywordsLength\":\"1000\",\"minKeywordLenth\":\"8\",\"keywordsStopWords\":[],\"enableKeywordsGenerator\":\"0\",\"robotsContent\":\"\",\"countersContent\":\"\",\"keywordsPriority\":{\"title\":8,\"h1\":6,\"h2\":4,\"h3\":3,\"h5\":2,\"h6\":2},\"defaultAttributes\":{\"maxKeywordsLength\":1000,\"minKeywordLenth\":8,\"keywordsStopWords\":[],\"enableKeywordsGenerator\":true,\"robotsContent\":\"User-agent: *\",\"countersContent\":\"\",\"keywordsPriority\":{\"title\":8,\"h1\":6,\"h2\":4,\"h3\":3,\"h5\":2,\"h6\":2},\"defaultAttributes\":[],\"namespace\":null},\"namespace\":null}',NULL,NULL,NULL,NULL),(24,1,1,1498114342,1498114342,'skeeks\\cms\\cmsWidgets\\text\\TextCmsWidget','{\"text\":\"                                        <a href=\\\"tel:1-844-243-0263\\\">\\r\\n                                            1-844-243-0263\\r\\n                                        </a>\\r\\n                                    \",\"defaultAttributes\":{\"text\":\"\",\"defaultAttributes\":[],\"namespace\":\"global-subheader-contacts-phones\"},\"namespace\":\"global-subheader-contacts-phones\"}',NULL,NULL,NULL,'global-subheader-contacts-phones'),(25,1,1,1498114395,1498114395,'skeeks\\cms\\cmsWidgets\\text\\TextCmsWidget','{\"text\":\"                                    <a href=\\\"tel:+18442430263\\\">1-844-243-0263</a>\\r\\n                                \",\"defaultAttributes\":{\"text\":\"\",\"defaultAttributes\":[],\"namespace\":\"global-footer-contacts-phones\"},\"namespace\":\"global-footer-contacts-phones\"}',NULL,NULL,NULL,'global-footer-contacts-phones'),(26,3,3,1498125752,1498501606,'skeeks\\cms\\components\\CmsToolbar','{\"isOpen\":\"N\"}',NULL,3,NULL,NULL),(27,1,1,1498369854,1499350442,'skeeks\\cms\\cmsWidgets\\contentElements\\ContentElementsCmsWidget','{\"contentElementClass\":\"\\\\skeeks\\\\cms\\\\models\\\\CmsContentElement\",\"enabledPaging\":\"Y\",\"enabledPjaxPagination\":\"Y\",\"pageSize\":\"10\",\"pageSizeLimitMin\":\"1\",\"pageSizeLimitMax\":\"50\",\"pageParamName\":\"page\",\"orderBy\":\"published_at\",\"order\":\"3\",\"label\":\"\",\"enabledSearchParams\":\"Y\",\"enabledCurrentTree\":\"N\",\"enabledCurrentTreeChild\":\"N\",\"enabledCurrentTreeChildAll\":\"N\",\"tree_ids\":\"\",\"limit\":\"0\",\"active\":\"Y\",\"createdBy\":\"\",\"content_ids\":[\"6\"],\"enabledActiveTime\":\"Y\",\"enabledRunCache\":\"Y\",\"runCacheDuration\":\"0\",\"activeQueryCallback\":null,\"dataProviderCallback\":null,\"data\":[],\"with\":[\"image\",\"cmsTree\"],\"options\":[],\"dataProvider\":{\"query\":{\"sql\":null,\"on\":null,\"joinWith\":null,\"select\":null,\"selectOption\":null,\"distinct\":null,\"from\":null,\"groupBy\":[\"`cms_content_element`.id\"],\"join\":null,\"having\":null,\"union\":null,\"params\":[],\"where\":[\"and\",{\"`cms_content_element`.active\":\"Y\"},{\"`cms_content_element`.content_id\":[\"6\"]},[\"<=\",\"`cms_content_element`.published_at\",\"1499350442\"],[\"or\",[\">=\",\"`cms_content_element`.published_to\",\"1499350442\"],{\"`cms_content_element`.published_to\":null}]],\"limit\":null,\"offset\":null,\"orderBy\":null,\"indexBy\":null,\"emulateExecution\":false,\"modelClass\":\"skeeks\\\\cms\\\\models\\\\CmsContentElement\",\"with\":[\"image\",\"cmsTree\"],\"asArray\":null,\"multiple\":null,\"primaryModel\":null,\"link\":null,\"via\":null,\"inverseOf\":null},\"key\":null,\"db\":null,\"id\":null},\"search\":{\"modelClassName\":\"skeeks\\\\cms\\\\models\\\\CmsContentElement\"},\"viewFile\":\"@app/views/widgets/ContentElementsCmsWidget/posts\",\"defaultAttributes\":{\"contentElementClass\":\"\\\\skeeks\\\\cms\\\\models\\\\CmsContentElement\",\"enabledPaging\":\"Y\",\"enabledPjaxPagination\":\"Y\",\"pageSize\":10,\"pageSizeLimitMin\":1,\"pageSizeLimitMax\":50,\"pageParamName\":\"page\",\"orderBy\":\"published_at\",\"order\":3,\"label\":null,\"enabledSearchParams\":\"Y\",\"enabledCurrentTree\":\"Y\",\"enabledCurrentTreeChild\":\"Y\",\"enabledCurrentTreeChildAll\":\"Y\",\"tree_ids\":[],\"limit\":0,\"active\":\"\",\"createdBy\":[],\"content_ids\":[],\"enabledActiveTime\":\"Y\",\"enabledRunCache\":\"N\",\"runCacheDuration\":0,\"activeQueryCallback\":null,\"dataProviderCallback\":null,\"data\":[],\"with\":[\"image\",\"cmsTree\"],\"options\":[],\"dataProvider\":null,\"search\":null,\"viewFile\":\"default\",\"defaultAttributes\":[],\"namespace\":\"ContentElementsCmsWidget-blog\"},\"namespace\":\"ContentElementsCmsWidget-blog\"}',NULL,NULL,NULL,'ContentElementsCmsWidget-blog'),(28,1,1,1498566737,1499815444,'skeeks\\cms\\cmsWidgets\\text\\TextCmsWidget','{\"text\":\"<p><img alt=\\\"\\\" class=\\\"responsive img-center height158-disable\\\" src=\\\"/images/home-page-picture-min.png\\\" width=\\\"710\\\" height=\\\"158\\\" /></p>\\r\\n\\r\\n<p>Broken spring? Issues with the door fully opening and closing? Misalignment with the track? Electrical issues? Clickers not working? Not sure what the problem is?&nbsp;</p>\\r\\n\\r\\n<p>Whatever your garage door issue, we can help. That&#39;s right, if you&rsquo;re faced with a garage door problem that needs repair or if your door needs to be replaced, consider us your reliable, professional service provider to handle any issue you&rsquo;re experiencing, whether it&#39;s minor or major. With evening and weekend appointments available and the ability to service most brands, we make it easy to get the repair or replacement that you need at the time that&rsquo;s most convenient for you.</p>\\r\\n\\r\\n<h2 class=\\\"h2\\\">Your All-in-One Garage Door Repair and Replacement Professionals</h2>\\r\\n\\r\\n<p>Here&rsquo;s a closer look at why we&rsquo;re your trusted, reputable garage door service professionals:</p>\\r\\n\\r\\n<ul>\\r\\n\\t<li>We&rsquo;re a local mobile company that offers same day service, including weekend and evening appointments at no additional fee.</li>\\r\\n\\t<li>We offer detailed written estimates regarding repair/replacement costs prior to starting work with no hidden fees or extras when it comes time for payment.</li>\\r\\n\\t<li>We won&rsquo;t just repair the problem or install a new door, we&rsquo;ll also educate homeowners on how to maintain and safely operate the garage door for long-term operational success.</li>\\r\\n\\t<li>We accept all major credit cards.</li>\\r\\n\\t<li>We only charge a service fee of $25 per appointment, which is waived on repairs of $100 or more.</li>\\r\\n</ul>\\r\\n\\r\\n<p><strong>The True Value of a Garage Door</strong></p>\\r\\n\\r\\n<p><img alt=\\\"\\\" class=\\\"responsive responsive-inline float-right\\\" src=\\\"/images/home-page-picture-2-min.png\\\" width=\\\"271\\\" height=\\\"185\\\" /> If you&rsquo;re having garage door problems, repair or replacement is likely a top priority. After all, the convenience of just pushing a button to open and close one of the most common points of entry and exit to the home is something that many homeowners have come to take for granted. But aside from safeguarding your automobiles and valuables inside of the garage, there are several other reasons to ensure that the garage door is in good operating condition. For instance, garage doors are an investment, and those in good working order are estimated to increase home value by as much as 4 percent compared to those that are in poor condition. What&rsquo;s more is that manually opening and closing a damaged door has the potential to cause injury, so there&rsquo;s certainly a safety aspect to this as well.</p>\\r\\n\\r\\n<p><strong>Garage Door Replacement</strong></p>\\r\\n\\r\\n<p><img alt=\\\"\\\" class=\\\"responsive responsive-inline float-left\\\" src=\\\"/images/home-page-picture-3-min.png\\\" width=\\\"271\\\" height=\\\"185\\\" /> While we&rsquo;re capable of diagnosing and repairing any issue imaginable when it comes to garage doors, we also offer new door installations. Our new door offerings include materials ranging from vinyl to steel and styles ranging from custom wood to carriage to best suit the look you want and also complement the other exterior features of your home. Estimates on new doors are free of charge and we&rsquo;re here to help answer questions and offer suggestions every step of the way to pair you with the type of garage door that meets your budget and your requirements.</p>\\r\\n\\r\\n<p>We also specialize in new garage door opener installation, and offer the three major types of openers &ndash; chain-driven, belt-driven and screw-driven.</p>\\r\\n\\r\\n<p><br />\\r\\nDon&rsquo;t let garage door issues linger &ndash; contact us to have the problem solved in a convenient and efficient manner. Contact us today for more information on our services or to schedule an appointment.</p>\\r\\n\",\"defaultAttributes\":{\"text\":\"\",\"defaultAttributes\":[],\"namespace\":\"home-about-company-block\"},\"namespace\":\"home-about-company-block\"}',NULL,NULL,NULL,'home-about-company-block'),(29,1,1,1498608884,1499346965,'skeeks\\cms\\assetsAuto\\SettingsAssetsAutoCompress','{\"enabled\":\"1\",\"jsCompress\":\"1\",\"jsCompressFlaggedComments\":\"1\",\"cssCompress\":\"1\",\"cssFileCompile\":\"1\",\"cssFileRemouteCompile\":\"0\",\"cssFileCompress\":\"0\",\"cssFileBottom\":\"0\",\"cssFileBottomLoadOnJs\":\"0\",\"jsFileCompile\":\"1\",\"jsFileRemouteCompile\":\"0\",\"jsFileCompress\":\"1\",\"jsFileCompressFlaggedComments\":\"1\",\"htmlCompress\":\"1\",\"htmlCompressExtra\":\"0\",\"htmlCompressNoComments\":\"1\",\"defaultAttributes\":{\"enabled\":false,\"jsCompress\":true,\"jsCompressFlaggedComments\":true,\"cssCompress\":true,\"cssFileCompile\":true,\"cssFileRemouteCompile\":false,\"cssFileCompress\":false,\"cssFileBottom\":false,\"cssFileBottomLoadOnJs\":false,\"jsFileCompile\":true,\"jsFileRemouteCompile\":false,\"jsFileCompress\":true,\"jsFileCompressFlaggedComments\":true,\"htmlCompress\":true,\"htmlCompressExtra\":false,\"htmlCompressNoComments\":true,\"defaultAttributes\":[],\"namespace\":null},\"namespace\":null}',NULL,NULL,NULL,NULL),(30,1,1,1498746293,1499696905,'skeeks\\cms\\cmsWidgets\\text\\TextCmsWidget','{\"text\":\"<ul class=\\\"service-list-ul\\\">\\r\\n\\t<li>Garage Door Repairs And Service</li>\\r\\n\\t<li>Motor Replacement</li>\\r\\n\\t<li>Automation</li>\\r\\n\\t<li>Quick And Reliable Service</li>\\r\\n</ul>\\r\\n\",\"defaultAttributes\":{\"text\":\"\",\"defaultAttributes\":[],\"namespace\":\"global-sidebar-service-list\"},\"namespace\":\"global-sidebar-service-list\"}',NULL,NULL,NULL,'global-sidebar-service-list'),(31,2,2,1498747154,1498747154,'skeeks\\cms\\components\\CmsToolbar','{\"isOpen\":\"Y\"}',NULL,2,NULL,NULL),(32,1,1,1499345015,1499694278,'skeeks\\cms\\cmsWidgets\\treeMenu\\TreeMenuCmsWidget','{\"treePid\":\"\",\"active\":\"Y\",\"level\":\"1\",\"label\":\"\",\"site_codes\":\"\",\"orderBy\":\"priority\",\"order\":\"4\",\"enabledCurrentSite\":\"Y\",\"enabledRunCache\":\"N\",\"runCacheDuration\":\"0\",\"tree_type_ids\":\"\",\"activeQueryCallback\":null,\"with\":[\"children\"],\"activeQuery\":{\"sql\":null,\"on\":null,\"joinWith\":null,\"select\":null,\"selectOption\":null,\"distinct\":null,\"from\":null,\"groupBy\":null,\"join\":null,\"having\":null,\"union\":null,\"params\":[],\"where\":[\"and\",{\"level\":\"1\"},{\"active\":\"Y\"},{\"site_code\":\"s1\"}],\"limit\":null,\"offset\":null,\"orderBy\":{\"priority\":4},\"indexBy\":null,\"emulateExecution\":false,\"modelClass\":\"skeeks\\\\cms\\\\models\\\\Tree\",\"with\":[\"children\"],\"asArray\":null,\"multiple\":null,\"primaryModel\":null,\"link\":null,\"via\":null,\"inverseOf\":null},\"text\":\"\",\"viewFile\":\"@app/views/widgets/TreeMenuCmsWidget/menu-top.php\",\"defaultAttributes\":{\"treePid\":null,\"active\":\"Y\",\"level\":null,\"label\":null,\"site_codes\":[],\"orderBy\":\"priority\",\"order\":4,\"enabledCurrentSite\":\"Y\",\"enabledRunCache\":\"Y\",\"runCacheDuration\":0,\"tree_type_ids\":[],\"activeQueryCallback\":null,\"with\":[\"children\"],\"activeQuery\":null,\"text\":\"\",\"viewFile\":\"default\",\"defaultAttributes\":[],\"namespace\":\"menu-top\"},\"namespace\":\"menu-top\"}',NULL,NULL,NULL,'menu-top'),(33,1,1,1499345381,1499345381,'skeeks\\cms\\cmsWidgets\\treeMenu\\TreeMenuCmsWidget','{\"treePid\":\"\",\"active\":\"Y\",\"level\":\"1\",\"label\":\"\",\"site_codes\":\"\",\"orderBy\":\"priority\",\"order\":\"4\",\"enabledCurrentSite\":\"Y\",\"enabledRunCache\":\"Y\",\"runCacheDuration\":\"0\",\"tree_type_ids\":\"\",\"activeQueryCallback\":null,\"with\":[\"children\"],\"activeQuery\":{\"sql\":null,\"on\":null,\"joinWith\":null,\"select\":null,\"selectOption\":null,\"distinct\":null,\"from\":null,\"groupBy\":null,\"join\":null,\"having\":null,\"union\":null,\"params\":[],\"where\":[\"and\",{\"active\":\"Y\"},{\"site_code\":\"s1\"}],\"limit\":null,\"offset\":null,\"orderBy\":{\"priority\":4},\"indexBy\":null,\"emulateExecution\":false,\"modelClass\":\"skeeks\\\\cms\\\\models\\\\Tree\",\"with\":[\"children\"],\"asArray\":null,\"multiple\":null,\"primaryModel\":null,\"link\":null,\"via\":null,\"inverseOf\":null},\"text\":\"\",\"viewFile\":\"@app/views/widgets/TreeMenuCmsWidget/menu-top-mobile.php\",\"defaultAttributes\":{\"treePid\":null,\"active\":\"Y\",\"level\":null,\"label\":null,\"site_codes\":[],\"orderBy\":\"priority\",\"order\":4,\"enabledCurrentSite\":\"Y\",\"enabledRunCache\":\"Y\",\"runCacheDuration\":0,\"tree_type_ids\":[],\"activeQueryCallback\":null,\"with\":[\"children\"],\"activeQuery\":null,\"text\":\"\",\"viewFile\":\"default\",\"defaultAttributes\":[],\"namespace\":\"menu-top-mobile\"},\"namespace\":\"menu-top-mobile\"}',NULL,NULL,NULL,'menu-top-mobile'),(34,1,1,1499345630,1499350279,'skeeks\\cms\\cmsWidgets\\treeMenu\\TreeMenuCmsWidget','{\"treePid\":\"\",\"active\":\"Y\",\"level\":\"1\",\"label\":\"\",\"site_codes\":\"\",\"orderBy\":\"priority\",\"order\":\"4\",\"enabledCurrentSite\":\"Y\",\"enabledRunCache\":\"Y\",\"runCacheDuration\":\"0\",\"tree_type_ids\":\"\",\"activeQueryCallback\":null,\"with\":[\"children\"],\"activeQuery\":{\"sql\":null,\"on\":null,\"joinWith\":null,\"select\":null,\"selectOption\":null,\"distinct\":null,\"from\":null,\"groupBy\":null,\"join\":null,\"having\":null,\"union\":null,\"params\":[],\"where\":[\"and\",{\"level\":\"1\"},{\"active\":\"Y\"},{\"site_code\":\"s1\"}],\"limit\":null,\"offset\":null,\"orderBy\":{\"priority\":4},\"indexBy\":null,\"emulateExecution\":false,\"modelClass\":\"skeeks\\\\cms\\\\models\\\\Tree\",\"with\":[\"children\"],\"asArray\":null,\"multiple\":null,\"primaryModel\":null,\"link\":null,\"via\":null,\"inverseOf\":null},\"text\":\"\",\"viewFile\":\"@app/views/widgets/TreeMenuCmsWidget/quick-buttons.php\",\"defaultAttributes\":{\"treePid\":null,\"active\":\"Y\",\"level\":null,\"label\":null,\"site_codes\":[],\"orderBy\":\"priority\",\"order\":4,\"enabledCurrentSite\":\"Y\",\"enabledRunCache\":\"Y\",\"runCacheDuration\":0,\"tree_type_ids\":[],\"activeQueryCallback\":null,\"with\":[\"children\"],\"activeQuery\":null,\"text\":\"\",\"viewFile\":\"default\",\"defaultAttributes\":[],\"namespace\":\"subheader-quick-buttons\"},\"namespace\":\"subheader-quick-buttons\"}',NULL,NULL,NULL,'subheader-quick-buttons'),(35,1,1,1500036787,1500036787,'skeeks\\cms\\cmsWidgets\\text\\TextCmsWidget','{\"text\":\"United State\",\"defaultAttributes\":{\"text\":\"\",\"defaultAttributes\":[],\"namespace\":\"global-footer-contacts-address\"},\"namespace\":\"global-footer-contacts-address\"}',NULL,NULL,NULL,'global-footer-contacts-address'),(37,1,1,1500427956,1500428062,'skeeks\\cms\\LogDbTarget\\components\\LogDbTargetSettings','{\"logVars\":\"\",\"levels\":[\"error\",\"warning\"],\"exceptString\":\"yii\\\\db\\\\Command*,yii\\\\web\\\\Session*,yii\\\\db\\\\Connection*,yii\\\\i18n\\\\I18N*\",\"categoriesString\":\"\",\"enabled\":\"Y\",\"exportInterval\":\"9999999999\",\"storeLogsTime\":\"432000\",\"defaultAttributes\":{\"logVars\":[],\"levels\":[\"error\",\"warning\"],\"exceptString\":\"yii\\\\db\\\\Command*,yii\\\\web\\\\Session*,yii\\\\db\\\\Connection*\",\"categoriesString\":\"\",\"enabled\":\"Y\",\"exportInterval\":9999999999,\"storeLogsTime\":432000,\"defaultAttributes\":[],\"namespace\":null},\"namespace\":null}',NULL,NULL,NULL,NULL),(38,1,1,1500447704,1500447704,'skeeks\\cms\\cmsWidgets\\text\\TextCmsWidget','{\"text\":\"<h1>DoorCrew Garage door</h1>\\r\\n            \",\"defaultAttributes\":{\"text\":\"\",\"defaultAttributes\":[],\"namespace\":\"reviews-top-summary-subtitle-no-city\"},\"namespace\":\"reviews-top-summary-subtitle-no-city\"}',NULL,NULL,NULL,'reviews-top-summary-subtitle-no-city');
COMMIT;

--
-- Table structure for table `cms_content`
--

CREATE TABLE `cms_content` (
  `id` int(11) NOT NULL AUTO_INCREMENT,
  `created_by` int(11) DEFAULT NULL,
  `updated_by` int(11) DEFAULT NULL,
  `created_at` int(11) DEFAULT NULL,
  `updated_at` int(11) DEFAULT NULL,
  `name` varchar(255) NOT NULL,
  `code` varchar(50) NOT NULL,
  `active` char(1) NOT NULL DEFAULT 'Y',
  `priority` int(11) NOT NULL DEFAULT '500',
  `description` text,
  `index_for_search` char(1) NOT NULL DEFAULT 'Y',
  `name_meny` varchar(100) DEFAULT NULL,
  `name_one` varchar(100) DEFAULT NULL,
  `tree_chooser` char(1) DEFAULT NULL,
  `list_mode` char(1) DEFAULT NULL,
  `content_type` varchar(32) NOT NULL,
  `default_tree_id` int(11) DEFAULT NULL,
  `is_allow_change_tree` varchar(1) NOT NULL DEFAULT 'Y',
  `root_tree_id` int(11) DEFAULT NULL,
  `viewFile` varchar(255) DEFAULT NULL,
  `meta_title_template` varchar(500) DEFAULT NULL,
  `meta_description_template` text,
  `meta_keywords_template` text,
  `access_check_element` varchar(1) NOT NULL DEFAULT 'N',
  `parent_content_id` int(11) DEFAULT NULL,
  `visible` varchar(1) NOT NULL DEFAULT 'Y',
  `parent_content_on_delete` varchar(10) NOT NULL DEFAULT 'CASCADE',
  `parent_content_is_required` varchar(1) NOT NULL DEFAULT 'Y',
  PRIMARY KEY (`id`),
  UNIQUE KEY `code` (`code`),
  KEY `updated_by` (`updated_by`),
  KEY `created_by` (`created_by`),
  KEY `created_at` (`created_at`),
  KEY `updated_at` (`updated_at`),
  KEY `priority` (`priority`),
  KEY `name` (`name`),
  KEY `active` (`active`),
  KEY `index_for_search` (`index_for_search`),
  KEY `name_meny` (`name_meny`),
  KEY `name_one` (`name_one`),
  KEY `tree_chooser` (`tree_chooser`),
  KEY `list_mode` (`list_mode`),
  KEY `content_type` (`content_type`),
  KEY `default_tree_id` (`default_tree_id`),
  KEY `is_allow_change_tree` (`is_allow_change_tree`),
  KEY `root_tree_id` (`root_tree_id`),
  KEY `viewFile` (`viewFile`),
  KEY `parent_content_id` (`parent_content_id`),
  KEY `visible` (`visible`),
  KEY `parent_content_on_delete` (`parent_content_on_delete`),
  KEY `parent_content_is_required` (`parent_content_is_required`),
  CONSTRAINT `cms_content__cms_content` FOREIGN KEY (`parent_content_id`) REFERENCES `cms_content` (`id`) ON DELETE SET NULL ON UPDATE SET NULL,
  CONSTRAINT `cms_content__default_tree_id` FOREIGN KEY (`default_tree_id`) REFERENCES `cms_tree` (`id`) ON DELETE SET NULL ON UPDATE SET NULL,
  CONSTRAINT `cms_content__root_tree_id` FOREIGN KEY (`root_tree_id`) REFERENCES `cms_tree` (`id`) ON DELETE SET NULL ON UPDATE SET NULL,
  CONSTRAINT `cms_content_cms_content_type` FOREIGN KEY (`content_type`) REFERENCES `cms_content_type` (`code`),
  CONSTRAINT `cms_content_created_by` FOREIGN KEY (`created_by`) REFERENCES `cms_user` (`id`) ON DELETE SET NULL ON UPDATE SET NULL,
  CONSTRAINT `cms_content_updated_by` FOREIGN KEY (`updated_by`) REFERENCES `cms_user` (`id`) ON DELETE SET NULL ON UPDATE SET NULL
) ENGINE=InnoDB AUTO_INCREMENT=8 DEFAULT CHARSET=utf8;

--
-- Dumping data for table `cms_content`
--

SET autocommit=0;
INSERT INTO `cms_content` VALUES (2,1,1,1443696578,1496597307,'Slides','slide','Y',500,NULL,'','Elements','Element',NULL,NULL,'other',NULL,'Y',NULL,'','','','','N',NULL,'Y','CASCADE','Y'),(4,1,3,1496597621,1500035380,'City','city','Y',500,NULL,'Y','Cities','City',NULL,NULL,'data',23,'N',NULL,'city','','','','N',7,'Y','RESTRICT','Y'),(5,1,1,1496597969,1499354664,'Review','review','Y',500,NULL,'Y','Reviews','Review',NULL,NULL,'data',23,'N',NULL,'','','','','N',4,'Y','RESTRICT','Y'),(6,1,1,1498369182,1498442118,'Posts','post','Y',500,NULL,'Y','Posts','Post',NULL,NULL,'data',9,'Y',9,'','','','','N',NULL,'Y','CASCADE','Y'),(7,1,1,1500001683,1500001704,'States','states','Y',500,NULL,'N','States','State',NULL,NULL,'data',NULL,'N',NULL,'','','','','Y',NULL,'Y','CASCADE','Y');
COMMIT;

--
-- Table structure for table `cms_content_element`
--

CREATE TABLE `cms_content_element` (
  `id` int(11) NOT NULL AUTO_INCREMENT,
  `created_by` int(11) DEFAULT NULL,
  `updated_by` int(11) DEFAULT NULL,
  `created_at` int(11) DEFAULT NULL,
  `updated_at` int(11) DEFAULT NULL,
  `published_at` int(11) DEFAULT NULL,
  `published_to` int(11) DEFAULT NULL,
  `priority` int(11) NOT NULL DEFAULT '500',
  `active` char(1) NOT NULL DEFAULT 'Y',
  `name` varchar(255) NOT NULL,
  `image_id` int(11) DEFAULT NULL,
  `image_full_id` int(11) DEFAULT NULL,
  `code` varchar(255) DEFAULT NULL,
  `description_short` longtext,
  `description_full` longtext,
  `content_id` int(11) DEFAULT NULL,
  `tree_id` int(11) DEFAULT NULL,
  `show_counter` int(11) DEFAULT NULL,
  `show_counter_start` int(11) DEFAULT NULL,
  `meta_title` varchar(500) NOT NULL,
  `meta_description` text,
  `meta_keywords` text,
  `description_short_type` varchar(10) NOT NULL DEFAULT 'text',
  `description_full_type` varchar(10) NOT NULL DEFAULT 'text',
  `parent_content_element_id` int(11) DEFAULT NULL,
  PRIMARY KEY (`id`),
  UNIQUE KEY `content_id_2` (`content_id`,`code`),
  UNIQUE KEY `tree_id_2` (`tree_id`,`code`),
  KEY `updated_by` (`updated_by`),
  KEY `created_by` (`created_by`),
  KEY `created_at` (`created_at`),
  KEY `updated_at` (`updated_at`),
  KEY `published_at` (`published_at`),
  KEY `published_to` (`published_to`),
  KEY `priority` (`priority`),
  KEY `name` (`name`),
  KEY `code` (`code`),
  KEY `active` (`active`),
  KEY `content_id` (`content_id`),
  KEY `tree_id` (`tree_id`),
  KEY `show_counter` (`show_counter`),
  KEY `show_counter_start` (`show_counter_start`),
  KEY `meta_title` (`meta_title`(255)),
  KEY `description_short_type` (`description_short_type`),
  KEY `description_full_type` (`description_full_type`),
  KEY `image_id` (`image_id`),
  KEY `image_full_id` (`image_full_id`),
  KEY `parent_content_element_id` (`parent_content_element_id`),
  CONSTRAINT `cms_content_element__cms_content_element` FOREIGN KEY (`parent_content_element_id`) REFERENCES `cms_content_element` (`id`) ON DELETE SET NULL ON UPDATE SET NULL,
  CONSTRAINT `cms_content_element__image_full_id` FOREIGN KEY (`image_full_id`) REFERENCES `cms_storage_file` (`id`) ON DELETE SET NULL ON UPDATE SET NULL,
  CONSTRAINT `cms_content_element__image_id` FOREIGN KEY (`image_id`) REFERENCES `cms_storage_file` (`id`) ON DELETE SET NULL ON UPDATE SET NULL,
  CONSTRAINT `cms_content_element_content_id` FOREIGN KEY (`content_id`) REFERENCES `cms_content` (`id`),
  CONSTRAINT `cms_content_element_created_by` FOREIGN KEY (`created_by`) REFERENCES `cms_user` (`id`) ON DELETE SET NULL ON UPDATE SET NULL,
  CONSTRAINT `cms_content_element_tree_id` FOREIGN KEY (`tree_id`) REFERENCES `cms_tree` (`id`) ON DELETE SET NULL ON UPDATE SET NULL,
  CONSTRAINT `cms_content_element_updated_by` FOREIGN KEY (`updated_by`) REFERENCES `cms_user` (`id`) ON DELETE SET NULL ON UPDATE SET NULL
) ENGINE=InnoDB AUTO_INCREMENT=137 DEFAULT CHARSET=utf8;

--
-- Dumping data for table `cms_content_element`
--

SET autocommit=0;
INSERT INTO `cms_content_element` VALUES (33,1,1,1499180571,1500437116,1499180571,NULL,500,'N','How to Program a Garage Door Opener',NULL,NULL,'how-to-program-a-garage-door-opener','In order for a garage door to automatically function, an opener needs to be integrated into the assembly. And while there\'s the task of selecting the proper type of opener and then installing it in the garage, this post is going to focus more on one of the key aspects after the opener has been installed - programming it. ','<p>In order for a garage door to automatically function, an opener needs to be integrated into the assembly. And while there&#39;s the task of selecting the proper type of opener and then installing it in the garage, this post is going to focus more on one of the key aspects after the opener has been installed - programming it.&nbsp;</p>\r\n\r\n<p>Yes, garage doors are convenient in that they can be opened and closed with the touch of a button or the entering of a four-digit code into a garage-side keypad. But do you know how to program a garage door opener so that it works accordingly? While it may seem daunting, it&#39;s fairly easy to do - even for a novice homeowner. And while homeowners should always refer to the opener&#39;s owner&#39;s manual for the exact instructions, this post will help provide you with a general idea of what you need to do to successfully program an opener. Here&#39;s a look:</p>\r\n\r\n<p><strong>Programming a Garage Door Opener: A Step-by-Step Guide</strong></p>\r\n\r\n<ol>\r\n	<li>Ensure that the garage door is closed. Then, grab a ladder and place it underneath the opener. Carefully climb it until you are able to safely access the opener.</li>\r\n	<li>Ensure that light bulbs are installed on the opener, as these bulbs will help communicate whether programming has been successful.</li>\r\n	<li>Depending on the type of opener that you have, you&#39;ll find either a &quot;Smart&quot; or &quot;Learn&quot; button somewhere on the appliance. Locate it, then move on to Step 4.</li>\r\n	<li>With the hand-held garage door openers in hand, press the &quot;Smart&quot; or &quot;Learn&quot; button. An indicator light should come on for about 30 seconds on the opener. Within this 30-second time span, press and hold the button on each hand-held remote that you want to pair it with. Release the button on the hand held remote openers when the main opener&#39;s overhead lights blink. That&#39;s a sign that they&#39;ve paired correctly.</li>\r\n	<li>Conclude programming by testing the opener to ensure it is working properly.</li>\r\n</ol>\r\n\r\n<p><strong>Programming a Keypad</strong></p>\r\n\r\n<ol>\r\n	<li>Press either the &quot;Smart&quot; or &quot;Learn&quot; button on the main garage door opener. Just like in the case of programming the opener, the indicator light should come on for about 30 seconds.</li>\r\n	<li>Within that 30-second span, punch a four-digit code into the keypad. After you&#39;ve entered the code, press and hold the &quot;Enter&quot; button on the keypad.</li>\r\n	<li>The garage door opener light should blink after a few seconds of pressing the &quot;Enter&quot; button following&nbsp;submission of&nbsp;the four-digit code. This is validation that the unit is now paired with the keypad.&nbsp;Release the &quot;Enter&quot; button and test to ensure proper operation.</li>\r\n</ol>\r\n\r\n<p>(Note: If you&#39;re reprogramming your keypad, you may have to select certain buttons on the keypad to reset the code first. Refer to your keypad&#39;s user manual for more information on this. After the code has been reset, proceed with Step 1 above to program a new code.)</p>\r\n\r\n<p>&nbsp;</p>\r\n\r\n<p>As you can see, programming garage door remotes and keypads is a fairly easy task that should be able to be completed in a matter of minutes. It&#39;s also something that a garage door service professional can complete for you when installing a new opener.</p>\r\n',6,9,NULL,NULL,'Programming a Garage Door Opener 101','For many homeowners, programming a garage door opener to work with remotes and a keypad is a fairly easy DIY task. More info here: ','','editor','editor',NULL),(36,1,1,1499344858,1500436783,1499344858,NULL,500,'N','Slide',65,NULL,'slide','','',2,NULL,NULL,NULL,'','','','text','text',NULL);
COMMIT;

--
-- Table structure for table `cms_content_element2cms_user`
--

CREATE TABLE `cms_content_element2cms_user` (
  `id` int(11) NOT NULL AUTO_INCREMENT,
  `created_by` int(11) DEFAULT NULL,
  `updated_by` int(11) DEFAULT NULL,
  `created_at` int(11) DEFAULT NULL,
  `updated_at` int(11) DEFAULT NULL,
  `cms_user_id` int(11) NOT NULL,
  `cms_content_element_id` int(11) NOT NULL,
  PRIMARY KEY (`id`),
  UNIQUE KEY `user2elements` (`cms_user_id`,`cms_content_element_id`),
  KEY `updated_by` (`updated_by`),
  KEY `created_by` (`created_by`),
  KEY `created_at` (`created_at`),
  KEY `updated_at` (`updated_at`),
  KEY `cms_content_element2cms_user__cms_content_element_id` (`cms_content_element_id`),
  CONSTRAINT `cms_content_element2cms_user__cms_content_element_id` FOREIGN KEY (`cms_content_element_id`) REFERENCES `cms_content_element` (`id`) ON DELETE CASCADE ON UPDATE CASCADE,
  CONSTRAINT `cms_content_element2cms_user__cms_user_id` FOREIGN KEY (`cms_user_id`) REFERENCES `cms_user` (`id`) ON DELETE CASCADE ON UPDATE CASCADE,
  CONSTRAINT `cms_content_element2cms_user__created_by` FOREIGN KEY (`created_by`) REFERENCES `cms_user` (`id`) ON DELETE SET NULL ON UPDATE SET NULL,
  CONSTRAINT `cms_content_element2cms_user__updated_by` FOREIGN KEY (`updated_by`) REFERENCES `cms_user` (`id`) ON DELETE SET NULL ON UPDATE SET NULL
) ENGINE=InnoDB DEFAULT CHARSET=utf8 COMMENT='Favorites content items';

--
-- Dumping data for table `cms_content_element2cms_user`
--

SET autocommit=0;
COMMIT;

--
-- Table structure for table `cms_content_element_file`
--

CREATE TABLE `cms_content_element_file` (
  `id` int(11) NOT NULL AUTO_INCREMENT,
  `created_by` int(11) DEFAULT NULL,
  `updated_by` int(11) DEFAULT NULL,
  `created_at` int(11) DEFAULT NULL,
  `updated_at` int(11) DEFAULT NULL,
  `storage_file_id` int(11) NOT NULL,
  `content_element_id` int(11) NOT NULL,
  `priority` int(11) NOT NULL DEFAULT '100',
  PRIMARY KEY (`id`),
  UNIQUE KEY `storage_file_id__content_element_id` (`storage_file_id`,`content_element_id`),
  KEY `updated_by` (`updated_by`),
  KEY `created_by` (`created_by`),
  KEY `created_at` (`created_at`),
  KEY `updated_at` (`updated_at`),
  KEY `storage_file_id` (`storage_file_id`),
  KEY `content_element_id` (`content_element_id`),
  KEY `priority` (`priority`),
  CONSTRAINT `cms_content_element_file__content_element_id` FOREIGN KEY (`content_element_id`) REFERENCES `cms_content_element` (`id`) ON DELETE CASCADE ON UPDATE CASCADE,
  CONSTRAINT `cms_content_element_file__storage_file_id` FOREIGN KEY (`storage_file_id`) REFERENCES `cms_storage_file` (`id`) ON DELETE CASCADE ON UPDATE CASCADE,
  CONSTRAINT `cms_content_element_file_created_by` FOREIGN KEY (`created_by`) REFERENCES `cms_user` (`id`) ON DELETE SET NULL ON UPDATE SET NULL,
  CONSTRAINT `cms_content_element_file_updated_by` FOREIGN KEY (`updated_by`) REFERENCES `cms_user` (`id`) ON DELETE SET NULL ON UPDATE SET NULL
) ENGINE=InnoDB DEFAULT CHARSET=utf8 COMMENT='Связь элементов и файлов';

--
-- Dumping data for table `cms_content_element_file`
--

SET autocommit=0;
COMMIT;

--
-- Table structure for table `cms_content_element_image`
--

CREATE TABLE `cms_content_element_image` (
  `id` int(11) NOT NULL AUTO_INCREMENT,
  `created_by` int(11) DEFAULT NULL,
  `updated_by` int(11) DEFAULT NULL,
  `created_at` int(11) DEFAULT NULL,
  `updated_at` int(11) DEFAULT NULL,
  `storage_file_id` int(11) NOT NULL,
  `content_element_id` int(11) NOT NULL,
  `priority` int(11) NOT NULL DEFAULT '100',
  PRIMARY KEY (`id`),
  UNIQUE KEY `storage_file_id__content_element_id` (`storage_file_id`,`content_element_id`),
  KEY `updated_by` (`updated_by`),
  KEY `created_by` (`created_by`),
  KEY `created_at` (`created_at`),
  KEY `updated_at` (`updated_at`),
  KEY `storage_file_id` (`storage_file_id`),
  KEY `content_element_id` (`content_element_id`),
  KEY `priority` (`priority`),
  CONSTRAINT `cms_content_element_image__content_element_id` FOREIGN KEY (`content_element_id`) REFERENCES `cms_content_element` (`id`) ON DELETE CASCADE ON UPDATE CASCADE,
  CONSTRAINT `cms_content_element_image__storage_file_id` FOREIGN KEY (`storage_file_id`) REFERENCES `cms_storage_file` (`id`) ON DELETE CASCADE ON UPDATE CASCADE,
  CONSTRAINT `cms_content_element_image_created_by` FOREIGN KEY (`created_by`) REFERENCES `cms_user` (`id`) ON DELETE SET NULL ON UPDATE SET NULL,
  CONSTRAINT `cms_content_element_image_updated_by` FOREIGN KEY (`updated_by`) REFERENCES `cms_user` (`id`) ON DELETE SET NULL ON UPDATE SET NULL
) ENGINE=InnoDB DEFAULT CHARSET=utf8 COMMENT='Связь элементов и файлов изображений';

--
-- Dumping data for table `cms_content_element_image`
--

SET autocommit=0;
COMMIT;

--
-- Table structure for table `cms_content_element_property`
--

CREATE TABLE `cms_content_element_property` (
  `id` int(11) NOT NULL AUTO_INCREMENT,
  `created_by` int(11) DEFAULT NULL,
  `updated_by` int(11) DEFAULT NULL,
  `created_at` int(11) DEFAULT NULL,
  `updated_at` int(11) DEFAULT NULL,
  `property_id` int(11) DEFAULT NULL,
  `element_id` int(11) DEFAULT NULL,
  `value` longtext NOT NULL,
  `value_enum` int(11) DEFAULT NULL,
  `value_num` decimal(18,4) DEFAULT NULL,
  `description` varchar(255) DEFAULT NULL,
  PRIMARY KEY (`id`),
  KEY `updated_by` (`updated_by`),
  KEY `created_by` (`created_by`),
  KEY `created_at` (`created_at`),
  KEY `updated_at` (`updated_at`),
  KEY `property_id` (`property_id`),
  KEY `element_id` (`element_id`),
  KEY `value_enum` (`value_enum`),
  KEY `value_num` (`value_num`),
  KEY `description` (`description`),
  CONSTRAINT `cms_content_element_property_created_by` FOREIGN KEY (`created_by`) REFERENCES `cms_user` (`id`),
  CONSTRAINT `cms_content_element_property_element_id` FOREIGN KEY (`element_id`) REFERENCES `cms_content_element` (`id`) ON DELETE CASCADE ON UPDATE CASCADE,
  CONSTRAINT `cms_content_element_property_property_id` FOREIGN KEY (`property_id`) REFERENCES `cms_content_property` (`id`) ON DELETE CASCADE ON UPDATE CASCADE,
  CONSTRAINT `cms_content_element_property_updated_by` FOREIGN KEY (`updated_by`) REFERENCES `cms_user` (`id`)
) ENGINE=InnoDB AUTO_INCREMENT=714 DEFAULT CHARSET=utf8 COMMENT='Связь товара свойства и значения';

--
-- Dumping data for table `cms_content_element_property`
--

SET autocommit=0;
INSERT INTO `cms_content_element_property` VALUES (111,1,1,1499344858,1499347235,1,36,'',0,0.0000,NULL),(112,1,1,1499344858,1499347235,2,36,'',0,0.0000,NULL);
COMMIT;

--
-- Table structure for table `cms_content_element_tree`
--

CREATE TABLE `cms_content_element_tree` (
  `id` int(11) NOT NULL AUTO_INCREMENT,
  `created_by` int(11) DEFAULT NULL,
  `updated_by` int(11) DEFAULT NULL,
  `created_at` int(11) DEFAULT NULL,
  `updated_at` int(11) DEFAULT NULL,
  `element_id` int(11) NOT NULL,
  `tree_id` int(11) NOT NULL,
  PRIMARY KEY (`id`),
  UNIQUE KEY `element_id_2` (`element_id`,`tree_id`),
  KEY `updated_by` (`updated_by`),
  KEY `created_by` (`created_by`),
  KEY `created_at` (`created_at`),
  KEY `updated_at` (`updated_at`),
  KEY `tree_id` (`tree_id`),
  KEY `element_id` (`element_id`),
  CONSTRAINT `cms_content_element_tree_created_by` FOREIGN KEY (`created_by`) REFERENCES `cms_user` (`id`),
  CONSTRAINT `cms_content_element_tree_element_id` FOREIGN KEY (`element_id`) REFERENCES `cms_content_element` (`id`) ON DELETE CASCADE ON UPDATE CASCADE,
  CONSTRAINT `cms_content_element_tree_tree_id` FOREIGN KEY (`tree_id`) REFERENCES `cms_tree` (`id`) ON DELETE CASCADE ON UPDATE CASCADE,
  CONSTRAINT `cms_content_element_tree_updated_by` FOREIGN KEY (`updated_by`) REFERENCES `cms_user` (`id`)
) ENGINE=InnoDB DEFAULT CHARSET=utf8 COMMENT='Связь контента и разделов';

--
-- Dumping data for table `cms_content_element_tree`
--

SET autocommit=0;
COMMIT;

--
-- Table structure for table `cms_content_property`
--

CREATE TABLE `cms_content_property` (
  `id` int(11) NOT NULL AUTO_INCREMENT,
  `created_by` int(11) DEFAULT NULL,
  `updated_by` int(11) DEFAULT NULL,
  `created_at` int(11) DEFAULT NULL,
  `updated_at` int(11) DEFAULT NULL,
  `name` varchar(255) NOT NULL,
  `code` varchar(64) DEFAULT NULL,
  `content_id` int(11) DEFAULT NULL,
  `active` char(1) NOT NULL DEFAULT 'Y',
  `priority` int(11) NOT NULL DEFAULT '500',
  `property_type` char(1) NOT NULL DEFAULT 'S',
  `list_type` char(1) NOT NULL DEFAULT 'L',
  `multiple` char(1) NOT NULL DEFAULT 'N',
  `multiple_cnt` int(11) DEFAULT NULL,
  `with_description` char(1) DEFAULT NULL,
  `searchable` char(1) NOT NULL DEFAULT 'N',
  `filtrable` char(1) NOT NULL DEFAULT 'N',
  `is_required` char(1) DEFAULT NULL,
  `version` int(11) NOT NULL DEFAULT '1',
  `component` varchar(255) DEFAULT NULL,
  `component_settings` longtext,
  `hint` varchar(255) DEFAULT NULL,
  `smart_filtrable` char(1) NOT NULL DEFAULT 'N',
  PRIMARY KEY (`id`),
  UNIQUE KEY `code_2` (`code`,`content_id`),
  KEY `updated_by` (`updated_by`),
  KEY `created_by` (`created_by`),
  KEY `created_at` (`created_at`),
  KEY `updated_at` (`updated_at`),
  KEY `name` (`name`),
  KEY `content_id` (`content_id`),
  KEY `active` (`active`),
  KEY `priority` (`priority`),
  KEY `property_type` (`property_type`),
  KEY `list_type` (`list_type`),
  KEY `multiple` (`multiple`),
  KEY `multiple_cnt` (`multiple_cnt`),
  KEY `with_description` (`with_description`),
  KEY `searchable` (`searchable`),
  KEY `filtrable` (`filtrable`),
  KEY `is_required` (`is_required`),
  KEY `version` (`version`),
  KEY `component` (`component`),
  KEY `hint` (`hint`),
  KEY `smart_filtrable` (`smart_filtrable`),
  KEY `code` (`code`) USING BTREE,
  CONSTRAINT `cms_content_property_content_id` FOREIGN KEY (`content_id`) REFERENCES `cms_content` (`id`),
  CONSTRAINT `cms_content_property_created_by` FOREIGN KEY (`created_by`) REFERENCES `cms_user` (`id`),
  CONSTRAINT `cms_content_property_updated_by` FOREIGN KEY (`updated_by`) REFERENCES `cms_user` (`id`)
) ENGINE=InnoDB AUTO_INCREMENT=16 DEFAULT CHARSET=utf8 COMMENT='Свойства элементов';

--
-- Dumping data for table `cms_content_property`
--

SET autocommit=0;
INSERT INTO `cms_content_property` VALUES (1,1,1,1496588598,1497283871,'First row description','firstRowDescription',2,'Y',500,'S','L','N',NULL,'N','N','N','N',1,'skeeks\\cms\\relatedProperties\\userPropertyTypes\\UserPropertyTypeComboText','a:5:{s:4:\"code\";s:1:\"S\";s:4:\"name\";s:24:\"Текст/CKEditor/HTML\";s:2:\"id\";s:72:\"skeeks\\cms\\relatedProperties\\userPropertyTypes\\UserPropertyTypeComboText\";s:8:\"property\";a:23:{s:2:\"id\";i:1;s:10:\"created_by\";i:1;s:10:\"updated_by\";i:1;s:10:\"created_at\";i:1496588598;s:10:\"updated_at\";i:1496594454;s:4:\"name\";s:21:\"First row description\";s:4:\"code\";s:19:\"firstRowDescription\";s:10:\"content_id\";s:1:\"2\";s:6:\"active\";s:1:\"Y\";s:8:\"priority\";s:3:\"500\";s:13:\"property_type\";s:1:\"S\";s:9:\"list_type\";s:1:\"L\";s:8:\"multiple\";s:1:\"N\";s:12:\"multiple_cnt\";N;s:16:\"with_description\";s:1:\"N\";s:10:\"searchable\";s:1:\"N\";s:9:\"filtrable\";s:1:\"N\";s:11:\"is_required\";s:1:\"N\";s:7:\"version\";i:1;s:9:\"component\";s:72:\"skeeks\\cms\\relatedProperties\\userPropertyTypes\\UserPropertyTypeComboText\";s:18:\"component_settings\";a:5:{s:4:\"code\";s:1:\"S\";s:4:\"name\";s:24:\"Текст/CKEditor/HTML\";s:2:\"id\";s:72:\"skeeks\\cms\\relatedProperties\\userPropertyTypes\\UserPropertyTypeComboText\";s:8:\"property\";a:23:{s:2:\"id\";i:1;s:10:\"created_by\";i:1;s:10:\"updated_by\";i:1;s:10:\"created_at\";i:1496588598;s:10:\"updated_at\";i:1496588598;s:4:\"name\";s:21:\"First row description\";s:4:\"code\";s:19:\"firstRowDescription\";s:10:\"content_id\";s:1:\"2\";s:6:\"active\";s:1:\"Y\";s:8:\"priority\";s:3:\"500\";s:13:\"property_type\";s:1:\"S\";s:9:\"list_type\";s:1:\"L\";s:8:\"multiple\";s:1:\"N\";s:12:\"multiple_cnt\";N;s:16:\"with_description\";s:1:\"N\";s:10:\"searchable\";s:1:\"N\";s:9:\"filtrable\";s:1:\"N\";s:11:\"is_required\";s:1:\"Y\";s:7:\"version\";i:1;s:9:\"component\";s:72:\"skeeks\\cms\\relatedProperties\\userPropertyTypes\\UserPropertyTypeComboText\";s:18:\"component_settings\";a:5:{s:4:\"code\";s:1:\"S\";s:4:\"name\";s:24:\"Текст/CKEditor/HTML\";s:2:\"id\";s:72:\"skeeks\\cms\\relatedProperties\\userPropertyTypes\\UserPropertyTypeComboText\";s:8:\"property\";a:15:{s:6:\"active\";s:1:\"Y\";s:8:\"priority\";s:3:\"500\";s:13:\"property_type\";s:1:\"S\";s:9:\"list_type\";s:1:\"L\";s:8:\"multiple\";s:1:\"N\";s:10:\"searchable\";s:1:\"N\";s:9:\"filtrable\";s:1:\"N\";s:7:\"version\";i:1;s:15:\"smart_filtrable\";s:1:\"N\";s:11:\"is_required\";s:1:\"Y\";s:4:\"name\";s:21:\"First row description\";s:4:\"code\";s:12:\"firstRowDesc\";s:9:\"component\";s:72:\"skeeks\\cms\\relatedProperties\\userPropertyTypes\\UserPropertyTypeComboText\";s:4:\"hint\";s:0:\"\";s:10:\"content_id\";s:1:\"2\";}s:10:\"activeForm\";N;}s:4:\"hint\";s:0:\"\";s:15:\"smart_filtrable\";s:1:\"N\";}s:10:\"activeForm\";N;}s:4:\"hint\";s:0:\"\";s:15:\"smart_filtrable\";s:1:\"N\";}s:10:\"activeForm\";N;}','','N'),(2,1,1,1496588654,1496588654,'Second row description','secondRowDescription',2,'Y',500,'S','L','N',NULL,'N','N','N','N',1,'skeeks\\cms\\relatedProperties\\userPropertyTypes\\UserPropertyTypeComboText','a:5:{s:4:\"code\";s:1:\"S\";s:4:\"name\";s:24:\"Текст/CKEditor/HTML\";s:2:\"id\";s:72:\"skeeks\\cms\\relatedProperties\\userPropertyTypes\\UserPropertyTypeComboText\";s:8:\"property\";a:15:{s:6:\"active\";s:1:\"Y\";s:8:\"priority\";s:3:\"500\";s:13:\"property_type\";s:1:\"S\";s:9:\"list_type\";s:1:\"L\";s:8:\"multiple\";s:1:\"N\";s:10:\"searchable\";s:1:\"N\";s:9:\"filtrable\";s:1:\"N\";s:7:\"version\";i:1;s:15:\"smart_filtrable\";s:1:\"N\";s:11:\"is_required\";s:1:\"N\";s:4:\"name\";s:22:\"Second row description\";s:4:\"code\";s:20:\"secondRowDescription\";s:9:\"component\";s:72:\"skeeks\\cms\\relatedProperties\\userPropertyTypes\\UserPropertyTypeComboText\";s:4:\"hint\";s:0:\"\";s:10:\"content_id\";s:1:\"2\";}s:10:\"activeForm\";N;}','','N'),(3,1,1,1496597840,1496885798,'Phones','phones',4,'Y',4000,'S','L','N',NULL,'N','N','N','N',1,'skeeks\\cms\\relatedProperties\\propertyTypes\\PropertyTypeText','a:8:{s:4:\"code\";s:1:\"S\";s:4:\"name\";s:10:\"Текст\";s:13:\"default_value\";s:0:\"\";s:12:\"fieldElement\";s:9:\"textInput\";s:4:\"rows\";s:1:\"5\";s:2:\"id\";s:59:\"skeeks\\cms\\relatedProperties\\propertyTypes\\PropertyTypeText\";s:8:\"property\";a:15:{s:6:\"active\";s:1:\"Y\";s:8:\"priority\";s:3:\"500\";s:13:\"property_type\";s:1:\"S\";s:9:\"list_type\";s:1:\"L\";s:8:\"multiple\";s:1:\"N\";s:10:\"searchable\";s:1:\"N\";s:9:\"filtrable\";s:1:\"N\";s:7:\"version\";i:1;s:15:\"smart_filtrable\";s:1:\"N\";s:11:\"is_required\";s:0:\"\";s:4:\"name\";s:6:\"Phones\";s:4:\"code\";s:6:\"phones\";s:9:\"component\";s:59:\"skeeks\\cms\\relatedProperties\\propertyTypes\\PropertyTypeText\";s:4:\"hint\";s:0:\"\";s:10:\"content_id\";s:1:\"4\";}s:10:\"activeForm\";N;}','','N'),(4,1,1,1496597860,1496885798,'Email','email',4,'Y',5000,'S','L','N',NULL,'N','N','N','N',1,'skeeks\\cms\\relatedProperties\\propertyTypes\\PropertyTypeText','a:8:{s:4:\"code\";s:1:\"S\";s:4:\"name\";s:10:\"Текст\";s:13:\"default_value\";s:0:\"\";s:12:\"fieldElement\";s:9:\"textInput\";s:4:\"rows\";s:1:\"5\";s:2:\"id\";s:59:\"skeeks\\cms\\relatedProperties\\propertyTypes\\PropertyTypeText\";s:8:\"property\";a:15:{s:6:\"active\";s:1:\"Y\";s:8:\"priority\";s:3:\"500\";s:13:\"property_type\";s:1:\"S\";s:9:\"list_type\";s:1:\"L\";s:8:\"multiple\";s:1:\"N\";s:10:\"searchable\";s:1:\"N\";s:9:\"filtrable\";s:1:\"N\";s:7:\"version\";i:1;s:15:\"smart_filtrable\";s:1:\"N\";s:11:\"is_required\";s:0:\"\";s:4:\"name\";s:5:\"Email\";s:4:\"code\";s:5:\"email\";s:9:\"component\";s:59:\"skeeks\\cms\\relatedProperties\\propertyTypes\\PropertyTypeText\";s:4:\"hint\";s:0:\"\";s:10:\"content_id\";s:1:\"4\";}s:10:\"activeForm\";N;}','','N'),(5,1,1,1496597887,1499952036,'Street Address','address',4,'Y',6000,'S','L','N',NULL,'N','N','N','N',1,'skeeks\\cms\\relatedProperties\\propertyTypes\\PropertyTypeText','a:8:{s:4:\"code\";s:1:\"S\";s:4:\"name\";s:4:\"Text\";s:13:\"default_value\";s:0:\"\";s:12:\"fieldElement\";s:8:\"textarea\";s:4:\"rows\";s:1:\"5\";s:2:\"id\";s:59:\"skeeks\\cms\\relatedProperties\\propertyTypes\\PropertyTypeText\";s:8:\"property\";a:23:{s:2:\"id\";i:5;s:10:\"created_by\";i:1;s:10:\"updated_by\";i:1;s:10:\"created_at\";i:1496597887;s:10:\"updated_at\";i:1496885798;s:4:\"name\";s:14:\"Street Address\";s:4:\"code\";s:7:\"address\";s:10:\"content_id\";s:1:\"4\";s:6:\"active\";s:1:\"Y\";s:8:\"priority\";s:4:\"6000\";s:13:\"property_type\";s:1:\"S\";s:9:\"list_type\";s:1:\"L\";s:8:\"multiple\";s:1:\"N\";s:12:\"multiple_cnt\";N;s:16:\"with_description\";s:1:\"N\";s:10:\"searchable\";s:1:\"N\";s:9:\"filtrable\";s:1:\"N\";s:11:\"is_required\";s:1:\"N\";s:7:\"version\";i:1;s:9:\"component\";s:59:\"skeeks\\cms\\relatedProperties\\propertyTypes\\PropertyTypeText\";s:18:\"component_settings\";a:8:{s:4:\"code\";s:1:\"S\";s:4:\"name\";s:10:\"Текст\";s:13:\"default_value\";s:0:\"\";s:12:\"fieldElement\";s:8:\"textarea\";s:4:\"rows\";s:1:\"5\";s:2:\"id\";s:59:\"skeeks\\cms\\relatedProperties\\propertyTypes\\PropertyTypeText\";s:8:\"property\";a:15:{s:6:\"active\";s:1:\"Y\";s:8:\"priority\";s:3:\"500\";s:13:\"property_type\";s:1:\"S\";s:9:\"list_type\";s:1:\"L\";s:8:\"multiple\";s:1:\"N\";s:10:\"searchable\";s:1:\"N\";s:9:\"filtrable\";s:1:\"N\";s:7:\"version\";i:1;s:15:\"smart_filtrable\";s:1:\"N\";s:11:\"is_required\";s:0:\"\";s:4:\"name\";s:7:\"Address\";s:4:\"code\";s:7:\"address\";s:9:\"component\";s:59:\"skeeks\\cms\\relatedProperties\\propertyTypes\\PropertyTypeText\";s:4:\"hint\";s:0:\"\";s:10:\"content_id\";s:1:\"4\";}s:10:\"activeForm\";N;}s:4:\"hint\";s:0:\"\";s:15:\"smart_filtrable\";s:1:\"N\";}s:10:\"activeForm\";N;}','','N'),(6,1,1,1496598030,1500389658,'Rating','rating',5,'Y',2000,'N','L','N',NULL,'N','N','N','N',1,'skeeks\\cms\\relatedProperties\\propertyTypes\\PropertyTypeNumber','a:6:{s:4:\"code\";s:1:\"N\";s:4:\"name\";s:6:\"Number\";s:13:\"default_value\";s:0:\"\";s:2:\"id\";s:61:\"skeeks\\cms\\relatedProperties\\propertyTypes\\PropertyTypeNumber\";s:8:\"property\";a:23:{s:2:\"id\";i:6;s:10:\"created_by\";i:1;s:10:\"updated_by\";i:1;s:10:\"created_at\";i:1496598030;s:10:\"updated_at\";i:1498554576;s:4:\"name\";s:6:\"Rating\";s:4:\"code\";s:6:\"rating\";s:10:\"content_id\";s:1:\"5\";s:6:\"active\";s:1:\"Y\";s:8:\"priority\";s:4:\"2000\";s:13:\"property_type\";s:1:\"N\";s:9:\"list_type\";s:1:\"L\";s:8:\"multiple\";s:1:\"N\";s:12:\"multiple_cnt\";N;s:16:\"with_description\";s:1:\"N\";s:10:\"searchable\";s:1:\"N\";s:9:\"filtrable\";s:1:\"N\";s:11:\"is_required\";s:1:\"N\";s:7:\"version\";i:1;s:9:\"component\";s:61:\"skeeks\\cms\\relatedProperties\\propertyTypes\\PropertyTypeNumber\";s:18:\"component_settings\";a:6:{s:4:\"code\";s:1:\"N\";s:4:\"name\";s:10:\"Число\";s:13:\"default_value\";s:0:\"\";s:2:\"id\";s:61:\"skeeks\\cms\\relatedProperties\\propertyTypes\\PropertyTypeNumber\";s:8:\"property\";a:15:{s:6:\"active\";s:1:\"Y\";s:8:\"priority\";s:3:\"500\";s:13:\"property_type\";s:1:\"S\";s:9:\"list_type\";s:1:\"L\";s:8:\"multiple\";s:1:\"N\";s:10:\"searchable\";s:1:\"N\";s:9:\"filtrable\";s:1:\"N\";s:7:\"version\";i:1;s:15:\"smart_filtrable\";s:1:\"N\";s:11:\"is_required\";s:0:\"\";s:4:\"name\";s:6:\"Rating\";s:4:\"code\";s:6:\"rating\";s:9:\"component\";s:61:\"skeeks\\cms\\relatedProperties\\propertyTypes\\PropertyTypeNumber\";s:4:\"hint\";s:0:\"\";s:10:\"content_id\";s:1:\"5\";}s:10:\"activeForm\";N;}s:4:\"hint\";s:26:\"Integer value from 1 to 5.\";s:15:\"smart_filtrable\";s:1:\"N\";}s:10:\"activeForm\";N;}','Integer value from 1 to 5.','N'),(7,1,2,1496600506,1500201235,'Service','service',5,'Y',3000,'L','L','N',NULL,'N','N','N','N',1,'skeeks\\cms\\relatedProperties\\propertyTypes\\PropertyTypeList','a:7:{s:9:\"enumRoute\";s:35:\"cms/admin-cms-content-property-enum\";s:4:\"code\";s:1:\"L\";s:4:\"name\";s:4:\"List\";s:12:\"fieldElement\";s:6:\"select\";s:2:\"id\";s:59:\"skeeks\\cms\\relatedProperties\\propertyTypes\\PropertyTypeList\";s:8:\"property\";a:23:{s:2:\"id\";i:7;s:10:\"created_by\";i:1;s:10:\"updated_by\";i:1;s:10:\"created_at\";i:1496600506;s:10:\"updated_at\";i:1498733960;s:4:\"name\";s:7:\"Service\";s:4:\"code\";s:7:\"service\";s:10:\"content_id\";s:1:\"5\";s:6:\"active\";s:1:\"Y\";s:8:\"priority\";s:4:\"3000\";s:13:\"property_type\";s:1:\"L\";s:9:\"list_type\";s:1:\"L\";s:8:\"multiple\";s:1:\"N\";s:12:\"multiple_cnt\";N;s:16:\"with_description\";s:1:\"N\";s:10:\"searchable\";s:1:\"N\";s:9:\"filtrable\";s:1:\"N\";s:11:\"is_required\";s:1:\"N\";s:7:\"version\";i:1;s:9:\"component\";s:59:\"skeeks\\cms\\relatedProperties\\propertyTypes\\PropertyTypeList\";s:18:\"component_settings\";a:7:{s:9:\"enumRoute\";s:35:\"cms/admin-cms-content-property-enum\";s:4:\"code\";s:1:\"L\";s:4:\"name\";s:4:\"List\";s:12:\"fieldElement\";s:6:\"select\";s:2:\"id\";s:59:\"skeeks\\cms\\relatedProperties\\propertyTypes\\PropertyTypeList\";s:8:\"property\";a:23:{s:2:\"id\";i:7;s:10:\"created_by\";i:1;s:10:\"updated_by\";i:1;s:10:\"created_at\";i:1496600506;s:10:\"updated_at\";i:1498554576;s:4:\"name\";s:7:\"Service\";s:4:\"code\";s:7:\"service\";s:10:\"content_id\";s:1:\"5\";s:6:\"active\";s:1:\"Y\";s:8:\"priority\";s:4:\"3000\";s:13:\"property_type\";s:1:\"L\";s:9:\"list_type\";s:1:\"L\";s:8:\"multiple\";s:1:\"N\";s:12:\"multiple_cnt\";N;s:16:\"with_description\";s:1:\"N\";s:10:\"searchable\";s:1:\"N\";s:9:\"filtrable\";s:1:\"N\";s:11:\"is_required\";s:1:\"N\";s:7:\"version\";i:1;s:9:\"component\";s:59:\"skeeks\\cms\\relatedProperties\\propertyTypes\\PropertyTypeList\";s:18:\"component_settings\";a:7:{s:9:\"enumRoute\";s:35:\"cms/admin-cms-content-property-enum\";s:4:\"code\";s:1:\"L\";s:4:\"name\";s:12:\"Список\";s:12:\"fieldElement\";s:6:\"select\";s:2:\"id\";s:59:\"skeeks\\cms\\relatedProperties\\propertyTypes\\PropertyTypeList\";s:8:\"property\";a:23:{s:2:\"id\";i:7;s:10:\"created_by\";i:1;s:10:\"updated_by\";i:1;s:10:\"created_at\";i:1496600506;s:10:\"updated_at\";i:1496600552;s:4:\"name\";s:7:\"Service\";s:4:\"code\";s:7:\"service\";s:10:\"content_id\";s:1:\"5\";s:6:\"active\";s:1:\"Y\";s:8:\"priority\";s:3:\"500\";s:13:\"property_type\";s:1:\"L\";s:9:\"list_type\";s:1:\"L\";s:8:\"multiple\";s:1:\"N\";s:12:\"multiple_cnt\";N;s:16:\"with_description\";s:1:\"N\";s:10:\"searchable\";s:1:\"N\";s:9:\"filtrable\";s:1:\"N\";s:11:\"is_required\";s:1:\"N\";s:7:\"version\";i:1;s:9:\"component\";s:59:\"skeeks\\cms\\relatedProperties\\propertyTypes\\PropertyTypeList\";s:18:\"component_settings\";a:7:{s:9:\"enumRoute\";s:35:\"cms/admin-cms-content-property-enum\";s:4:\"code\";s:1:\"L\";s:4:\"name\";s:12:\"Список\";s:12:\"fieldElement\";s:6:\"select\";s:2:\"id\";s:59:\"skeeks\\cms\\relatedProperties\\propertyTypes\\PropertyTypeList\";s:8:\"property\";a:23:{s:2:\"id\";i:7;s:10:\"created_by\";i:1;s:10:\"updated_by\";i:1;s:10:\"created_at\";i:1496600506;s:10:\"updated_at\";i:1496600506;s:4:\"name\";s:7:\"Service\";s:4:\"code\";s:7:\"service\";s:10:\"content_id\";s:1:\"5\";s:6:\"active\";s:1:\"Y\";s:8:\"priority\";s:3:\"500\";s:13:\"property_type\";s:1:\"L\";s:9:\"list_type\";s:1:\"L\";s:8:\"multiple\";s:1:\"N\";s:12:\"multiple_cnt\";N;s:16:\"with_description\";s:1:\"N\";s:10:\"searchable\";s:1:\"N\";s:9:\"filtrable\";s:1:\"N\";s:11:\"is_required\";s:1:\"N\";s:7:\"version\";i:1;s:9:\"component\";s:59:\"skeeks\\cms\\relatedProperties\\propertyTypes\\PropertyTypeList\";s:18:\"component_settings\";a:7:{s:9:\"enumRoute\";s:35:\"cms/admin-cms-content-property-enum\";s:4:\"code\";s:1:\"L\";s:4:\"name\";s:12:\"Список\";s:12:\"fieldElement\";s:6:\"select\";s:2:\"id\";s:59:\"skeeks\\cms\\relatedProperties\\propertyTypes\\PropertyTypeList\";s:8:\"property\";a:15:{s:6:\"active\";s:1:\"Y\";s:8:\"priority\";s:3:\"500\";s:13:\"property_type\";s:1:\"S\";s:9:\"list_type\";s:1:\"L\";s:8:\"multiple\";s:1:\"N\";s:10:\"searchable\";s:1:\"N\";s:9:\"filtrable\";s:1:\"N\";s:7:\"version\";i:1;s:15:\"smart_filtrable\";s:1:\"N\";s:11:\"is_required\";s:0:\"\";s:4:\"name\";s:7:\"Service\";s:4:\"code\";s:7:\"service\";s:9:\"component\";s:59:\"skeeks\\cms\\relatedProperties\\propertyTypes\\PropertyTypeList\";s:4:\"hint\";s:0:\"\";s:10:\"content_id\";s:1:\"5\";}s:10:\"activeForm\";N;}s:4:\"hint\";s:0:\"\";s:15:\"smart_filtrable\";s:1:\"N\";}s:10:\"activeForm\";N;}s:4:\"hint\";s:0:\"\";s:15:\"smart_filtrable\";s:1:\"N\";}s:10:\"activeForm\";N;}s:4:\"hint\";s:0:\"\";s:15:\"smart_filtrable\";s:1:\"N\";}s:10:\"activeForm\";N;}s:4:\"hint\";s:0:\"\";s:15:\"smart_filtrable\";s:1:\"N\";}s:10:\"activeForm\";N;}','','N'),(8,1,2,1496600579,1500201137,'Product','product',5,'Y',4000,'L','L','N',NULL,'N','N','N','N',1,'skeeks\\cms\\relatedProperties\\propertyTypes\\PropertyTypeList','a:7:{s:9:\"enumRoute\";s:35:\"cms/admin-cms-content-property-enum\";s:4:\"code\";s:1:\"L\";s:4:\"name\";s:4:\"List\";s:12:\"fieldElement\";s:6:\"select\";s:2:\"id\";s:59:\"skeeks\\cms\\relatedProperties\\propertyTypes\\PropertyTypeList\";s:8:\"property\";a:23:{s:2:\"id\";i:8;s:10:\"created_by\";i:1;s:10:\"updated_by\";i:1;s:10:\"created_at\";i:1496600579;s:10:\"updated_at\";i:1498734017;s:4:\"name\";s:7:\"Product\";s:4:\"code\";s:7:\"product\";s:10:\"content_id\";s:1:\"5\";s:6:\"active\";s:1:\"Y\";s:8:\"priority\";s:4:\"4000\";s:13:\"property_type\";s:1:\"L\";s:9:\"list_type\";s:1:\"L\";s:8:\"multiple\";s:1:\"N\";s:12:\"multiple_cnt\";N;s:16:\"with_description\";s:1:\"N\";s:10:\"searchable\";s:1:\"N\";s:9:\"filtrable\";s:1:\"N\";s:11:\"is_required\";s:1:\"N\";s:7:\"version\";i:1;s:9:\"component\";s:59:\"skeeks\\cms\\relatedProperties\\propertyTypes\\PropertyTypeList\";s:18:\"component_settings\";a:7:{s:9:\"enumRoute\";s:35:\"cms/admin-cms-content-property-enum\";s:4:\"code\";s:1:\"L\";s:4:\"name\";s:4:\"List\";s:12:\"fieldElement\";s:6:\"select\";s:2:\"id\";s:59:\"skeeks\\cms\\relatedProperties\\propertyTypes\\PropertyTypeList\";s:8:\"property\";a:23:{s:2:\"id\";i:8;s:10:\"created_by\";i:1;s:10:\"updated_by\";i:1;s:10:\"created_at\";i:1496600579;s:10:\"updated_at\";i:1498554576;s:4:\"name\";s:7:\"Product\";s:4:\"code\";s:7:\"product\";s:10:\"content_id\";s:1:\"5\";s:6:\"active\";s:1:\"Y\";s:8:\"priority\";s:4:\"4000\";s:13:\"property_type\";s:1:\"L\";s:9:\"list_type\";s:1:\"L\";s:8:\"multiple\";s:1:\"N\";s:12:\"multiple_cnt\";N;s:16:\"with_description\";s:1:\"N\";s:10:\"searchable\";s:1:\"N\";s:9:\"filtrable\";s:1:\"N\";s:11:\"is_required\";s:1:\"N\";s:7:\"version\";i:1;s:9:\"component\";s:59:\"skeeks\\cms\\relatedProperties\\propertyTypes\\PropertyTypeList\";s:18:\"component_settings\";a:7:{s:9:\"enumRoute\";s:35:\"cms/admin-cms-content-property-enum\";s:4:\"code\";s:1:\"L\";s:4:\"name\";s:12:\"Список\";s:12:\"fieldElement\";s:6:\"select\";s:2:\"id\";s:59:\"skeeks\\cms\\relatedProperties\\propertyTypes\\PropertyTypeList\";s:8:\"property\";a:15:{s:6:\"active\";s:1:\"Y\";s:8:\"priority\";s:3:\"500\";s:13:\"property_type\";s:1:\"S\";s:9:\"list_type\";s:1:\"L\";s:8:\"multiple\";s:1:\"N\";s:10:\"searchable\";s:1:\"N\";s:9:\"filtrable\";s:1:\"N\";s:7:\"version\";i:1;s:15:\"smart_filtrable\";s:1:\"N\";s:11:\"is_required\";s:0:\"\";s:4:\"name\";s:7:\"Product\";s:4:\"code\";s:7:\"product\";s:9:\"component\";s:59:\"skeeks\\cms\\relatedProperties\\propertyTypes\\PropertyTypeList\";s:4:\"hint\";s:0:\"\";s:10:\"content_id\";s:1:\"5\";}s:10:\"activeForm\";N;}s:4:\"hint\";s:0:\"\";s:15:\"smart_filtrable\";s:1:\"N\";}s:10:\"activeForm\";N;}s:4:\"hint\";s:0:\"\";s:15:\"smart_filtrable\";s:1:\"N\";}s:10:\"activeForm\";N;}','','N'),(9,1,1,1496602261,1498554576,'Review','reviewMessage',5,'Y',5000,'S','L','N',NULL,'N','N','N','Y',1,'skeeks\\cms\\relatedProperties\\propertyTypes\\PropertyTypeText','a:8:{s:4:\"code\";s:1:\"S\";s:4:\"name\";s:10:\"Текст\";s:13:\"default_value\";s:0:\"\";s:12:\"fieldElement\";s:8:\"textarea\";s:4:\"rows\";s:1:\"5\";s:2:\"id\";s:59:\"skeeks\\cms\\relatedProperties\\propertyTypes\\PropertyTypeText\";s:8:\"property\";a:23:{s:2:\"id\";i:9;s:10:\"created_by\";i:1;s:10:\"updated_by\";i:1;s:10:\"created_at\";i:1496602261;s:10:\"updated_at\";i:1496602261;s:4:\"name\";s:6:\"Review\";s:4:\"code\";s:13:\"reviewMessage\";s:10:\"content_id\";s:1:\"5\";s:6:\"active\";s:1:\"Y\";s:8:\"priority\";s:3:\"500\";s:13:\"property_type\";s:1:\"S\";s:9:\"list_type\";s:1:\"L\";s:8:\"multiple\";s:1:\"N\";s:12:\"multiple_cnt\";N;s:16:\"with_description\";s:1:\"N\";s:10:\"searchable\";s:1:\"N\";s:9:\"filtrable\";s:1:\"N\";s:11:\"is_required\";s:1:\"Y\";s:7:\"version\";i:1;s:9:\"component\";s:59:\"skeeks\\cms\\relatedProperties\\propertyTypes\\PropertyTypeText\";s:18:\"component_settings\";a:8:{s:4:\"code\";s:1:\"S\";s:4:\"name\";s:10:\"Текст\";s:13:\"default_value\";s:0:\"\";s:12:\"fieldElement\";s:8:\"textarea\";s:4:\"rows\";s:1:\"5\";s:2:\"id\";s:59:\"skeeks\\cms\\relatedProperties\\propertyTypes\\PropertyTypeText\";s:8:\"property\";a:15:{s:6:\"active\";s:1:\"Y\";s:8:\"priority\";s:3:\"500\";s:13:\"property_type\";s:1:\"S\";s:9:\"list_type\";s:1:\"L\";s:8:\"multiple\";s:1:\"N\";s:10:\"searchable\";s:1:\"N\";s:9:\"filtrable\";s:1:\"N\";s:7:\"version\";i:1;s:15:\"smart_filtrable\";s:1:\"N\";s:11:\"is_required\";s:0:\"\";s:4:\"name\";s:6:\"Review\";s:4:\"code\";s:13:\"reviewMessage\";s:9:\"component\";s:59:\"skeeks\\cms\\relatedProperties\\propertyTypes\\PropertyTypeText\";s:4:\"hint\";s:0:\"\";s:10:\"content_id\";s:1:\"5\";}s:10:\"activeForm\";N;}s:4:\"hint\";s:0:\"\";s:15:\"smart_filtrable\";s:1:\"N\";}s:10:\"activeForm\";N;}','','N'),(10,1,1,1496602292,1498554576,'Response','reviewResponse',5,'Y',6000,'S','L','N',NULL,'N','N','N','N',1,'skeeks\\cms\\relatedProperties\\userPropertyTypes\\UserPropertyTypeComboText','a:5:{s:4:\"code\";s:1:\"S\";s:4:\"name\";s:24:\"Текст/CKEditor/HTML\";s:2:\"id\";s:72:\"skeeks\\cms\\relatedProperties\\userPropertyTypes\\UserPropertyTypeComboText\";s:8:\"property\";a:15:{s:6:\"active\";s:1:\"Y\";s:8:\"priority\";s:3:\"500\";s:13:\"property_type\";s:1:\"S\";s:9:\"list_type\";s:1:\"L\";s:8:\"multiple\";s:1:\"N\";s:10:\"searchable\";s:1:\"N\";s:9:\"filtrable\";s:1:\"N\";s:7:\"version\";i:1;s:15:\"smart_filtrable\";s:1:\"N\";s:11:\"is_required\";s:0:\"\";s:4:\"name\";s:8:\"Response\";s:4:\"code\";s:14:\"reviewResponse\";s:9:\"component\";s:72:\"skeeks\\cms\\relatedProperties\\userPropertyTypes\\UserPropertyTypeComboText\";s:4:\"hint\";s:0:\"\";s:10:\"content_id\";s:1:\"5\";}s:10:\"activeForm\";N;}','','N'),(11,1,1,1496766070,1496885798,'Latitude','lat',4,'Y',1000,'S','L','N',NULL,'N','N','N','N',1,'skeeks\\cms\\relatedProperties\\propertyTypes\\PropertyTypeText','a:8:{s:4:\"code\";s:1:\"S\";s:4:\"name\";s:10:\"Текст\";s:13:\"default_value\";s:0:\"\";s:12:\"fieldElement\";s:9:\"textInput\";s:4:\"rows\";s:1:\"1\";s:2:\"id\";s:59:\"skeeks\\cms\\relatedProperties\\propertyTypes\\PropertyTypeText\";s:8:\"property\";a:15:{s:6:\"active\";s:1:\"Y\";s:8:\"priority\";s:3:\"500\";s:13:\"property_type\";s:1:\"S\";s:9:\"list_type\";s:1:\"L\";s:8:\"multiple\";s:1:\"N\";s:10:\"searchable\";s:1:\"N\";s:9:\"filtrable\";s:1:\"N\";s:7:\"version\";i:1;s:15:\"smart_filtrable\";s:1:\"N\";s:11:\"is_required\";s:0:\"\";s:4:\"name\";s:8:\"Latitude\";s:4:\"code\";s:3:\"lat\";s:9:\"component\";s:59:\"skeeks\\cms\\relatedProperties\\propertyTypes\\PropertyTypeText\";s:4:\"hint\";s:0:\"\";s:10:\"content_id\";s:1:\"4\";}s:10:\"activeForm\";N;}','','N'),(12,1,1,1496766095,1496885798,'Longitude','lng',4,'Y',2000,'S','L','N',NULL,'N','N','N','N',1,'skeeks\\cms\\relatedProperties\\propertyTypes\\PropertyTypeText','a:8:{s:4:\"code\";s:1:\"S\";s:4:\"name\";s:10:\"Текст\";s:13:\"default_value\";s:0:\"\";s:12:\"fieldElement\";s:9:\"textInput\";s:4:\"rows\";s:1:\"1\";s:2:\"id\";s:59:\"skeeks\\cms\\relatedProperties\\propertyTypes\\PropertyTypeText\";s:8:\"property\";a:15:{s:6:\"active\";s:1:\"Y\";s:8:\"priority\";s:3:\"500\";s:13:\"property_type\";s:1:\"S\";s:9:\"list_type\";s:1:\"L\";s:8:\"multiple\";s:1:\"N\";s:10:\"searchable\";s:1:\"N\";s:9:\"filtrable\";s:1:\"N\";s:7:\"version\";i:1;s:15:\"smart_filtrable\";s:1:\"N\";s:11:\"is_required\";s:0:\"\";s:4:\"name\";s:9:\"Longitude\";s:4:\"code\";s:3:\"lng\";s:9:\"component\";s:59:\"skeeks\\cms\\relatedProperties\\propertyTypes\\PropertyTypeText\";s:4:\"hint\";s:0:\"\";s:10:\"content_id\";s:1:\"4\";}s:10:\"activeForm\";N;}','','N'),(13,1,1,1496885022,1496886249,'Area','cityArea',4,'Y',3000,'S','L','N',NULL,'N','N','N','N',1,'skeeks\\cms\\relatedProperties\\propertyTypes\\PropertyTypeText','a:8:{s:4:\"code\";s:1:\"S\";s:4:\"name\";s:10:\"Текст\";s:13:\"default_value\";s:0:\"\";s:12:\"fieldElement\";s:9:\"textInput\";s:4:\"rows\";s:1:\"5\";s:2:\"id\";s:59:\"skeeks\\cms\\relatedProperties\\propertyTypes\\PropertyTypeText\";s:8:\"property\";a:23:{s:2:\"id\";i:13;s:10:\"created_by\";i:1;s:10:\"updated_by\";i:1;s:10:\"created_at\";i:1496885022;s:10:\"updated_at\";i:1496885798;s:4:\"name\";s:4:\"Area\";s:4:\"code\";s:8:\"cityArea\";s:10:\"content_id\";s:1:\"4\";s:6:\"active\";s:1:\"Y\";s:8:\"priority\";s:4:\"3000\";s:13:\"property_type\";s:1:\"S\";s:9:\"list_type\";s:1:\"L\";s:8:\"multiple\";s:1:\"N\";s:12:\"multiple_cnt\";N;s:16:\"with_description\";s:1:\"N\";s:10:\"searchable\";s:1:\"N\";s:9:\"filtrable\";s:1:\"N\";s:11:\"is_required\";s:1:\"N\";s:7:\"version\";i:1;s:9:\"component\";s:59:\"skeeks\\cms\\relatedProperties\\propertyTypes\\PropertyTypeText\";s:18:\"component_settings\";a:8:{s:4:\"code\";s:1:\"S\";s:4:\"name\";s:10:\"Текст\";s:13:\"default_value\";s:0:\"\";s:12:\"fieldElement\";s:9:\"textInput\";s:4:\"rows\";s:1:\"5\";s:2:\"id\";s:59:\"skeeks\\cms\\relatedProperties\\propertyTypes\\PropertyTypeText\";s:8:\"property\";a:23:{s:2:\"id\";i:13;s:10:\"created_by\";i:1;s:10:\"updated_by\";i:1;s:10:\"created_at\";i:1496885022;s:10:\"updated_at\";i:1496885407;s:4:\"name\";s:26:\"Full city name (with area)\";s:4:\"code\";s:16:\"cityNameWithArea\";s:10:\"content_id\";s:1:\"4\";s:6:\"active\";s:1:\"Y\";s:8:\"priority\";s:3:\"500\";s:13:\"property_type\";s:1:\"S\";s:9:\"list_type\";s:1:\"L\";s:8:\"multiple\";s:1:\"N\";s:12:\"multiple_cnt\";N;s:16:\"with_description\";s:1:\"N\";s:10:\"searchable\";s:1:\"N\";s:9:\"filtrable\";s:1:\"N\";s:11:\"is_required\";s:1:\"N\";s:7:\"version\";i:1;s:9:\"component\";s:59:\"skeeks\\cms\\relatedProperties\\propertyTypes\\PropertyTypeText\";s:18:\"component_settings\";a:8:{s:4:\"code\";s:1:\"S\";s:4:\"name\";s:10:\"Текст\";s:13:\"default_value\";s:0:\"\";s:12:\"fieldElement\";s:9:\"textInput\";s:4:\"rows\";s:1:\"5\";s:2:\"id\";s:59:\"skeeks\\cms\\relatedProperties\\propertyTypes\\PropertyTypeText\";s:8:\"property\";a:23:{s:2:\"id\";i:13;s:10:\"created_by\";i:1;s:10:\"updated_by\";i:1;s:10:\"created_at\";i:1496885022;s:10:\"updated_at\";i:1496885022;s:4:\"name\";s:26:\"Full city name (with area)\";s:4:\"code\";s:16:\"cityNameWithArea\";s:10:\"content_id\";s:1:\"4\";s:6:\"active\";s:1:\"Y\";s:8:\"priority\";s:3:\"500\";s:13:\"property_type\";s:1:\"S\";s:9:\"list_type\";s:1:\"L\";s:8:\"multiple\";s:1:\"N\";s:12:\"multiple_cnt\";N;s:16:\"with_description\";s:1:\"N\";s:10:\"searchable\";s:1:\"N\";s:9:\"filtrable\";s:1:\"N\";s:11:\"is_required\";s:1:\"N\";s:7:\"version\";i:1;s:9:\"component\";s:59:\"skeeks\\cms\\relatedProperties\\propertyTypes\\PropertyTypeText\";s:18:\"component_settings\";a:8:{s:4:\"code\";s:1:\"S\";s:4:\"name\";s:10:\"Текст\";s:13:\"default_value\";s:0:\"\";s:12:\"fieldElement\";s:9:\"textInput\";s:4:\"rows\";s:1:\"5\";s:2:\"id\";s:59:\"skeeks\\cms\\relatedProperties\\propertyTypes\\PropertyTypeText\";s:8:\"property\";a:15:{s:6:\"active\";s:1:\"Y\";s:8:\"priority\";s:3:\"500\";s:13:\"property_type\";s:1:\"S\";s:9:\"list_type\";s:1:\"L\";s:8:\"multiple\";s:1:\"N\";s:10:\"searchable\";s:1:\"N\";s:9:\"filtrable\";s:1:\"N\";s:7:\"version\";i:1;s:15:\"smart_filtrable\";s:1:\"N\";s:11:\"is_required\";s:0:\"\";s:4:\"name\";s:26:\"Full city name (with area)\";s:4:\"code\";s:14:\"cityFirstRowH1\";s:9:\"component\";s:59:\"skeeks\\cms\\relatedProperties\\propertyTypes\\PropertyTypeText\";s:4:\"hint\";s:68:\"Showing in Rating & Reviews second row, for example: Simi Valley, CA\";s:10:\"content_id\";s:1:\"4\";}s:10:\"activeForm\";N;}s:4:\"hint\";s:68:\"Showing in Rating & Reviews second row, for example: Simi Valley, CA\";s:15:\"smart_filtrable\";s:1:\"N\";}s:10:\"activeForm\";N;}s:4:\"hint\";s:72:\"Showing in Rating & Reviews second row(H1), for example: Simi Valley, CA\";s:15:\"smart_filtrable\";s:1:\"N\";}s:10:\"activeForm\";N;}s:4:\"hint\";s:80:\"for example, CA. It\'s using in places where need full city name: Los Angeles, CA\";s:15:\"smart_filtrable\";s:1:\"N\";}s:10:\"activeForm\";N;}','for example, CA. It\'s using in places where need full city name: Los Angeles, CA','N'),(14,1,1,1498554485,1498554576,'H1 subtitle for review','h1Subtitle',5,'Y',1000,'S','L','N',NULL,'N','N','N','Y',1,'skeeks\\cms\\relatedProperties\\propertyTypes\\PropertyTypeText','a:8:{s:4:\"code\";s:1:\"S\";s:4:\"name\";s:4:\"Text\";s:13:\"default_value\";s:0:\"\";s:12:\"fieldElement\";s:9:\"textInput\";s:4:\"rows\";s:1:\"5\";s:2:\"id\";s:59:\"skeeks\\cms\\relatedProperties\\propertyTypes\\PropertyTypeText\";s:8:\"property\";a:15:{s:6:\"active\";s:1:\"Y\";s:8:\"priority\";s:3:\"500\";s:13:\"property_type\";s:1:\"S\";s:9:\"list_type\";s:1:\"L\";s:8:\"multiple\";s:1:\"N\";s:10:\"searchable\";s:1:\"N\";s:9:\"filtrable\";s:1:\"N\";s:7:\"version\";i:1;s:15:\"smart_filtrable\";s:1:\"N\";s:11:\"is_required\";s:1:\"Y\";s:4:\"name\";s:22:\"H1 subtitle for review\";s:4:\"code\";s:10:\"h1Subtitle\";s:9:\"component\";s:59:\"skeeks\\cms\\relatedProperties\\propertyTypes\\PropertyTypeText\";s:4:\"hint\";s:0:\"\";s:10:\"content_id\";s:1:\"5\";}s:10:\"activeForm\";N;}','','N'),(15,1,1,1499951133,1499951497,'Postal Code','postalCode',4,'Y',2500,'S','L','N',NULL,'N','N','N','N',1,'skeeks\\cms\\relatedProperties\\propertyTypes\\PropertyTypeText','a:8:{s:4:\"code\";s:1:\"S\";s:4:\"name\";s:4:\"Text\";s:13:\"default_value\";s:0:\"\";s:12:\"fieldElement\";s:9:\"textInput\";s:4:\"rows\";s:1:\"5\";s:2:\"id\";s:59:\"skeeks\\cms\\relatedProperties\\propertyTypes\\PropertyTypeText\";s:8:\"property\";a:23:{s:2:\"id\";i:15;s:10:\"created_by\";i:1;s:10:\"updated_by\";i:1;s:10:\"created_at\";i:1499951133;s:10:\"updated_at\";i:1499951133;s:4:\"name\";s:11:\"Postal Code\";s:4:\"code\";s:10:\"postalCode\";s:10:\"content_id\";s:1:\"4\";s:6:\"active\";s:1:\"Y\";s:8:\"priority\";s:4:\"2500\";s:13:\"property_type\";s:1:\"S\";s:9:\"list_type\";s:1:\"L\";s:8:\"multiple\";s:1:\"N\";s:12:\"multiple_cnt\";N;s:16:\"with_description\";s:1:\"N\";s:10:\"searchable\";s:1:\"N\";s:9:\"filtrable\";s:1:\"N\";s:11:\"is_required\";s:1:\"N\";s:7:\"version\";i:1;s:9:\"component\";s:59:\"skeeks\\cms\\relatedProperties\\propertyTypes\\PropertyTypeText\";s:18:\"component_settings\";a:8:{s:4:\"code\";s:1:\"S\";s:4:\"name\";s:4:\"Text\";s:13:\"default_value\";s:0:\"\";s:12:\"fieldElement\";s:9:\"textInput\";s:4:\"rows\";s:1:\"5\";s:2:\"id\";s:59:\"skeeks\\cms\\relatedProperties\\propertyTypes\\PropertyTypeText\";s:8:\"property\";a:15:{s:6:\"active\";s:1:\"Y\";s:8:\"priority\";s:3:\"500\";s:13:\"property_type\";s:1:\"S\";s:9:\"list_type\";s:1:\"L\";s:8:\"multiple\";s:1:\"N\";s:10:\"searchable\";s:1:\"N\";s:9:\"filtrable\";s:1:\"N\";s:7:\"version\";i:1;s:15:\"smart_filtrable\";s:1:\"N\";s:11:\"is_required\";s:0:\"\";s:4:\"name\";s:11:\"Postal Code\";s:4:\"code\";s:10:\"postalCode\";s:9:\"component\";s:59:\"skeeks\\cms\\relatedProperties\\propertyTypes\\PropertyTypeText\";s:4:\"hint\";s:0:\"\";s:10:\"content_id\";s:1:\"4\";}s:10:\"activeForm\";N;}s:4:\"hint\";s:0:\"\";s:15:\"smart_filtrable\";s:1:\"N\";}s:10:\"activeForm\";N;}','','N');
COMMIT;

--
-- Table structure for table `cms_content_property_enum`
--

CREATE TABLE `cms_content_property_enum` (
  `id` int(11) NOT NULL AUTO_INCREMENT,
  `created_by` int(11) DEFAULT NULL,
  `updated_by` int(11) DEFAULT NULL,
  `created_at` int(11) DEFAULT NULL,
  `updated_at` int(11) DEFAULT NULL,
  `property_id` int(11) DEFAULT NULL,
  `value` varchar(255) NOT NULL,
  `def` char(1) NOT NULL DEFAULT 'N',
  `code` varchar(32) NOT NULL,
  `priority` int(11) NOT NULL DEFAULT '500',
  PRIMARY KEY (`id`),
  KEY `updated_by` (`updated_by`),
  KEY `created_by` (`created_by`),
  KEY `created_at` (`created_at`),
  KEY `updated_at` (`updated_at`),
  KEY `property_id` (`property_id`),
  KEY `def` (`def`),
  KEY `code` (`code`),
  KEY `priority` (`priority`),
  KEY `value` (`value`),
  CONSTRAINT `cms_content_property_enum_created_by` FOREIGN KEY (`created_by`) REFERENCES `cms_user` (`id`),
  CONSTRAINT `cms_content_property_enum_property_id` FOREIGN KEY (`property_id`) REFERENCES `cms_content_property` (`id`) ON DELETE CASCADE ON UPDATE CASCADE,
  CONSTRAINT `cms_content_property_enum_updated_by` FOREIGN KEY (`updated_by`) REFERENCES `cms_user` (`id`)
) ENGINE=InnoDB AUTO_INCREMENT=9 DEFAULT CHARSET=utf8 COMMENT='Справочник значений свойств типа список';

--
-- Dumping data for table `cms_content_property_enum`
--

SET autocommit=0;
INSERT INTO `cms_content_property_enum` VALUES (1,1,2,1496600544,1500201169,7,'Door Repair','N','reviewService1',500),(2,1,2,1496600600,1500201126,8,'Garage Door','N','reviewProduct1',500),(3,1,2,1496600622,1500201064,8,'Garage Door Openers','N','reviewProduct2',500),(4,1,2,1496600661,1500201186,7,'Garage Door Cable Repair','N','reviewService2',500),(5,1,2,1498733952,1500201206,7,'Garage Door Openers Repair','N','520e745c3c34f71c292e49ca78f61233',500),(6,1,2,1498733987,1500201088,8,'Garage Door Cable','N','4169da7206aaf8cb7530516040d620c2',500),(7,1,2,1498745105,1500201224,7,'Garage Door Spring Repair','N','5e2a5e9067bdeff3176ed4834f51a1e9',500),(8,1,2,1498745146,1500201114,8,'Garage Door Spring','N','544278f3ab01c8245ad971097756a046',500);
COMMIT;

--
-- Table structure for table `cms_content_type`
--

CREATE TABLE `cms_content_type` (
  `id` int(11) NOT NULL AUTO_INCREMENT,
  `created_by` int(11) DEFAULT NULL,
  `updated_by` int(11) DEFAULT NULL,
  `created_at` int(11) DEFAULT NULL,
  `updated_at` int(11) DEFAULT NULL,
  `files` text,
  `priority` int(11) NOT NULL DEFAULT '500',
  `name` varchar(255) NOT NULL,
  `code` varchar(32) NOT NULL,
  PRIMARY KEY (`id`),
  UNIQUE KEY `code` (`code`),
  KEY `updated_by` (`updated_by`),
  KEY `created_by` (`created_by`),
  KEY `created_at` (`created_at`),
  KEY `updated_at` (`updated_at`),
  KEY `priority` (`priority`),
  KEY `name` (`name`),
  CONSTRAINT `cms_content_type_created_by` FOREIGN KEY (`created_by`) REFERENCES `cms_user` (`id`) ON DELETE SET NULL ON UPDATE SET NULL,
  CONSTRAINT `cms_content_type_updated_by` FOREIGN KEY (`updated_by`) REFERENCES `cms_user` (`id`) ON DELETE SET NULL ON UPDATE SET NULL
) ENGINE=InnoDB AUTO_INCREMENT=5 DEFAULT CHARSET=utf8;

--
-- Dumping data for table `cms_content_type`
--

SET autocommit=0;
INSERT INTO `cms_content_type` VALUES (2,1,1,1443696547,1496597288,NULL,500,'Other','other'),(4,1,1,1496597265,1498371218,NULL,500,'Data','data');
COMMIT;

--
-- Table structure for table `cms_dashboard`
--

CREATE TABLE `cms_dashboard` (
  `id` int(11) NOT NULL AUTO_INCREMENT,
  `created_by` int(11) DEFAULT NULL,
  `updated_by` int(11) DEFAULT NULL,
  `created_at` int(11) DEFAULT NULL,
  `updated_at` int(11) DEFAULT NULL,
  `name` varchar(255) NOT NULL,
  `cms_user_id` int(11) DEFAULT NULL,
  `priority` int(11) NOT NULL DEFAULT '100',
  `columns` int(11) unsigned NOT NULL DEFAULT '1',
  `columns_settings` text,
  PRIMARY KEY (`id`),
  KEY `updated_by` (`updated_by`),
  KEY `created_by` (`created_by`),
  KEY `created_at` (`created_at`),
  KEY `updated_at` (`updated_at`),
  KEY `name` (`name`),
  KEY `cms_user_id` (`cms_user_id`),
  KEY `priority` (`priority`),
  KEY `columns` (`columns`),
  CONSTRAINT `cms_dashboard__cms_user_id` FOREIGN KEY (`cms_user_id`) REFERENCES `cms_user` (`id`) ON DELETE CASCADE ON UPDATE CASCADE,
  CONSTRAINT `cms_dashboard_created_by` FOREIGN KEY (`created_by`) REFERENCES `cms_user` (`id`) ON DELETE SET NULL ON UPDATE SET NULL,
  CONSTRAINT `cms_dashboard_updated_by` FOREIGN KEY (`updated_by`) REFERENCES `cms_user` (`id`) ON DELETE SET NULL ON UPDATE SET NULL
) ENGINE=InnoDB AUTO_INCREMENT=3 DEFAULT CHARSET=utf8 COMMENT='Рабочий стол';

--
-- Dumping data for table `cms_dashboard`
--

SET autocommit=0;
INSERT INTO `cms_dashboard` VALUES (1,1,1,1455882076,1498128476,'Dashboard #1 (General info)',NULL,100,2,NULL),(2,1,1,1455882157,1498128536,'Dashboard #2 (Content)',NULL,100,3,NULL);
COMMIT;

--
-- Table structure for table `cms_dashboard_widget`
--

CREATE TABLE `cms_dashboard_widget` (
  `id` int(11) NOT NULL AUTO_INCREMENT,
  `created_by` int(11) DEFAULT NULL,
  `updated_by` int(11) DEFAULT NULL,
  `created_at` int(11) DEFAULT NULL,
  `updated_at` int(11) DEFAULT NULL,
  `cms_dashboard_id` int(11) NOT NULL,
  `cms_dashboard_column` int(11) NOT NULL DEFAULT '1',
  `priority` int(11) NOT NULL DEFAULT '100',
  `component` varchar(255) NOT NULL,
  `component_settings` text,
  PRIMARY KEY (`id`),
  KEY `updated_by` (`updated_by`),
  KEY `created_by` (`created_by`),
  KEY `created_at` (`created_at`),
  KEY `updated_at` (`updated_at`),
  KEY `priority` (`priority`),
  KEY `component` (`component`),
  KEY `cms_dashboard_id` (`cms_dashboard_id`),
  KEY `cms_dashboard_column` (`cms_dashboard_column`),
  CONSTRAINT `cms_dashboard_widget__cms_dashboard_id` FOREIGN KEY (`cms_dashboard_id`) REFERENCES `cms_dashboard` (`id`) ON DELETE CASCADE ON UPDATE CASCADE,
  CONSTRAINT `cms_dashboard_widget_created_by` FOREIGN KEY (`created_by`) REFERENCES `cms_user` (`id`) ON DELETE SET NULL ON UPDATE SET NULL,
  CONSTRAINT `cms_dashboard_widget_updated_by` FOREIGN KEY (`updated_by`) REFERENCES `cms_user` (`id`) ON DELETE SET NULL ON UPDATE SET NULL
) ENGINE=InnoDB AUTO_INCREMENT=8 DEFAULT CHARSET=utf8 COMMENT='Виджет рабочего стола';

--
-- Dumping data for table `cms_dashboard_widget`
--

SET autocommit=0;
INSERT INTO `cms_dashboard_widget` VALUES (2,1,1,1455882123,1455882319,1,1,200,'skeeks\\cms\\modules\\admin\\dashboards\\CmsInformDashboard',''),(3,1,1,1455882162,1498527093,2,1,100,'skeeks\\cms\\modules\\admin\\dashboards\\ContentElementListDashboard','a:11:{s:4:\"name\";s:6:\"Cities\";s:13:\"enabledPaging\";s:1:\"1\";s:8:\"pageSize\";s:2:\"10\";s:16:\"pageSizeLimitMin\";s:1:\"1\";s:16:\"pageSizeLimitMax\";s:2:\"50\";s:17:\"enabledActiveTime\";s:1:\"1\";s:11:\"content_ids\";a:1:{i:0;s:1:\"4\";}s:8:\"tree_ids\";s:0:\"\";s:5:\"limit\";s:1:\"0\";s:7:\"orderBy\";s:12:\"published_at\";s:5:\"order\";s:1:\"3\";}'),(4,1,1,1455882189,1498527093,2,2,100,'skeeks\\cms\\modules\\admin\\dashboards\\ContentElementListDashboard','a:11:{s:4:\"name\";s:6:\"Slides\";s:13:\"enabledPaging\";s:1:\"1\";s:8:\"pageSize\";s:2:\"10\";s:16:\"pageSizeLimitMin\";s:1:\"1\";s:16:\"pageSizeLimitMax\";s:2:\"50\";s:17:\"enabledActiveTime\";s:1:\"1\";s:11:\"content_ids\";a:1:{i:0;s:1:\"2\";}s:8:\"tree_ids\";s:0:\"\";s:5:\"limit\";s:1:\"0\";s:7:\"orderBy\";s:8:\"priority\";s:5:\"order\";s:1:\"4\";}'),(5,1,1,1455882225,1498527093,2,3,100,'skeeks\\cms\\modules\\admin\\dashboards\\ContentElementListDashboard','a:11:{s:4:\"name\";s:7:\"Reviews\";s:13:\"enabledPaging\";s:1:\"1\";s:8:\"pageSize\";s:2:\"10\";s:16:\"pageSizeLimitMin\";s:1:\"1\";s:16:\"pageSizeLimitMax\";s:2:\"50\";s:17:\"enabledActiveTime\";s:1:\"1\";s:11:\"content_ids\";a:1:{i:0;s:1:\"5\";}s:8:\"tree_ids\";s:0:\"\";s:5:\"limit\";s:1:\"0\";s:7:\"orderBy\";s:12:\"published_at\";s:5:\"order\";s:1:\"3\";}'),(6,1,1,1455882252,1455882319,1,2,100,'skeeks\\cms\\modules\\admin\\dashboards\\DiscSpaceDashboard',''),(7,1,1,1498527061,1498527093,2,2,200,'skeeks\\cms\\modules\\admin\\dashboards\\ContentElementListDashboard','a:11:{s:4:\"name\";s:10:\"Blog posts\";s:13:\"enabledPaging\";s:1:\"1\";s:8:\"pageSize\";s:2:\"10\";s:16:\"pageSizeLimitMin\";s:1:\"1\";s:16:\"pageSizeLimitMax\";s:2:\"50\";s:17:\"enabledActiveTime\";s:1:\"1\";s:11:\"content_ids\";a:1:{i:0;s:1:\"6\";}s:8:\"tree_ids\";s:0:\"\";s:5:\"limit\";s:1:\"0\";s:7:\"orderBy\";s:12:\"published_at\";s:5:\"order\";s:1:\"3\";}');
COMMIT;

--
-- Table structure for table `cms_event`
--

CREATE TABLE `cms_event` (
  `id` int(11) NOT NULL AUTO_INCREMENT,
  `event_name` varchar(255) NOT NULL,
  `name` varchar(100) DEFAULT NULL,
  `description` text,
  `priority` int(11) NOT NULL DEFAULT '150',
  PRIMARY KEY (`id`),
  UNIQUE KEY `event_name` (`event_name`),
  KEY `priority` (`priority`),
  KEY `name` (`name`)
) ENGINE=InnoDB DEFAULT CHARSET=utf8;

--
-- Dumping data for table `cms_event`
--

SET autocommit=0;
COMMIT;

--
-- Table structure for table `cms_lang`
--

CREATE TABLE `cms_lang` (
  `id` int(11) NOT NULL AUTO_INCREMENT,
  `created_by` int(11) DEFAULT NULL,
  `updated_by` int(11) DEFAULT NULL,
  `created_at` int(11) DEFAULT NULL,
  `updated_at` int(11) DEFAULT NULL,
  `active` char(1) NOT NULL DEFAULT 'Y',
  `def` char(1) NOT NULL DEFAULT 'N',
  `priority` int(11) NOT NULL DEFAULT '500',
  `code` char(5) NOT NULL,
  `name` varchar(255) NOT NULL,
  `description` varchar(255) DEFAULT NULL,
  `image_id` int(11) DEFAULT NULL,
  PRIMARY KEY (`id`),
  UNIQUE KEY `code_2` (`code`),
  KEY `updated_by` (`updated_by`),
  KEY `created_by` (`created_by`),
  KEY `created_at` (`created_at`),
  KEY `updated_at` (`updated_at`),
  KEY `def` (`def`),
  KEY `code` (`code`),
  KEY `priority` (`priority`),
  KEY `name` (`name`),
  KEY `description` (`description`),
  KEY `cms_lang__image_id` (`image_id`),
  CONSTRAINT `cms_lang__image_id` FOREIGN KEY (`image_id`) REFERENCES `cms_storage_file` (`id`) ON DELETE SET NULL ON UPDATE SET NULL,
  CONSTRAINT `cms_lang_created_by` FOREIGN KEY (`created_by`) REFERENCES `cms_user` (`id`) ON DELETE SET NULL ON UPDATE SET NULL,
  CONSTRAINT `cms_lang_updated_by` FOREIGN KEY (`updated_by`) REFERENCES `cms_user` (`id`) ON DELETE SET NULL ON UPDATE SET NULL
) ENGINE=InnoDB AUTO_INCREMENT=3 DEFAULT CHARSET=utf8 COMMENT='Доступные языки';

--
-- Dumping data for table `cms_lang`
--

SET autocommit=0;
INSERT INTO `cms_lang` VALUES (1,1,1,1432126580,1498180208,'N','Y',500,'ru','Russian','',NULL),(2,1,1,1432126667,1498180200,'Y','N',600,'en','English','',NULL);
COMMIT;

--
-- Table structure for table `cms_search_phrase`
--

CREATE TABLE `cms_search_phrase` (
  `id` int(11) NOT NULL AUTO_INCREMENT,
  `created_by` int(11) DEFAULT NULL,
  `updated_by` int(11) DEFAULT NULL,
  `created_at` int(11) DEFAULT NULL,
  `updated_at` int(11) DEFAULT NULL,
  `phrase` varchar(255) DEFAULT NULL,
  `result_count` int(11) NOT NULL DEFAULT '0',
  `pages` int(11) NOT NULL DEFAULT '0',
  `ip` varchar(32) DEFAULT NULL,
  `session_id` varchar(32) DEFAULT NULL,
  `site_code` char(15) DEFAULT NULL,
  `data_server` text,
  `data_session` text,
  `data_cookie` text,
  `data_request` text,
  PRIMARY KEY (`id`),
  KEY `updated_by` (`updated_by`),
  KEY `created_by` (`created_by`),
  KEY `created_at` (`created_at`),
  KEY `updated_at` (`updated_at`),
  KEY `phrase` (`phrase`),
  KEY `result_count` (`result_count`),
  KEY `pages` (`pages`),
  KEY `ip` (`ip`),
  KEY `session_id` (`session_id`),
  KEY `site_code` (`site_code`),
  CONSTRAINT `cms_search_phrase_created_by` FOREIGN KEY (`created_by`) REFERENCES `cms_user` (`id`) ON DELETE SET NULL ON UPDATE SET NULL,
  CONSTRAINT `cms_search_phrase_site_code_fk` FOREIGN KEY (`site_code`) REFERENCES `cms_site` (`code`) ON DELETE SET NULL ON UPDATE SET NULL,
  CONSTRAINT `cms_search_phrase_updated_by` FOREIGN KEY (`updated_by`) REFERENCES `cms_user` (`id`) ON DELETE SET NULL ON UPDATE SET NULL
) ENGINE=InnoDB AUTO_INCREMENT=12 DEFAULT CHARSET=utf8 COMMENT='Поисковые фразы';

--
-- Dumping data for table `cms_search_phrase`
--

SET autocommit=0;
INSERT INTO `cms_search_phrase` VALUES (1,1,1,1443704883,1443704883,'',7,1,'80.243.13.242','rs2pvjt1bb2tlc3oo93phqom64','s1','a:38:{s:15:\"REDIRECT_STATUS\";s:3:\"200\";s:15:\"HTTP_CONNECTION\";s:5:\"close\";s:9:\"HTTP_HOST\";s:30:\"sigma-eng.1021.s2.h.skeeks.com\";s:14:\"HTTP_X_REAL_IP\";s:13:\"80.243.13.242\";s:20:\"HTTP_X_FORWARDED_FOR\";s:13:\"80.243.13.242\";s:22:\"HTTP_X_FORWARDED_PROTO\";s:4:\"http\";s:11:\"HTTP_ACCEPT\";s:74:\"text/html,application/xhtml+xml,application/xml;q=0.9,image/webp,*/*;q=0.8\";s:30:\"HTTP_UPGRADE_INSECURE_REQUESTS\";s:1:\"1\";s:15:\"HTTP_USER_AGENT\";s:109:\"Mozilla/5.0 (Windows NT 6.1; WOW64) AppleWebKit/537.36 (KHTML, like Gecko) Chrome/45.0.2454.101 Safari/537.36\";s:12:\"HTTP_REFERER\";s:38:\"http://sigma-eng.1021.s2.h.skeeks.com/\";s:20:\"HTTP_ACCEPT_ENCODING\";s:19:\"gzip, deflate, sdch\";s:20:\"HTTP_ACCEPT_LANGUAGE\";s:35:\"ru-RU,ru;q=0.8,en-US;q=0.6,en;q=0.4\";s:11:\"HTTP_COOKIE\";s:740:\"SKEEKS_PORTAL=ga1r8vqlopmtc0qb1dokouv0o6; _csrf=b5137c598a339d765b9f48d633bc8380d3dfb35be4ebb51314a1e85f662a882ba%3A2%3A%7Bi%3A0%3Bs%3A5%3A%22_csrf%22%3Bi%3A1%3Bs%3A32%3A%22qz3QJcY68-dI8E6PDIe_VHiFw3X8yL19%22%3B%7D; SKEEKS_PORTAL_IDENTITY=c4e2905b8f2071783b84b9a521fea24ac14dc7afb340adf21be8fa7e66e55dcea%3A2%3A%7Bi%3A0%3Bs%3A22%3A%22SKEEKS_PORTAL_IDENTITY%22%3Bi%3A1%3Bs%3A46%3A%22%5B1%2C%22otv60YW-nV6-8GRI4La3vYNhu_-dmp_n%22%2C2592000%5D%22%3B%7D; PHPSESSID=rs2pvjt1bb2tlc3oo93phqom64; _identity=cd054701c25270a930ae6f4a9537e8849e0b76bef13dbf60996d982e2fdda665a%3A2%3A%7Bi%3A0%3Bs%3A9%3A%22_identity%22%3Bi%3A1%3Bs%3A46%3A%22%5B1%2C%22otv60YW-nV6-8GRI4La3vYNhu_-dmp_n%22%2C2592000%5D%22%3B%7D; undefined__skeeks-toolbar__container=closed\";s:4:\"PATH\";s:60:\"/usr/local/sbin:/usr/local/bin:/usr/sbin:/usr/bin:/sbin:/bin\";s:16:\"SERVER_SIGNATURE\";s:90:\"<address>Apache/2.4.7 (Ubuntu) Server at sigma-eng.1021.s2.h.skeeks.com Port 80</address>\n\";s:15:\"SERVER_SOFTWARE\";s:21:\"Apache/2.4.7 (Ubuntu)\";s:11:\"SERVER_NAME\";s:30:\"sigma-eng.1021.s2.h.skeeks.com\";s:11:\"SERVER_ADDR\";s:10:\"127.0.0.70\";s:11:\"SERVER_PORT\";s:2:\"80\";s:11:\"REMOTE_ADDR\";s:13:\"80.243.13.242\";s:13:\"DOCUMENT_ROOT\";s:41:\"/var/www/sites/sigma-eng.ru/frontend/web/\";s:14:\"REQUEST_SCHEME\";s:4:\"http\";s:14:\"CONTEXT_PREFIX\";s:0:\"\";s:21:\"CONTEXT_DOCUMENT_ROOT\";s:41:\"/var/www/sites/sigma-eng.ru/frontend/web/\";s:12:\"SERVER_ADMIN\";s:18:\"support@skeeks.com\";s:15:\"SCRIPT_FILENAME\";s:50:\"/var/www/sites/sigma-eng.ru/frontend/web/index.php\";s:11:\"REMOTE_PORT\";s:5:\"50279\";s:21:\"REDIRECT_QUERY_STRING\";s:58:\"src=%D1%83%D1%81%D1%82%D0%B0%D0%BD%D0%BE%D0%B2%D0%BA%D0%B0\";s:12:\"REDIRECT_URL\";s:7:\"/search\";s:17:\"GATEWAY_INTERFACE\";s:7:\"CGI/1.1\";s:15:\"SERVER_PROTOCOL\";s:8:\"HTTP/1.0\";s:14:\"REQUEST_METHOD\";s:3:\"GET\";s:12:\"QUERY_STRING\";s:58:\"src=%D1%83%D1%81%D1%82%D0%B0%D0%BD%D0%BE%D0%B2%D0%BA%D0%B0\";s:11:\"REQUEST_URI\";s:66:\"/search?src=%D1%83%D1%81%D1%82%D0%B0%D0%BD%D0%BE%D0%B2%D0%BA%D0%B0\";s:11:\"SCRIPT_NAME\";s:10:\"/index.php\";s:8:\"PHP_SELF\";s:10:\"/index.php\";s:18:\"REQUEST_TIME_FLOAT\";d:1443704883.1170001;s:12:\"REQUEST_TIME\";i:1443704883;}','a:7:{s:7:\"__flash\";a:0:{}s:4:\"__id\";i:1;s:14:\"elFinderCaches\";a:11:{s:8:\"_optsMD5\";s:32:\"17fb3c24d27d0b5c0338fec3426e9000\";s:3:\"l1_\";a:1:{s:8:\"rootstat\";s:360:\"YToxMDp7czo0OiJtaW1lIjtzOjk6ImRpcmVjdG9yeSI7czoyOiJ0cyI7aToxNDQzNjg5ODkzO3M6NDoicmVhZCI7aToxO3M6NToid3JpdGUiO2k6MTtzOjQ6InNpemUiO2k6MDtzOjQ6Imhhc2giO3M6NToibDFfTHciO3M6ODoidm9sdW1laWQiO3M6MzoibDFfIjtzOjQ6Im5hbWUiO3M6MjM6ItCb0LjRh9C90YvQtSDRhNCw0LnQu9GLIjtzOjQ6Imljb24iO3M6NDI6Ii9hc3NldHMvYjI5ZjRhMjIvaW1nL3ZvbHVtZV9pY29uX2xvY2FsLnBuZyI7czo2OiJsb2NrZWQiO2k6MTt9\";}s:3:\"l2_\";a:1:{s:8:\"rootstat\";s:360:\"YToxMDp7czo0OiJtaW1lIjtzOjk6ImRpcmVjdG9yeSI7czoyOiJ0cyI7aToxNDQzNjg5ODkzO3M6NDoicmVhZCI7aToxO3M6NToid3JpdGUiO2k6MTtzOjQ6InNpemUiO2k6MDtzOjQ6Imhhc2giO3M6NToibDJfTHciO3M6ODoidm9sdW1laWQiO3M6MzoibDJfIjtzOjQ6Im5hbWUiO3M6MjE6ItCe0LHRidC40LUg0YTQsNC50LvRiyI7czo0OiJpY29uIjtzOjQyOiIvYXNzZXRzL2IyOWY0YTIyL2ltZy92b2x1bWVfaWNvbl9sb2NhbC5wbmciO3M6NjoibG9ja2VkIjtpOjE7fQ==\";}s:3:\"l3_\";a:1:{s:8:\"rootstat\";s:360:\"YToxMTp7czo0OiJtaW1lIjtzOjk6ImRpcmVjdG9yeSI7czoyOiJ0cyI7aToxNDQzNjk1NjM4O3M6NDoicmVhZCI7aToxO3M6NToid3JpdGUiO2k6MTtzOjQ6InNpemUiO2k6MDtzOjQ6Imhhc2giO3M6NToibDNfTHciO3M6ODoidm9sdW1laWQiO3M6MzoibDNfIjtzOjQ6Im5hbWUiO3M6ODoiUk9PVF9ESVIiO3M6NDoiaWNvbiI7czo0MjoiL2Fzc2V0cy9iMjlmNGEyMi9pbWcvdm9sdW1lX2ljb25fbG9jYWwucG5nIjtzOjY6ImxvY2tlZCI7aToxO3M6NDoiZGlycyI7aToxO30=\";}s:3:\"l4_\";a:1:{s:8:\"rootstat\";s:392:\"YToxMTp7czo0OiJtaW1lIjtzOjk6ImRpcmVjdG9yeSI7czoyOiJ0cyI7aToxNDQzNjk3NTg0O3M6NDoicmVhZCI7aToxO3M6NToid3JpdGUiO2k6MTtzOjQ6InNpemUiO2k6MDtzOjQ6Imhhc2giO3M6NToibDRfTHciO3M6ODoidm9sdW1laWQiO3M6MzoibDRfIjtzOjQ6Im5hbWUiO3M6MzI6ItCa0L7RgNC10L3RjCAocm9ib3RzLnR4dCDRgtGD0YIpIjtzOjQ6Imljb24iO3M6NDI6Ii9hc3NldHMvYjI5ZjRhMjIvaW1nL3ZvbHVtZV9pY29uX2xvY2FsLnBuZyI7czo2OiJsb2NrZWQiO2k6MTtzOjQ6ImRpcnMiO2k6MTt9\";}s:3:\"l5_\";a:1:{s:8:\"rootstat\";s:360:\"YToxMDp7czo0OiJtaW1lIjtzOjk6ImRpcmVjdG9yeSI7czoyOiJ0cyI7aToxNDQzNjg5ODkzO3M6NDoicmVhZCI7aToxO3M6NToid3JpdGUiO2k6MTtzOjQ6InNpemUiO2k6MDtzOjQ6Imhhc2giO3M6NToibDVfTHciO3M6ODoidm9sdW1laWQiO3M6MzoibDVfIjtzOjQ6Im5hbWUiO3M6MjM6ItCb0LjRh9C90YvQtSDRhNCw0LnQu9GLIjtzOjQ6Imljb24iO3M6NDI6Ii9hc3NldHMvYjI5ZjRhMjIvaW1nL3ZvbHVtZV9pY29uX2xvY2FsLnBuZyI7czo2OiJsb2NrZWQiO2k6MTt9\";}s:3:\"l6_\";a:1:{s:8:\"rootstat\";s:348:\"YToxMDp7czo0OiJtaW1lIjtzOjk6ImRpcmVjdG9yeSI7czoyOiJ0cyI7aToxNDQzNjg5ODk1O3M6NDoicmVhZCI7aToxO3M6NToid3JpdGUiO2k6MTtzOjQ6InNpemUiO2k6MDtzOjQ6Imhhc2giO3M6NToibDZfTHciO3M6ODoidm9sdW1laWQiO3M6MzoibDZfIjtzOjQ6Im5hbWUiO3M6MTQ6ImZyb250ZW5kL3ZpZXdzIjtzOjQ6Imljb24iO3M6NDI6Ii9hc3NldHMvYjI5ZjRhMjIvaW1nL3ZvbHVtZV9pY29uX2xvY2FsLnBuZyI7czo2OiJsb2NrZWQiO2k6MTt9\";}s:3:\"l7_\";a:1:{s:8:\"rootstat\";s:372:\"YToxMTp7czo0OiJtaW1lIjtzOjk6ImRpcmVjdG9yeSI7czoyOiJ0cyI7aToxNDQzNjk4ODYwO3M6NDoicmVhZCI7aToxO3M6NToid3JpdGUiO2k6MTtzOjQ6InNpemUiO2k6MDtzOjQ6Imhhc2giO3M6NToibDdfTHciO3M6ODoidm9sdW1laWQiO3M6MzoibDdfIjtzOjQ6Im5hbWUiO3M6MTY6ImZyb250ZW5kL3J1bnRpbWUiO3M6NDoiaWNvbiI7czo0MjoiL2Fzc2V0cy9iMjlmNGEyMi9pbWcvdm9sdW1lX2ljb25fbG9jYWwucG5nIjtzOjY6ImxvY2tlZCI7aToxO3M6NDoiZGlycyI7aToxO30=\";}s:3:\"l8_\";a:1:{s:8:\"rootstat\";s:372:\"YToxMTp7czo0OiJtaW1lIjtzOjk6ImRpcmVjdG9yeSI7czoyOiJ0cyI7aToxNDQzNjk1NjQxO3M6NDoicmVhZCI7aToxO3M6NToid3JpdGUiO2k6MTtzOjQ6InNpemUiO2k6MDtzOjQ6Imhhc2giO3M6NToibDhfTHciO3M6ODoidm9sdW1laWQiO3M6MzoibDhfIjtzOjQ6Im5hbWUiO3M6MTU6ImNvbnNvbGUvcnVudGltZSI7czo0OiJpY29uIjtzOjQyOiIvYXNzZXRzL2IyOWY0YTIyL2ltZy92b2x1bWVfaWNvbl9sb2NhbC5wbmciO3M6NjoibG9ja2VkIjtpOjE7czo0OiJkaXJzIjtpOjE7fQ==\";}s:3:\"l9_\";a:1:{s:8:\"rootstat\";s:388:\"YToxMTp7czo0OiJtaW1lIjtzOjk6ImRpcmVjdG9yeSI7czoyOiJ0cyI7aToxNDQzNjk3MjI1O3M6NDoicmVhZCI7aToxO3M6NToid3JpdGUiO2k6MTtzOjQ6InNpemUiO2k6MDtzOjQ6Imhhc2giO3M6NToibDlfTHciO3M6ODoidm9sdW1laWQiO3M6MzoibDlfIjtzOjQ6Im5hbWUiO3M6Mjg6ItCS0YDQtdC80LXQvdC90YvQtSBqcyDQuCBjc3MiO3M6NDoiaWNvbiI7czo0MjoiL2Fzc2V0cy9iMjlmNGEyMi9pbWcvdm9sdW1lX2ljb25fbG9jYWwucG5nIjtzOjY6ImxvY2tlZCI7aToxO3M6NDoiZGlycyI7aToxO30=\";}s:4:\"l10_\";a:1:{s:8:\"rootstat\";s:368:\"YToxMTp7czo0OiJtaW1lIjtzOjk6ImRpcmVjdG9yeSI7czoyOiJ0cyI7aToxNDQzNjg5ODkyO3M6NDoicmVhZCI7aToxO3M6NToid3JpdGUiO2k6MTtzOjQ6InNpemUiO2k6MDtzOjQ6Imhhc2giO3M6NjoibDEwX0x3IjtzOjg6InZvbHVtZWlkIjtzOjQ6ImwxMF8iO3M6NDoibmFtZSI7czoxMjoi0JHRjdC60LDQv9GLIjtzOjQ6Imljb24iO3M6NDI6Ii9hc3NldHMvYjI5ZjRhMjIvaW1nL3ZvbHVtZV9pY29uX2xvY2FsLnBuZyI7czo2OiJsb2NrZWQiO2k6MTtzOjQ6ImRpcnMiO2k6MTt9\";}}s:30:\"elFinderCaches:ARCHIVERS_CACHE\";a:2:{s:6:\"create\";a:3:{s:17:\"application/x-tar\";a:3:{s:3:\"cmd\";s:3:\"tar\";s:4:\"argc\";s:3:\"-cf\";s:3:\"ext\";s:3:\"tar\";}s:18:\"application/x-gzip\";a:3:{s:3:\"cmd\";s:3:\"tar\";s:4:\"argc\";s:4:\"-czf\";s:3:\"ext\";s:3:\"tgz\";}s:16:\"application/x-xz\";a:3:{s:3:\"cmd\";s:3:\"tar\";s:4:\"argc\";s:4:\"-cJf\";s:3:\"ext\";s:2:\"xz\";}}s:7:\"extract\";a:4:{s:17:\"application/x-tar\";a:3:{s:3:\"cmd\";s:3:\"tar\";s:4:\"argc\";s:3:\"-xf\";s:3:\"ext\";s:3:\"tar\";}s:18:\"application/x-gzip\";a:3:{s:3:\"cmd\";s:3:\"tar\";s:4:\"argc\";s:4:\"-xzf\";s:3:\"ext\";s:3:\"tgz\";}s:16:\"application/x-xz\";a:3:{s:3:\"cmd\";s:3:\"tar\";s:4:\"argc\";s:4:\"-xJf\";s:3:\"ext\";s:2:\"xz\";}s:15:\"application/zip\";a:3:{s:3:\"cmd\";s:5:\"unzip\";s:4:\"argc\";s:0:\"\";s:3:\"ext\";s:3:\"zip\";}}}s:28:\"elFinderCaches:LAST_ACTIVITY\";i:1443703370;s:15:\"cms-tree-opened\";a:1:{i:0;s:1:\"1\";}s:23:\"skeeks-cms-toolbar-mode\";s:7:\"no-edit\";}','a:6:{s:13:\"SKEEKS_PORTAL\";s:26:\"ga1r8vqlopmtc0qb1dokouv0o6\";s:5:\"_csrf\";s:130:\"b5137c598a339d765b9f48d633bc8380d3dfb35be4ebb51314a1e85f662a882ba:2:{i:0;s:5:\"_csrf\";i:1;s:32:\"qz3QJcY68-dI8E6PDIe_VHiFw3X8yL19\";}\";s:22:\"SKEEKS_PORTAL_IDENTITY\";s:162:\"c4e2905b8f2071783b84b9a521fea24ac14dc7afb340adf21be8fa7e66e55dcea:2:{i:0;s:22:\"SKEEKS_PORTAL_IDENTITY\";i:1;s:46:\"[1,\"otv60YW-nV6-8GRI4La3vYNhu_-dmp_n\",2592000]\";}\";s:9:\"PHPSESSID\";s:26:\"rs2pvjt1bb2tlc3oo93phqom64\";s:9:\"_identity\";s:148:\"cd054701c25270a930ae6f4a9537e8849e0b76bef13dbf60996d982e2fdda665a:2:{i:0;s:9:\"_identity\";i:1;s:46:\"[1,\"otv60YW-nV6-8GRI4La3vYNhu_-dmp_n\",2592000]\";}\";s:36:\"undefined__skeeks-toolbar__container\";s:6:\"closed\";}','a:1:{s:3:\"src\";s:18:\"установка\";}'),(2,1,1,1444288608,1444288608,'',7,1,'80.243.13.242','ojr7b451bqoaqjdqmpbu4t70m3','s1','a:38:{s:15:\"REDIRECT_STATUS\";s:3:\"200\";s:15:\"HTTP_CONNECTION\";s:5:\"close\";s:9:\"HTTP_HOST\";s:30:\"sigma-eng.1021.s2.h.skeeks.com\";s:14:\"HTTP_X_REAL_IP\";s:13:\"80.243.13.242\";s:20:\"HTTP_X_FORWARDED_FOR\";s:13:\"80.243.13.242\";s:22:\"HTTP_X_FORWARDED_PROTO\";s:4:\"http\";s:11:\"HTTP_ACCEPT\";s:74:\"text/html,application/xhtml+xml,application/xml;q=0.9,image/webp,*/*;q=0.8\";s:30:\"HTTP_UPGRADE_INSECURE_REQUESTS\";s:1:\"1\";s:15:\"HTTP_USER_AGENT\";s:109:\"Mozilla/5.0 (Windows NT 6.1; WOW64) AppleWebKit/537.36 (KHTML, like Gecko) Chrome/45.0.2454.101 Safari/537.36\";s:12:\"HTTP_REFERER\";s:45:\"http://sigma-eng.1021.s2.h.skeeks.com/novosti\";s:20:\"HTTP_ACCEPT_ENCODING\";s:19:\"gzip, deflate, sdch\";s:20:\"HTTP_ACCEPT_LANGUAGE\";s:35:\"ru-RU,ru;q=0.8,en-US;q=0.6,en;q=0.4\";s:11:\"HTTP_COOKIE\";s:740:\"_csrf=b5137c598a339d765b9f48d633bc8380d3dfb35be4ebb51314a1e85f662a882ba%3A2%3A%7Bi%3A0%3Bs%3A5%3A%22_csrf%22%3Bi%3A1%3Bs%3A32%3A%22qz3QJcY68-dI8E6PDIe_VHiFw3X8yL19%22%3B%7D; SKEEKS_PORTAL=3m0ev39rtbrl2rs4v0l4bemtg0; SKEEKS_PORTAL_IDENTITY=c4e2905b8f2071783b84b9a521fea24ac14dc7afb340adf21be8fa7e66e55dcea%3A2%3A%7Bi%3A0%3Bs%3A22%3A%22SKEEKS_PORTAL_IDENTITY%22%3Bi%3A1%3Bs%3A46%3A%22%5B1%2C%22otv60YW-nV6-8GRI4La3vYNhu_-dmp_n%22%2C2592000%5D%22%3B%7D; PHPSESSID=ojr7b451bqoaqjdqmpbu4t70m3; _identity=cd054701c25270a930ae6f4a9537e8849e0b76bef13dbf60996d982e2fdda665a%3A2%3A%7Bi%3A0%3Bs%3A9%3A%22_identity%22%3Bi%3A1%3Bs%3A46%3A%22%5B1%2C%22otv60YW-nV6-8GRI4La3vYNhu_-dmp_n%22%2C2592000%5D%22%3B%7D; undefined__skeeks-toolbar__container=opened\";s:4:\"PATH\";s:60:\"/usr/local/sbin:/usr/local/bin:/usr/sbin:/usr/bin:/sbin:/bin\";s:16:\"SERVER_SIGNATURE\";s:90:\"<address>Apache/2.4.7 (Ubuntu) Server at sigma-eng.1021.s2.h.skeeks.com Port 80</address>\n\";s:15:\"SERVER_SOFTWARE\";s:21:\"Apache/2.4.7 (Ubuntu)\";s:11:\"SERVER_NAME\";s:30:\"sigma-eng.1021.s2.h.skeeks.com\";s:11:\"SERVER_ADDR\";s:10:\"127.0.0.70\";s:11:\"SERVER_PORT\";s:2:\"80\";s:11:\"REMOTE_ADDR\";s:13:\"80.243.13.242\";s:13:\"DOCUMENT_ROOT\";s:41:\"/var/www/sites/sigma-eng.ru/frontend/web/\";s:14:\"REQUEST_SCHEME\";s:4:\"http\";s:14:\"CONTEXT_PREFIX\";s:0:\"\";s:21:\"CONTEXT_DOCUMENT_ROOT\";s:41:\"/var/www/sites/sigma-eng.ru/frontend/web/\";s:12:\"SERVER_ADMIN\";s:18:\"support@skeeks.com\";s:15:\"SCRIPT_FILENAME\";s:50:\"/var/www/sites/sigma-eng.ru/frontend/web/index.php\";s:11:\"REMOTE_PORT\";s:5:\"47449\";s:21:\"REDIRECT_QUERY_STRING\";s:188:\"src=%D0%95%D1%89%D0%B5+%D0%BE%D0%B4%D0%BD%D0%B0+%D1%82%D0%B5%D1%81%D1%82%D0%BE%D0%B2%D0%B0%D1%8F+%D0%BD%D0%BE%D0%B2%D0%BE%D1%81%D1%82%D1%8C+%D0%BA%D0%BE%D0%BC%D0%BF%D0%B0%D0%BD%D0%B8%D0%B8\";s:12:\"REDIRECT_URL\";s:7:\"/search\";s:17:\"GATEWAY_INTERFACE\";s:7:\"CGI/1.1\";s:15:\"SERVER_PROTOCOL\";s:8:\"HTTP/1.0\";s:14:\"REQUEST_METHOD\";s:3:\"GET\";s:12:\"QUERY_STRING\";s:188:\"src=%D0%95%D1%89%D0%B5+%D0%BE%D0%B4%D0%BD%D0%B0+%D1%82%D0%B5%D1%81%D1%82%D0%BE%D0%B2%D0%B0%D1%8F+%D0%BD%D0%BE%D0%B2%D0%BE%D1%81%D1%82%D1%8C+%D0%BA%D0%BE%D0%BC%D0%BF%D0%B0%D0%BD%D0%B8%D0%B8\";s:11:\"REQUEST_URI\";s:196:\"/search?src=%D0%95%D1%89%D0%B5+%D0%BE%D0%B4%D0%BD%D0%B0+%D1%82%D0%B5%D1%81%D1%82%D0%BE%D0%B2%D0%B0%D1%8F+%D0%BD%D0%BE%D0%B2%D0%BE%D1%81%D1%82%D1%8C+%D0%BA%D0%BE%D0%BC%D0%BF%D0%B0%D0%BD%D0%B8%D0%B8\";s:11:\"SCRIPT_NAME\";s:10:\"/index.php\";s:8:\"PHP_SELF\";s:10:\"/index.php\";s:18:\"REQUEST_TIME_FLOAT\";d:1444288608.3729999;s:12:\"REQUEST_TIME\";i:1444288608;}','a:3:{s:7:\"__flash\";a:0:{}s:4:\"__id\";i:1;s:23:\"skeeks-cms-toolbar-mode\";s:7:\"no-edit\";}','a:6:{s:5:\"_csrf\";s:130:\"b5137c598a339d765b9f48d633bc8380d3dfb35be4ebb51314a1e85f662a882ba:2:{i:0;s:5:\"_csrf\";i:1;s:32:\"qz3QJcY68-dI8E6PDIe_VHiFw3X8yL19\";}\";s:13:\"SKEEKS_PORTAL\";s:26:\"3m0ev39rtbrl2rs4v0l4bemtg0\";s:22:\"SKEEKS_PORTAL_IDENTITY\";s:162:\"c4e2905b8f2071783b84b9a521fea24ac14dc7afb340adf21be8fa7e66e55dcea:2:{i:0;s:22:\"SKEEKS_PORTAL_IDENTITY\";i:1;s:46:\"[1,\"otv60YW-nV6-8GRI4La3vYNhu_-dmp_n\",2592000]\";}\";s:9:\"PHPSESSID\";s:26:\"ojr7b451bqoaqjdqmpbu4t70m3\";s:9:\"_identity\";s:148:\"cd054701c25270a930ae6f4a9537e8849e0b76bef13dbf60996d982e2fdda665a:2:{i:0;s:9:\"_identity\";i:1;s:46:\"[1,\"otv60YW-nV6-8GRI4La3vYNhu_-dmp_n\",2592000]\";}\";s:36:\"undefined__skeeks-toolbar__container\";s:6:\"opened\";}','a:1:{s:3:\"src\";s:64:\"Еще одна тестовая новость компании\";}'),(3,1,1,1444643095,1444643095,'',7,1,'80.243.13.242','hgd84bf09gedktckm6pdl8bb42','s1','a:38:{s:15:\"REDIRECT_STATUS\";s:3:\"200\";s:15:\"HTTP_CONNECTION\";s:5:\"close\";s:9:\"HTTP_HOST\";s:30:\"sigma-eng.1021.s2.h.skeeks.com\";s:14:\"HTTP_X_REAL_IP\";s:13:\"80.243.13.242\";s:20:\"HTTP_X_FORWARDED_FOR\";s:13:\"80.243.13.242\";s:22:\"HTTP_X_FORWARDED_PROTO\";s:4:\"http\";s:11:\"HTTP_ACCEPT\";s:74:\"text/html,application/xhtml+xml,application/xml;q=0.9,image/webp,*/*;q=0.8\";s:30:\"HTTP_UPGRADE_INSECURE_REQUESTS\";s:1:\"1\";s:15:\"HTTP_USER_AGENT\";s:109:\"Mozilla/5.0 (Windows NT 6.1; WOW64) AppleWebKit/537.36 (KHTML, like Gecko) Chrome/45.0.2454.101 Safari/537.36\";s:12:\"HTTP_REFERER\";s:43:\"http://sigma-eng.1021.s2.h.skeeks.com/about\";s:20:\"HTTP_ACCEPT_ENCODING\";s:19:\"gzip, deflate, sdch\";s:20:\"HTTP_ACCEPT_LANGUAGE\";s:35:\"ru-RU,ru;q=0.8,en-US;q=0.6,en;q=0.4\";s:11:\"HTTP_COOKIE\";s:505:\"_csrf=b5137c598a339d765b9f48d633bc8380d3dfb35be4ebb51314a1e85f662a882ba%3A2%3A%7Bi%3A0%3Bs%3A5%3A%22_csrf%22%3Bi%3A1%3Bs%3A32%3A%22qz3QJcY68-dI8E6PDIe_VHiFw3X8yL19%22%3B%7D; SKEEKS_PORTAL=ebbmrdl1sjb3c8s2gd00lr5c25; PHPSESSID=hgd84bf09gedktckm6pdl8bb42; _identity=cd054701c25270a930ae6f4a9537e8849e0b76bef13dbf60996d982e2fdda665a%3A2%3A%7Bi%3A0%3Bs%3A9%3A%22_identity%22%3Bi%3A1%3Bs%3A46%3A%22%5B1%2C%22otv60YW-nV6-8GRI4La3vYNhu_-dmp_n%22%2C2592000%5D%22%3B%7D; undefined__skeeks-toolbar__container=closed\";s:4:\"PATH\";s:60:\"/usr/local/sbin:/usr/local/bin:/usr/sbin:/usr/bin:/sbin:/bin\";s:16:\"SERVER_SIGNATURE\";s:90:\"<address>Apache/2.4.7 (Ubuntu) Server at sigma-eng.1021.s2.h.skeeks.com Port 80</address>\n\";s:15:\"SERVER_SOFTWARE\";s:21:\"Apache/2.4.7 (Ubuntu)\";s:11:\"SERVER_NAME\";s:30:\"sigma-eng.1021.s2.h.skeeks.com\";s:11:\"SERVER_ADDR\";s:10:\"127.0.0.70\";s:11:\"SERVER_PORT\";s:2:\"80\";s:11:\"REMOTE_ADDR\";s:13:\"80.243.13.242\";s:13:\"DOCUMENT_ROOT\";s:41:\"/var/www/sites/sigma-eng.ru/frontend/web/\";s:14:\"REQUEST_SCHEME\";s:4:\"http\";s:14:\"CONTEXT_PREFIX\";s:0:\"\";s:21:\"CONTEXT_DOCUMENT_ROOT\";s:41:\"/var/www/sites/sigma-eng.ru/frontend/web/\";s:12:\"SERVER_ADMIN\";s:18:\"support@skeeks.com\";s:15:\"SCRIPT_FILENAME\";s:50:\"/var/www/sites/sigma-eng.ru/frontend/web/index.php\";s:11:\"REMOTE_PORT\";s:5:\"43690\";s:21:\"REDIRECT_QUERY_STRING\";s:6:\"src=er\";s:12:\"REDIRECT_URL\";s:7:\"/search\";s:17:\"GATEWAY_INTERFACE\";s:7:\"CGI/1.1\";s:15:\"SERVER_PROTOCOL\";s:8:\"HTTP/1.0\";s:14:\"REQUEST_METHOD\";s:3:\"GET\";s:12:\"QUERY_STRING\";s:6:\"src=er\";s:11:\"REQUEST_URI\";s:14:\"/search?src=er\";s:11:\"SCRIPT_NAME\";s:10:\"/index.php\";s:8:\"PHP_SELF\";s:10:\"/index.php\";s:18:\"REQUEST_TIME_FLOAT\";d:1444643095.648;s:12:\"REQUEST_TIME\";i:1444643095;}','a:2:{s:7:\"__flash\";a:0:{}s:4:\"__id\";i:1;}','a:5:{s:5:\"_csrf\";s:130:\"b5137c598a339d765b9f48d633bc8380d3dfb35be4ebb51314a1e85f662a882ba:2:{i:0;s:5:\"_csrf\";i:1;s:32:\"qz3QJcY68-dI8E6PDIe_VHiFw3X8yL19\";}\";s:13:\"SKEEKS_PORTAL\";s:26:\"ebbmrdl1sjb3c8s2gd00lr5c25\";s:9:\"PHPSESSID\";s:26:\"hgd84bf09gedktckm6pdl8bb42\";s:9:\"_identity\";s:148:\"cd054701c25270a930ae6f4a9537e8849e0b76bef13dbf60996d982e2fdda665a:2:{i:0;s:9:\"_identity\";i:1;s:46:\"[1,\"otv60YW-nV6-8GRI4La3vYNhu_-dmp_n\",2592000]\";}\";s:36:\"undefined__skeeks-toolbar__container\";s:6:\"closed\";}','a:1:{s:3:\"src\";s:2:\"er\";}'),(4,1,1,1444643156,1444643156,'тест',1,1,'80.243.13.242','hgd84bf09gedktckm6pdl8bb42','s1','a:38:{s:15:\"REDIRECT_STATUS\";s:3:\"200\";s:15:\"HTTP_CONNECTION\";s:5:\"close\";s:9:\"HTTP_HOST\";s:30:\"sigma-eng.1021.s2.h.skeeks.com\";s:14:\"HTTP_X_REAL_IP\";s:13:\"80.243.13.242\";s:20:\"HTTP_X_FORWARDED_FOR\";s:13:\"80.243.13.242\";s:22:\"HTTP_X_FORWARDED_PROTO\";s:4:\"http\";s:11:\"HTTP_ACCEPT\";s:74:\"text/html,application/xhtml+xml,application/xml;q=0.9,image/webp,*/*;q=0.8\";s:30:\"HTTP_UPGRADE_INSECURE_REQUESTS\";s:1:\"1\";s:15:\"HTTP_USER_AGENT\";s:109:\"Mozilla/5.0 (Windows NT 6.1; WOW64) AppleWebKit/537.36 (KHTML, like Gecko) Chrome/45.0.2454.101 Safari/537.36\";s:12:\"HTTP_REFERER\";s:38:\"http://sigma-eng.1021.s2.h.skeeks.com/\";s:20:\"HTTP_ACCEPT_ENCODING\";s:19:\"gzip, deflate, sdch\";s:20:\"HTTP_ACCEPT_LANGUAGE\";s:35:\"ru-RU,ru;q=0.8,en-US;q=0.6,en;q=0.4\";s:11:\"HTTP_COOKIE\";s:505:\"_csrf=b5137c598a339d765b9f48d633bc8380d3dfb35be4ebb51314a1e85f662a882ba%3A2%3A%7Bi%3A0%3Bs%3A5%3A%22_csrf%22%3Bi%3A1%3Bs%3A32%3A%22qz3QJcY68-dI8E6PDIe_VHiFw3X8yL19%22%3B%7D; SKEEKS_PORTAL=ebbmrdl1sjb3c8s2gd00lr5c25; PHPSESSID=hgd84bf09gedktckm6pdl8bb42; _identity=cd054701c25270a930ae6f4a9537e8849e0b76bef13dbf60996d982e2fdda665a%3A2%3A%7Bi%3A0%3Bs%3A9%3A%22_identity%22%3Bi%3A1%3Bs%3A46%3A%22%5B1%2C%22otv60YW-nV6-8GRI4La3vYNhu_-dmp_n%22%2C2592000%5D%22%3B%7D; undefined__skeeks-toolbar__container=closed\";s:4:\"PATH\";s:60:\"/usr/local/sbin:/usr/local/bin:/usr/sbin:/usr/bin:/sbin:/bin\";s:16:\"SERVER_SIGNATURE\";s:90:\"<address>Apache/2.4.7 (Ubuntu) Server at sigma-eng.1021.s2.h.skeeks.com Port 80</address>\n\";s:15:\"SERVER_SOFTWARE\";s:21:\"Apache/2.4.7 (Ubuntu)\";s:11:\"SERVER_NAME\";s:30:\"sigma-eng.1021.s2.h.skeeks.com\";s:11:\"SERVER_ADDR\";s:10:\"127.0.0.70\";s:11:\"SERVER_PORT\";s:2:\"80\";s:11:\"REMOTE_ADDR\";s:13:\"80.243.13.242\";s:13:\"DOCUMENT_ROOT\";s:41:\"/var/www/sites/sigma-eng.ru/frontend/web/\";s:14:\"REQUEST_SCHEME\";s:4:\"http\";s:14:\"CONTEXT_PREFIX\";s:0:\"\";s:21:\"CONTEXT_DOCUMENT_ROOT\";s:41:\"/var/www/sites/sigma-eng.ru/frontend/web/\";s:12:\"SERVER_ADMIN\";s:18:\"support@skeeks.com\";s:15:\"SCRIPT_FILENAME\";s:50:\"/var/www/sites/sigma-eng.ru/frontend/web/index.php\";s:11:\"REMOTE_PORT\";s:5:\"45254\";s:21:\"REDIRECT_QUERY_STRING\";s:26:\"q=%D1%82%D0%B5%D1%81%D1%82\";s:12:\"REDIRECT_URL\";s:7:\"/search\";s:17:\"GATEWAY_INTERFACE\";s:7:\"CGI/1.1\";s:15:\"SERVER_PROTOCOL\";s:8:\"HTTP/1.0\";s:14:\"REQUEST_METHOD\";s:3:\"GET\";s:12:\"QUERY_STRING\";s:26:\"q=%D1%82%D0%B5%D1%81%D1%82\";s:11:\"REQUEST_URI\";s:34:\"/search?q=%D1%82%D0%B5%D1%81%D1%82\";s:11:\"SCRIPT_NAME\";s:10:\"/index.php\";s:8:\"PHP_SELF\";s:10:\"/index.php\";s:18:\"REQUEST_TIME_FLOAT\";d:1444643156.8610001;s:12:\"REQUEST_TIME\";i:1444643156;}','a:2:{s:7:\"__flash\";a:0:{}s:4:\"__id\";i:1;}','a:5:{s:5:\"_csrf\";s:130:\"b5137c598a339d765b9f48d633bc8380d3dfb35be4ebb51314a1e85f662a882ba:2:{i:0;s:5:\"_csrf\";i:1;s:32:\"qz3QJcY68-dI8E6PDIe_VHiFw3X8yL19\";}\";s:13:\"SKEEKS_PORTAL\";s:26:\"ebbmrdl1sjb3c8s2gd00lr5c25\";s:9:\"PHPSESSID\";s:26:\"hgd84bf09gedktckm6pdl8bb42\";s:9:\"_identity\";s:148:\"cd054701c25270a930ae6f4a9537e8849e0b76bef13dbf60996d982e2fdda665a:2:{i:0;s:9:\"_identity\";i:1;s:46:\"[1,\"otv60YW-nV6-8GRI4La3vYNhu_-dmp_n\",2592000]\";}\";s:36:\"undefined__skeeks-toolbar__container\";s:6:\"closed\";}','a:1:{s:1:\"q\";s:8:\"тест\";}'),(5,1,1,1444643403,1444643403,'тест',1,1,'80.243.13.242','hgd84bf09gedktckm6pdl8bb42','s1','a:42:{s:15:\"REDIRECT_STATUS\";s:3:\"200\";s:15:\"HTTP_CONNECTION\";s:5:\"close\";s:9:\"HTTP_HOST\";s:30:\"sigma-eng.1021.s2.h.skeeks.com\";s:14:\"HTTP_X_REAL_IP\";s:13:\"80.243.13.242\";s:20:\"HTTP_X_FORWARDED_FOR\";s:13:\"80.243.13.242\";s:22:\"HTTP_X_FORWARDED_PROTO\";s:4:\"http\";s:17:\"HTTP_X_CSRF_TOKEN\";s:56:\"TGthNXdRM3A9EVJkPTJqRnRGBXxPFAUgCCIEaiEZWjY7WDkNDh0CSQ==\";s:15:\"HTTP_USER_AGENT\";s:109:\"Mozilla/5.0 (Windows NT 6.1; WOW64) AppleWebKit/537.36 (KHTML, like Gecko) Chrome/45.0.2454.101 Safari/537.36\";s:12:\"CONTENT_TYPE\";s:48:\"application/x-www-form-urlencoded; charset=UTF-8\";s:11:\"HTTP_ACCEPT\";s:22:\"text/html, */*; q=0.01\";s:21:\"HTTP_X_REQUESTED_WITH\";s:14:\"XMLHttpRequest\";s:11:\"HTTP_X_PJAX\";s:4:\"true\";s:21:\"HTTP_X_PJAX_CONTAINER\";s:3:\"#w0\";s:12:\"HTTP_REFERER\";s:71:\"http://sigma-eng.1021.s2.h.skeeks.com/search?q=%D1%82%D0%B5%D1%81%D1%82\";s:20:\"HTTP_ACCEPT_ENCODING\";s:19:\"gzip, deflate, sdch\";s:20:\"HTTP_ACCEPT_LANGUAGE\";s:35:\"ru-RU,ru;q=0.8,en-US;q=0.6,en;q=0.4\";s:11:\"HTTP_COOKIE\";s:505:\"_csrf=b5137c598a339d765b9f48d633bc8380d3dfb35be4ebb51314a1e85f662a882ba%3A2%3A%7Bi%3A0%3Bs%3A5%3A%22_csrf%22%3Bi%3A1%3Bs%3A32%3A%22qz3QJcY68-dI8E6PDIe_VHiFw3X8yL19%22%3B%7D; SKEEKS_PORTAL=ebbmrdl1sjb3c8s2gd00lr5c25; PHPSESSID=hgd84bf09gedktckm6pdl8bb42; _identity=cd054701c25270a930ae6f4a9537e8849e0b76bef13dbf60996d982e2fdda665a%3A2%3A%7Bi%3A0%3Bs%3A9%3A%22_identity%22%3Bi%3A1%3Bs%3A46%3A%22%5B1%2C%22otv60YW-nV6-8GRI4La3vYNhu_-dmp_n%22%2C2592000%5D%22%3B%7D; undefined__skeeks-toolbar__container=closed\";s:4:\"PATH\";s:60:\"/usr/local/sbin:/usr/local/bin:/usr/sbin:/usr/bin:/sbin:/bin\";s:16:\"SERVER_SIGNATURE\";s:90:\"<address>Apache/2.4.7 (Ubuntu) Server at sigma-eng.1021.s2.h.skeeks.com Port 80</address>\n\";s:15:\"SERVER_SOFTWARE\";s:21:\"Apache/2.4.7 (Ubuntu)\";s:11:\"SERVER_NAME\";s:30:\"sigma-eng.1021.s2.h.skeeks.com\";s:11:\"SERVER_ADDR\";s:10:\"127.0.0.70\";s:11:\"SERVER_PORT\";s:2:\"80\";s:11:\"REMOTE_ADDR\";s:13:\"80.243.13.242\";s:13:\"DOCUMENT_ROOT\";s:41:\"/var/www/sites/sigma-eng.ru/frontend/web/\";s:14:\"REQUEST_SCHEME\";s:4:\"http\";s:14:\"CONTEXT_PREFIX\";s:0:\"\";s:21:\"CONTEXT_DOCUMENT_ROOT\";s:41:\"/var/www/sites/sigma-eng.ru/frontend/web/\";s:12:\"SERVER_ADMIN\";s:18:\"support@skeeks.com\";s:15:\"SCRIPT_FILENAME\";s:50:\"/var/www/sites/sigma-eng.ru/frontend/web/index.php\";s:11:\"REMOTE_PORT\";s:5:\"51370\";s:21:\"REDIRECT_QUERY_STRING\";s:38:\"q=%D1%82%D0%B5%D1%81%D1%82&_pjax=%23w0\";s:12:\"REDIRECT_URL\";s:7:\"/search\";s:17:\"GATEWAY_INTERFACE\";s:7:\"CGI/1.1\";s:15:\"SERVER_PROTOCOL\";s:8:\"HTTP/1.0\";s:14:\"REQUEST_METHOD\";s:3:\"GET\";s:12:\"QUERY_STRING\";s:38:\"q=%D1%82%D0%B5%D1%81%D1%82&_pjax=%23w0\";s:11:\"REQUEST_URI\";s:46:\"/search?q=%D1%82%D0%B5%D1%81%D1%82&_pjax=%23w0\";s:11:\"SCRIPT_NAME\";s:10:\"/index.php\";s:8:\"PHP_SELF\";s:10:\"/index.php\";s:18:\"REQUEST_TIME_FLOAT\";d:1444643403.697;s:12:\"REQUEST_TIME\";i:1444643403;}','a:2:{s:7:\"__flash\";a:0:{}s:4:\"__id\";i:1;}','a:5:{s:5:\"_csrf\";s:130:\"b5137c598a339d765b9f48d633bc8380d3dfb35be4ebb51314a1e85f662a882ba:2:{i:0;s:5:\"_csrf\";i:1;s:32:\"qz3QJcY68-dI8E6PDIe_VHiFw3X8yL19\";}\";s:13:\"SKEEKS_PORTAL\";s:26:\"ebbmrdl1sjb3c8s2gd00lr5c25\";s:9:\"PHPSESSID\";s:26:\"hgd84bf09gedktckm6pdl8bb42\";s:9:\"_identity\";s:148:\"cd054701c25270a930ae6f4a9537e8849e0b76bef13dbf60996d982e2fdda665a:2:{i:0;s:9:\"_identity\";i:1;s:46:\"[1,\"otv60YW-nV6-8GRI4La3vYNhu_-dmp_n\",2592000]\";}\";s:36:\"undefined__skeeks-toolbar__container\";s:6:\"closed\";}','a:2:{s:1:\"q\";s:8:\"тест\";s:5:\"_pjax\";s:3:\"#w0\";}'),(6,1,1,1444643416,1444643416,'тест',1,1,'80.243.13.242','hgd84bf09gedktckm6pdl8bb42','s1','a:38:{s:15:\"REDIRECT_STATUS\";s:3:\"200\";s:15:\"HTTP_CONNECTION\";s:5:\"close\";s:9:\"HTTP_HOST\";s:30:\"sigma-eng.1021.s2.h.skeeks.com\";s:14:\"HTTP_X_REAL_IP\";s:13:\"80.243.13.242\";s:20:\"HTTP_X_FORWARDED_FOR\";s:13:\"80.243.13.242\";s:22:\"HTTP_X_FORWARDED_PROTO\";s:4:\"http\";s:18:\"HTTP_CACHE_CONTROL\";s:9:\"max-age=0\";s:11:\"HTTP_ACCEPT\";s:74:\"text/html,application/xhtml+xml,application/xml;q=0.9,image/webp,*/*;q=0.8\";s:30:\"HTTP_UPGRADE_INSECURE_REQUESTS\";s:1:\"1\";s:15:\"HTTP_USER_AGENT\";s:109:\"Mozilla/5.0 (Windows NT 6.1; WOW64) AppleWebKit/537.36 (KHTML, like Gecko) Chrome/45.0.2454.101 Safari/537.36\";s:20:\"HTTP_ACCEPT_ENCODING\";s:19:\"gzip, deflate, sdch\";s:20:\"HTTP_ACCEPT_LANGUAGE\";s:35:\"ru-RU,ru;q=0.8,en-US;q=0.6,en;q=0.4\";s:11:\"HTTP_COOKIE\";s:505:\"_csrf=b5137c598a339d765b9f48d633bc8380d3dfb35be4ebb51314a1e85f662a882ba%3A2%3A%7Bi%3A0%3Bs%3A5%3A%22_csrf%22%3Bi%3A1%3Bs%3A32%3A%22qz3QJcY68-dI8E6PDIe_VHiFw3X8yL19%22%3B%7D; SKEEKS_PORTAL=ebbmrdl1sjb3c8s2gd00lr5c25; PHPSESSID=hgd84bf09gedktckm6pdl8bb42; undefined__skeeks-toolbar__container=closed; _identity=cd054701c25270a930ae6f4a9537e8849e0b76bef13dbf60996d982e2fdda665a%3A2%3A%7Bi%3A0%3Bs%3A9%3A%22_identity%22%3Bi%3A1%3Bs%3A46%3A%22%5B1%2C%22otv60YW-nV6-8GRI4La3vYNhu_-dmp_n%22%2C2592000%5D%22%3B%7D\";s:4:\"PATH\";s:60:\"/usr/local/sbin:/usr/local/bin:/usr/sbin:/usr/bin:/sbin:/bin\";s:16:\"SERVER_SIGNATURE\";s:90:\"<address>Apache/2.4.7 (Ubuntu) Server at sigma-eng.1021.s2.h.skeeks.com Port 80</address>\n\";s:15:\"SERVER_SOFTWARE\";s:21:\"Apache/2.4.7 (Ubuntu)\";s:11:\"SERVER_NAME\";s:30:\"sigma-eng.1021.s2.h.skeeks.com\";s:11:\"SERVER_ADDR\";s:10:\"127.0.0.70\";s:11:\"SERVER_PORT\";s:2:\"80\";s:11:\"REMOTE_ADDR\";s:13:\"80.243.13.242\";s:13:\"DOCUMENT_ROOT\";s:41:\"/var/www/sites/sigma-eng.ru/frontend/web/\";s:14:\"REQUEST_SCHEME\";s:4:\"http\";s:14:\"CONTEXT_PREFIX\";s:0:\"\";s:21:\"CONTEXT_DOCUMENT_ROOT\";s:41:\"/var/www/sites/sigma-eng.ru/frontend/web/\";s:12:\"SERVER_ADMIN\";s:18:\"support@skeeks.com\";s:15:\"SCRIPT_FILENAME\";s:50:\"/var/www/sites/sigma-eng.ru/frontend/web/index.php\";s:11:\"REMOTE_PORT\";s:5:\"51685\";s:21:\"REDIRECT_QUERY_STRING\";s:26:\"q=%D1%82%D0%B5%D1%81%D1%82\";s:12:\"REDIRECT_URL\";s:7:\"/search\";s:17:\"GATEWAY_INTERFACE\";s:7:\"CGI/1.1\";s:15:\"SERVER_PROTOCOL\";s:8:\"HTTP/1.0\";s:14:\"REQUEST_METHOD\";s:3:\"GET\";s:12:\"QUERY_STRING\";s:26:\"q=%D1%82%D0%B5%D1%81%D1%82\";s:11:\"REQUEST_URI\";s:34:\"/search?q=%D1%82%D0%B5%D1%81%D1%82\";s:11:\"SCRIPT_NAME\";s:10:\"/index.php\";s:8:\"PHP_SELF\";s:10:\"/index.php\";s:18:\"REQUEST_TIME_FLOAT\";d:1444643416.082;s:12:\"REQUEST_TIME\";i:1444643416;}','a:2:{s:7:\"__flash\";a:0:{}s:4:\"__id\";i:1;}','a:5:{s:5:\"_csrf\";s:130:\"b5137c598a339d765b9f48d633bc8380d3dfb35be4ebb51314a1e85f662a882ba:2:{i:0;s:5:\"_csrf\";i:1;s:32:\"qz3QJcY68-dI8E6PDIe_VHiFw3X8yL19\";}\";s:13:\"SKEEKS_PORTAL\";s:26:\"ebbmrdl1sjb3c8s2gd00lr5c25\";s:9:\"PHPSESSID\";s:26:\"hgd84bf09gedktckm6pdl8bb42\";s:36:\"undefined__skeeks-toolbar__container\";s:6:\"closed\";s:9:\"_identity\";s:148:\"cd054701c25270a930ae6f4a9537e8849e0b76bef13dbf60996d982e2fdda665a:2:{i:0;s:9:\"_identity\";i:1;s:46:\"[1,\"otv60YW-nV6-8GRI4La3vYNhu_-dmp_n\",2592000]\";}\";}','a:1:{s:1:\"q\";s:8:\"тест\";}'),(7,1,1,1444643473,1444643473,'тест',1,1,'80.243.13.242','hgd84bf09gedktckm6pdl8bb42','s1','a:38:{s:15:\"REDIRECT_STATUS\";s:3:\"200\";s:15:\"HTTP_CONNECTION\";s:5:\"close\";s:9:\"HTTP_HOST\";s:30:\"sigma-eng.1021.s2.h.skeeks.com\";s:14:\"HTTP_X_REAL_IP\";s:13:\"80.243.13.242\";s:20:\"HTTP_X_FORWARDED_FOR\";s:13:\"80.243.13.242\";s:22:\"HTTP_X_FORWARDED_PROTO\";s:4:\"http\";s:18:\"HTTP_CACHE_CONTROL\";s:9:\"max-age=0\";s:11:\"HTTP_ACCEPT\";s:74:\"text/html,application/xhtml+xml,application/xml;q=0.9,image/webp,*/*;q=0.8\";s:30:\"HTTP_UPGRADE_INSECURE_REQUESTS\";s:1:\"1\";s:15:\"HTTP_USER_AGENT\";s:109:\"Mozilla/5.0 (Windows NT 6.1; WOW64) AppleWebKit/537.36 (KHTML, like Gecko) Chrome/45.0.2454.101 Safari/537.36\";s:20:\"HTTP_ACCEPT_ENCODING\";s:19:\"gzip, deflate, sdch\";s:20:\"HTTP_ACCEPT_LANGUAGE\";s:35:\"ru-RU,ru;q=0.8,en-US;q=0.6,en;q=0.4\";s:11:\"HTTP_COOKIE\";s:505:\"_csrf=b5137c598a339d765b9f48d633bc8380d3dfb35be4ebb51314a1e85f662a882ba%3A2%3A%7Bi%3A0%3Bs%3A5%3A%22_csrf%22%3Bi%3A1%3Bs%3A32%3A%22qz3QJcY68-dI8E6PDIe_VHiFw3X8yL19%22%3B%7D; SKEEKS_PORTAL=ebbmrdl1sjb3c8s2gd00lr5c25; PHPSESSID=hgd84bf09gedktckm6pdl8bb42; _identity=cd054701c25270a930ae6f4a9537e8849e0b76bef13dbf60996d982e2fdda665a%3A2%3A%7Bi%3A0%3Bs%3A9%3A%22_identity%22%3Bi%3A1%3Bs%3A46%3A%22%5B1%2C%22otv60YW-nV6-8GRI4La3vYNhu_-dmp_n%22%2C2592000%5D%22%3B%7D; undefined__skeeks-toolbar__container=closed\";s:4:\"PATH\";s:60:\"/usr/local/sbin:/usr/local/bin:/usr/sbin:/usr/bin:/sbin:/bin\";s:16:\"SERVER_SIGNATURE\";s:90:\"<address>Apache/2.4.7 (Ubuntu) Server at sigma-eng.1021.s2.h.skeeks.com Port 80</address>\n\";s:15:\"SERVER_SOFTWARE\";s:21:\"Apache/2.4.7 (Ubuntu)\";s:11:\"SERVER_NAME\";s:30:\"sigma-eng.1021.s2.h.skeeks.com\";s:11:\"SERVER_ADDR\";s:10:\"127.0.0.70\";s:11:\"SERVER_PORT\";s:2:\"80\";s:11:\"REMOTE_ADDR\";s:13:\"80.243.13.242\";s:13:\"DOCUMENT_ROOT\";s:41:\"/var/www/sites/sigma-eng.ru/frontend/web/\";s:14:\"REQUEST_SCHEME\";s:4:\"http\";s:14:\"CONTEXT_PREFIX\";s:0:\"\";s:21:\"CONTEXT_DOCUMENT_ROOT\";s:41:\"/var/www/sites/sigma-eng.ru/frontend/web/\";s:12:\"SERVER_ADMIN\";s:18:\"support@skeeks.com\";s:15:\"SCRIPT_FILENAME\";s:50:\"/var/www/sites/sigma-eng.ru/frontend/web/index.php\";s:11:\"REMOTE_PORT\";s:5:\"52960\";s:21:\"REDIRECT_QUERY_STRING\";s:26:\"q=%D1%82%D0%B5%D1%81%D1%82\";s:12:\"REDIRECT_URL\";s:7:\"/search\";s:17:\"GATEWAY_INTERFACE\";s:7:\"CGI/1.1\";s:15:\"SERVER_PROTOCOL\";s:8:\"HTTP/1.0\";s:14:\"REQUEST_METHOD\";s:3:\"GET\";s:12:\"QUERY_STRING\";s:26:\"q=%D1%82%D0%B5%D1%81%D1%82\";s:11:\"REQUEST_URI\";s:34:\"/search?q=%D1%82%D0%B5%D1%81%D1%82\";s:11:\"SCRIPT_NAME\";s:10:\"/index.php\";s:8:\"PHP_SELF\";s:10:\"/index.php\";s:18:\"REQUEST_TIME_FLOAT\";d:1444643473.9159999;s:12:\"REQUEST_TIME\";i:1444643473;}','a:2:{s:7:\"__flash\";a:0:{}s:4:\"__id\";i:1;}','a:5:{s:5:\"_csrf\";s:130:\"b5137c598a339d765b9f48d633bc8380d3dfb35be4ebb51314a1e85f662a882ba:2:{i:0;s:5:\"_csrf\";i:1;s:32:\"qz3QJcY68-dI8E6PDIe_VHiFw3X8yL19\";}\";s:13:\"SKEEKS_PORTAL\";s:26:\"ebbmrdl1sjb3c8s2gd00lr5c25\";s:9:\"PHPSESSID\";s:26:\"hgd84bf09gedktckm6pdl8bb42\";s:9:\"_identity\";s:148:\"cd054701c25270a930ae6f4a9537e8849e0b76bef13dbf60996d982e2fdda665a:2:{i:0;s:9:\"_identity\";i:1;s:46:\"[1,\"otv60YW-nV6-8GRI4La3vYNhu_-dmp_n\",2592000]\";}\";s:36:\"undefined__skeeks-toolbar__container\";s:6:\"closed\";}','a:1:{s:1:\"q\";s:8:\"тест\";}'),(8,1,1,1444643495,1444643495,'тест',1,1,'80.243.13.242','hgd84bf09gedktckm6pdl8bb42','s1','a:38:{s:15:\"REDIRECT_STATUS\";s:3:\"200\";s:15:\"HTTP_CONNECTION\";s:5:\"close\";s:9:\"HTTP_HOST\";s:30:\"sigma-eng.1021.s2.h.skeeks.com\";s:14:\"HTTP_X_REAL_IP\";s:13:\"80.243.13.242\";s:20:\"HTTP_X_FORWARDED_FOR\";s:13:\"80.243.13.242\";s:22:\"HTTP_X_FORWARDED_PROTO\";s:4:\"http\";s:18:\"HTTP_CACHE_CONTROL\";s:9:\"max-age=0\";s:11:\"HTTP_ACCEPT\";s:74:\"text/html,application/xhtml+xml,application/xml;q=0.9,image/webp,*/*;q=0.8\";s:30:\"HTTP_UPGRADE_INSECURE_REQUESTS\";s:1:\"1\";s:15:\"HTTP_USER_AGENT\";s:109:\"Mozilla/5.0 (Windows NT 6.1; WOW64) AppleWebKit/537.36 (KHTML, like Gecko) Chrome/45.0.2454.101 Safari/537.36\";s:20:\"HTTP_ACCEPT_ENCODING\";s:19:\"gzip, deflate, sdch\";s:20:\"HTTP_ACCEPT_LANGUAGE\";s:35:\"ru-RU,ru;q=0.8,en-US;q=0.6,en;q=0.4\";s:11:\"HTTP_COOKIE\";s:505:\"_csrf=b5137c598a339d765b9f48d633bc8380d3dfb35be4ebb51314a1e85f662a882ba%3A2%3A%7Bi%3A0%3Bs%3A5%3A%22_csrf%22%3Bi%3A1%3Bs%3A32%3A%22qz3QJcY68-dI8E6PDIe_VHiFw3X8yL19%22%3B%7D; SKEEKS_PORTAL=ebbmrdl1sjb3c8s2gd00lr5c25; PHPSESSID=hgd84bf09gedktckm6pdl8bb42; _identity=cd054701c25270a930ae6f4a9537e8849e0b76bef13dbf60996d982e2fdda665a%3A2%3A%7Bi%3A0%3Bs%3A9%3A%22_identity%22%3Bi%3A1%3Bs%3A46%3A%22%5B1%2C%22otv60YW-nV6-8GRI4La3vYNhu_-dmp_n%22%2C2592000%5D%22%3B%7D; undefined__skeeks-toolbar__container=closed\";s:4:\"PATH\";s:60:\"/usr/local/sbin:/usr/local/bin:/usr/sbin:/usr/bin:/sbin:/bin\";s:16:\"SERVER_SIGNATURE\";s:90:\"<address>Apache/2.4.7 (Ubuntu) Server at sigma-eng.1021.s2.h.skeeks.com Port 80</address>\n\";s:15:\"SERVER_SOFTWARE\";s:21:\"Apache/2.4.7 (Ubuntu)\";s:11:\"SERVER_NAME\";s:30:\"sigma-eng.1021.s2.h.skeeks.com\";s:11:\"SERVER_ADDR\";s:10:\"127.0.0.70\";s:11:\"SERVER_PORT\";s:2:\"80\";s:11:\"REMOTE_ADDR\";s:13:\"80.243.13.242\";s:13:\"DOCUMENT_ROOT\";s:41:\"/var/www/sites/sigma-eng.ru/frontend/web/\";s:14:\"REQUEST_SCHEME\";s:4:\"http\";s:14:\"CONTEXT_PREFIX\";s:0:\"\";s:21:\"CONTEXT_DOCUMENT_ROOT\";s:41:\"/var/www/sites/sigma-eng.ru/frontend/web/\";s:12:\"SERVER_ADMIN\";s:18:\"support@skeeks.com\";s:15:\"SCRIPT_FILENAME\";s:50:\"/var/www/sites/sigma-eng.ru/frontend/web/index.php\";s:11:\"REMOTE_PORT\";s:5:\"53681\";s:21:\"REDIRECT_QUERY_STRING\";s:26:\"q=%D1%82%D0%B5%D1%81%D1%82\";s:12:\"REDIRECT_URL\";s:7:\"/search\";s:17:\"GATEWAY_INTERFACE\";s:7:\"CGI/1.1\";s:15:\"SERVER_PROTOCOL\";s:8:\"HTTP/1.0\";s:14:\"REQUEST_METHOD\";s:3:\"GET\";s:12:\"QUERY_STRING\";s:26:\"q=%D1%82%D0%B5%D1%81%D1%82\";s:11:\"REQUEST_URI\";s:34:\"/search?q=%D1%82%D0%B5%D1%81%D1%82\";s:11:\"SCRIPT_NAME\";s:10:\"/index.php\";s:8:\"PHP_SELF\";s:10:\"/index.php\";s:18:\"REQUEST_TIME_FLOAT\";d:1444643495.905;s:12:\"REQUEST_TIME\";i:1444643495;}','a:2:{s:7:\"__flash\";a:0:{}s:4:\"__id\";i:1;}','a:5:{s:5:\"_csrf\";s:130:\"b5137c598a339d765b9f48d633bc8380d3dfb35be4ebb51314a1e85f662a882ba:2:{i:0;s:5:\"_csrf\";i:1;s:32:\"qz3QJcY68-dI8E6PDIe_VHiFw3X8yL19\";}\";s:13:\"SKEEKS_PORTAL\";s:26:\"ebbmrdl1sjb3c8s2gd00lr5c25\";s:9:\"PHPSESSID\";s:26:\"hgd84bf09gedktckm6pdl8bb42\";s:9:\"_identity\";s:148:\"cd054701c25270a930ae6f4a9537e8849e0b76bef13dbf60996d982e2fdda665a:2:{i:0;s:9:\"_identity\";i:1;s:46:\"[1,\"otv60YW-nV6-8GRI4La3vYNhu_-dmp_n\",2592000]\";}\";s:36:\"undefined__skeeks-toolbar__container\";s:6:\"closed\";}','a:1:{s:1:\"q\";s:8:\"тест\";}'),(9,1,1,1444643516,1444643516,'тест',1,1,'80.243.13.242','hgd84bf09gedktckm6pdl8bb42','s1','a:38:{s:15:\"REDIRECT_STATUS\";s:3:\"200\";s:15:\"HTTP_CONNECTION\";s:5:\"close\";s:9:\"HTTP_HOST\";s:30:\"sigma-eng.1021.s2.h.skeeks.com\";s:14:\"HTTP_X_REAL_IP\";s:13:\"80.243.13.242\";s:20:\"HTTP_X_FORWARDED_FOR\";s:13:\"80.243.13.242\";s:22:\"HTTP_X_FORWARDED_PROTO\";s:4:\"http\";s:11:\"HTTP_ACCEPT\";s:74:\"text/html,application/xhtml+xml,application/xml;q=0.9,image/webp,*/*;q=0.8\";s:30:\"HTTP_UPGRADE_INSECURE_REQUESTS\";s:1:\"1\";s:15:\"HTTP_USER_AGENT\";s:109:\"Mozilla/5.0 (Windows NT 6.1; WOW64) AppleWebKit/537.36 (KHTML, like Gecko) Chrome/45.0.2454.101 Safari/537.36\";s:12:\"HTTP_REFERER\";s:38:\"http://sigma-eng.1021.s2.h.skeeks.com/\";s:20:\"HTTP_ACCEPT_ENCODING\";s:19:\"gzip, deflate, sdch\";s:20:\"HTTP_ACCEPT_LANGUAGE\";s:35:\"ru-RU,ru;q=0.8,en-US;q=0.6,en;q=0.4\";s:11:\"HTTP_COOKIE\";s:505:\"_csrf=b5137c598a339d765b9f48d633bc8380d3dfb35be4ebb51314a1e85f662a882ba%3A2%3A%7Bi%3A0%3Bs%3A5%3A%22_csrf%22%3Bi%3A1%3Bs%3A32%3A%22qz3QJcY68-dI8E6PDIe_VHiFw3X8yL19%22%3B%7D; SKEEKS_PORTAL=ebbmrdl1sjb3c8s2gd00lr5c25; PHPSESSID=hgd84bf09gedktckm6pdl8bb42; _identity=cd054701c25270a930ae6f4a9537e8849e0b76bef13dbf60996d982e2fdda665a%3A2%3A%7Bi%3A0%3Bs%3A9%3A%22_identity%22%3Bi%3A1%3Bs%3A46%3A%22%5B1%2C%22otv60YW-nV6-8GRI4La3vYNhu_-dmp_n%22%2C2592000%5D%22%3B%7D; undefined__skeeks-toolbar__container=closed\";s:4:\"PATH\";s:60:\"/usr/local/sbin:/usr/local/bin:/usr/sbin:/usr/bin:/sbin:/bin\";s:16:\"SERVER_SIGNATURE\";s:90:\"<address>Apache/2.4.7 (Ubuntu) Server at sigma-eng.1021.s2.h.skeeks.com Port 80</address>\n\";s:15:\"SERVER_SOFTWARE\";s:21:\"Apache/2.4.7 (Ubuntu)\";s:11:\"SERVER_NAME\";s:30:\"sigma-eng.1021.s2.h.skeeks.com\";s:11:\"SERVER_ADDR\";s:10:\"127.0.0.70\";s:11:\"SERVER_PORT\";s:2:\"80\";s:11:\"REMOTE_ADDR\";s:13:\"80.243.13.242\";s:13:\"DOCUMENT_ROOT\";s:41:\"/var/www/sites/sigma-eng.ru/frontend/web/\";s:14:\"REQUEST_SCHEME\";s:4:\"http\";s:14:\"CONTEXT_PREFIX\";s:0:\"\";s:21:\"CONTEXT_DOCUMENT_ROOT\";s:41:\"/var/www/sites/sigma-eng.ru/frontend/web/\";s:12:\"SERVER_ADMIN\";s:18:\"support@skeeks.com\";s:15:\"SCRIPT_FILENAME\";s:50:\"/var/www/sites/sigma-eng.ru/frontend/web/index.php\";s:11:\"REMOTE_PORT\";s:5:\"54286\";s:21:\"REDIRECT_QUERY_STRING\";s:26:\"q=%D1%82%D0%B5%D1%81%D1%82\";s:12:\"REDIRECT_URL\";s:7:\"/search\";s:17:\"GATEWAY_INTERFACE\";s:7:\"CGI/1.1\";s:15:\"SERVER_PROTOCOL\";s:8:\"HTTP/1.0\";s:14:\"REQUEST_METHOD\";s:3:\"GET\";s:12:\"QUERY_STRING\";s:26:\"q=%D1%82%D0%B5%D1%81%D1%82\";s:11:\"REQUEST_URI\";s:34:\"/search?q=%D1%82%D0%B5%D1%81%D1%82\";s:11:\"SCRIPT_NAME\";s:10:\"/index.php\";s:8:\"PHP_SELF\";s:10:\"/index.php\";s:18:\"REQUEST_TIME_FLOAT\";d:1444643516.1389999;s:12:\"REQUEST_TIME\";i:1444643516;}','a:2:{s:7:\"__flash\";a:0:{}s:4:\"__id\";i:1;}','a:5:{s:5:\"_csrf\";s:130:\"b5137c598a339d765b9f48d633bc8380d3dfb35be4ebb51314a1e85f662a882ba:2:{i:0;s:5:\"_csrf\";i:1;s:32:\"qz3QJcY68-dI8E6PDIe_VHiFw3X8yL19\";}\";s:13:\"SKEEKS_PORTAL\";s:26:\"ebbmrdl1sjb3c8s2gd00lr5c25\";s:9:\"PHPSESSID\";s:26:\"hgd84bf09gedktckm6pdl8bb42\";s:9:\"_identity\";s:148:\"cd054701c25270a930ae6f4a9537e8849e0b76bef13dbf60996d982e2fdda665a:2:{i:0;s:9:\"_identity\";i:1;s:46:\"[1,\"otv60YW-nV6-8GRI4La3vYNhu_-dmp_n\",2592000]\";}\";s:36:\"undefined__skeeks-toolbar__container\";s:6:\"closed\";}','a:1:{s:1:\"q\";s:8:\"тест\";}'),(10,1,1,1444643768,1444643768,'',7,1,'80.243.13.242','hgd84bf09gedktckm6pdl8bb42','s1','a:38:{s:15:\"REDIRECT_STATUS\";s:3:\"200\";s:15:\"HTTP_CONNECTION\";s:5:\"close\";s:9:\"HTTP_HOST\";s:30:\"sigma-eng.1021.s2.h.skeeks.com\";s:14:\"HTTP_X_REAL_IP\";s:13:\"80.243.13.242\";s:20:\"HTTP_X_FORWARDED_FOR\";s:13:\"80.243.13.242\";s:22:\"HTTP_X_FORWARDED_PROTO\";s:4:\"http\";s:11:\"HTTP_ACCEPT\";s:74:\"text/html,application/xhtml+xml,application/xml;q=0.9,image/webp,*/*;q=0.8\";s:30:\"HTTP_UPGRADE_INSECURE_REQUESTS\";s:1:\"1\";s:15:\"HTTP_USER_AGENT\";s:109:\"Mozilla/5.0 (Windows NT 6.1; WOW64) AppleWebKit/537.36 (KHTML, like Gecko) Chrome/45.0.2454.101 Safari/537.36\";s:12:\"HTTP_REFERER\";s:46:\"http://sigma-eng.1021.s2.h.skeeks.com/contacts\";s:20:\"HTTP_ACCEPT_ENCODING\";s:19:\"gzip, deflate, sdch\";s:20:\"HTTP_ACCEPT_LANGUAGE\";s:35:\"ru-RU,ru;q=0.8,en-US;q=0.6,en;q=0.4\";s:11:\"HTTP_COOKIE\";s:505:\"_csrf=b5137c598a339d765b9f48d633bc8380d3dfb35be4ebb51314a1e85f662a882ba%3A2%3A%7Bi%3A0%3Bs%3A5%3A%22_csrf%22%3Bi%3A1%3Bs%3A32%3A%22qz3QJcY68-dI8E6PDIe_VHiFw3X8yL19%22%3B%7D; SKEEKS_PORTAL=ebbmrdl1sjb3c8s2gd00lr5c25; PHPSESSID=hgd84bf09gedktckm6pdl8bb42; _identity=cd054701c25270a930ae6f4a9537e8849e0b76bef13dbf60996d982e2fdda665a%3A2%3A%7Bi%3A0%3Bs%3A9%3A%22_identity%22%3Bi%3A1%3Bs%3A46%3A%22%5B1%2C%22otv60YW-nV6-8GRI4La3vYNhu_-dmp_n%22%2C2592000%5D%22%3B%7D; undefined__skeeks-toolbar__container=closed\";s:4:\"PATH\";s:60:\"/usr/local/sbin:/usr/local/bin:/usr/sbin:/usr/bin:/sbin:/bin\";s:16:\"SERVER_SIGNATURE\";s:90:\"<address>Apache/2.4.7 (Ubuntu) Server at sigma-eng.1021.s2.h.skeeks.com Port 80</address>\n\";s:15:\"SERVER_SOFTWARE\";s:21:\"Apache/2.4.7 (Ubuntu)\";s:11:\"SERVER_NAME\";s:30:\"sigma-eng.1021.s2.h.skeeks.com\";s:11:\"SERVER_ADDR\";s:10:\"127.0.0.70\";s:11:\"SERVER_PORT\";s:2:\"80\";s:11:\"REMOTE_ADDR\";s:13:\"80.243.13.242\";s:13:\"DOCUMENT_ROOT\";s:41:\"/var/www/sites/sigma-eng.ru/frontend/web/\";s:14:\"REQUEST_SCHEME\";s:4:\"http\";s:14:\"CONTEXT_PREFIX\";s:0:\"\";s:21:\"CONTEXT_DOCUMENT_ROOT\";s:41:\"/var/www/sites/sigma-eng.ru/frontend/web/\";s:12:\"SERVER_ADMIN\";s:18:\"support@skeeks.com\";s:15:\"SCRIPT_FILENAME\";s:50:\"/var/www/sites/sigma-eng.ru/frontend/web/index.php\";s:11:\"REMOTE_PORT\";s:5:\"60003\";s:21:\"REDIRECT_QUERY_STRING\";s:2:\"q=\";s:12:\"REDIRECT_URL\";s:7:\"/search\";s:17:\"GATEWAY_INTERFACE\";s:7:\"CGI/1.1\";s:15:\"SERVER_PROTOCOL\";s:8:\"HTTP/1.0\";s:14:\"REQUEST_METHOD\";s:3:\"GET\";s:12:\"QUERY_STRING\";s:2:\"q=\";s:11:\"REQUEST_URI\";s:10:\"/search?q=\";s:11:\"SCRIPT_NAME\";s:10:\"/index.php\";s:8:\"PHP_SELF\";s:10:\"/index.php\";s:18:\"REQUEST_TIME_FLOAT\";d:1444643768.0650001;s:12:\"REQUEST_TIME\";i:1444643768;}','a:2:{s:7:\"__flash\";a:0:{}s:4:\"__id\";i:1;}','a:5:{s:5:\"_csrf\";s:130:\"b5137c598a339d765b9f48d633bc8380d3dfb35be4ebb51314a1e85f662a882ba:2:{i:0;s:5:\"_csrf\";i:1;s:32:\"qz3QJcY68-dI8E6PDIe_VHiFw3X8yL19\";}\";s:13:\"SKEEKS_PORTAL\";s:26:\"ebbmrdl1sjb3c8s2gd00lr5c25\";s:9:\"PHPSESSID\";s:26:\"hgd84bf09gedktckm6pdl8bb42\";s:9:\"_identity\";s:148:\"cd054701c25270a930ae6f4a9537e8849e0b76bef13dbf60996d982e2fdda665a:2:{i:0;s:9:\"_identity\";i:1;s:46:\"[1,\"otv60YW-nV6-8GRI4La3vYNhu_-dmp_n\",2592000]\";}\";s:36:\"undefined__skeeks-toolbar__container\";s:6:\"closed\";}','a:1:{s:1:\"q\";s:0:\"\";}'),(11,1,1,1445702846,1445702846,'a',2,1,'91.219.165.198','1j2ncdhb9dbmmcbottcmapias6','s1','a:38:{s:15:\"REDIRECT_STATUS\";s:3:\"200\";s:15:\"HTTP_CONNECTION\";s:5:\"close\";s:9:\"HTTP_HOST\";s:30:\"sigma-eng.1021.s2.h.skeeks.com\";s:14:\"HTTP_X_REAL_IP\";s:14:\"91.219.165.198\";s:20:\"HTTP_X_FORWARDED_FOR\";s:14:\"91.219.165.198\";s:22:\"HTTP_X_FORWARDED_PROTO\";s:4:\"http\";s:11:\"HTTP_ACCEPT\";s:74:\"text/html,application/xhtml+xml,application/xml;q=0.9,image/webp,*/*;q=0.8\";s:30:\"HTTP_UPGRADE_INSECURE_REQUESTS\";s:1:\"1\";s:15:\"HTTP_USER_AGENT\";s:102:\"Mozilla/5.0 (Windows NT 10.0) AppleWebKit/537.36 (KHTML, like Gecko) Chrome/46.0.2490.80 Safari/537.36\";s:12:\"HTTP_REFERER\";s:38:\"http://sigma-eng.1021.s2.h.skeeks.com/\";s:20:\"HTTP_ACCEPT_ENCODING\";s:19:\"gzip, deflate, sdch\";s:20:\"HTTP_ACCEPT_LANGUAGE\";s:35:\"ru-RU,ru;q=0.8,en-US;q=0.6,en;q=0.4\";s:11:\"HTTP_COOKIE\";s:740:\"SKEEKS_PORTAL=v2dn18a3go7c1ibauo5m1bj5u6; SKEEKS_PORTAL_IDENTITY=c4e2905b8f2071783b84b9a521fea24ac14dc7afb340adf21be8fa7e66e55dcea%3A2%3A%7Bi%3A0%3Bs%3A22%3A%22SKEEKS_PORTAL_IDENTITY%22%3Bi%3A1%3Bs%3A46%3A%22%5B1%2C%22otv60YW-nV6-8GRI4La3vYNhu_-dmp_n%22%2C2592000%5D%22%3B%7D; PHPSESSID=1j2ncdhb9dbmmcbottcmapias6; _csrf=fc8818898d2b70dc8ab8eb3425957847b8a9b84742938ce9c03d9afaaf3357e2a%3A2%3A%7Bi%3A0%3Bs%3A5%3A%22_csrf%22%3Bi%3A1%3Bs%3A32%3A%22cPIPlgJKxN2jYoVye9hUbdLuT2B3NHW5%22%3B%7D; _identity=cd054701c25270a930ae6f4a9537e8849e0b76bef13dbf60996d982e2fdda665a%3A2%3A%7Bi%3A0%3Bs%3A9%3A%22_identity%22%3Bi%3A1%3Bs%3A46%3A%22%5B1%2C%22otv60YW-nV6-8GRI4La3vYNhu_-dmp_n%22%2C2592000%5D%22%3B%7D; undefined__skeeks-toolbar__container=closed\";s:4:\"PATH\";s:60:\"/usr/local/sbin:/usr/local/bin:/usr/sbin:/usr/bin:/sbin:/bin\";s:16:\"SERVER_SIGNATURE\";s:90:\"<address>Apache/2.4.7 (Ubuntu) Server at sigma-eng.1021.s2.h.skeeks.com Port 80</address>\n\";s:15:\"SERVER_SOFTWARE\";s:21:\"Apache/2.4.7 (Ubuntu)\";s:11:\"SERVER_NAME\";s:30:\"sigma-eng.1021.s2.h.skeeks.com\";s:11:\"SERVER_ADDR\";s:10:\"127.0.0.70\";s:11:\"SERVER_PORT\";s:2:\"80\";s:11:\"REMOTE_ADDR\";s:14:\"91.219.165.198\";s:13:\"DOCUMENT_ROOT\";s:41:\"/var/www/sites/sigma-eng.ru/frontend/web/\";s:14:\"REQUEST_SCHEME\";s:4:\"http\";s:14:\"CONTEXT_PREFIX\";s:0:\"\";s:21:\"CONTEXT_DOCUMENT_ROOT\";s:41:\"/var/www/sites/sigma-eng.ru/frontend/web/\";s:12:\"SERVER_ADMIN\";s:18:\"support@skeeks.com\";s:15:\"SCRIPT_FILENAME\";s:50:\"/var/www/sites/sigma-eng.ru/frontend/web/index.php\";s:11:\"REMOTE_PORT\";s:5:\"49274\";s:21:\"REDIRECT_QUERY_STRING\";s:3:\"q=a\";s:12:\"REDIRECT_URL\";s:7:\"/search\";s:17:\"GATEWAY_INTERFACE\";s:7:\"CGI/1.1\";s:15:\"SERVER_PROTOCOL\";s:8:\"HTTP/1.0\";s:14:\"REQUEST_METHOD\";s:3:\"GET\";s:12:\"QUERY_STRING\";s:3:\"q=a\";s:11:\"REQUEST_URI\";s:11:\"/search?q=a\";s:11:\"SCRIPT_NAME\";s:10:\"/index.php\";s:8:\"PHP_SELF\";s:10:\"/index.php\";s:18:\"REQUEST_TIME_FLOAT\";d:1445702846.7479999;s:12:\"REQUEST_TIME\";i:1445702846;}','a:3:{s:7:\"__flash\";a:0:{}s:4:\"__id\";i:1;s:15:\"cms-tree-opened\";a:1:{i:0;s:1:\"1\";}}','a:6:{s:13:\"SKEEKS_PORTAL\";s:26:\"v2dn18a3go7c1ibauo5m1bj5u6\";s:22:\"SKEEKS_PORTAL_IDENTITY\";s:162:\"c4e2905b8f2071783b84b9a521fea24ac14dc7afb340adf21be8fa7e66e55dcea:2:{i:0;s:22:\"SKEEKS_PORTAL_IDENTITY\";i:1;s:46:\"[1,\"otv60YW-nV6-8GRI4La3vYNhu_-dmp_n\",2592000]\";}\";s:9:\"PHPSESSID\";s:26:\"1j2ncdhb9dbmmcbottcmapias6\";s:5:\"_csrf\";s:130:\"fc8818898d2b70dc8ab8eb3425957847b8a9b84742938ce9c03d9afaaf3357e2a:2:{i:0;s:5:\"_csrf\";i:1;s:32:\"cPIPlgJKxN2jYoVye9hUbdLuT2B3NHW5\";}\";s:9:\"_identity\";s:148:\"cd054701c25270a930ae6f4a9537e8849e0b76bef13dbf60996d982e2fdda665a:2:{i:0;s:9:\"_identity\";i:1;s:46:\"[1,\"otv60YW-nV6-8GRI4La3vYNhu_-dmp_n\",2592000]\";}\";s:36:\"undefined__skeeks-toolbar__container\";s:6:\"closed\";}','a:1:{s:1:\"q\";s:1:\"a\";}');
COMMIT;

--
-- Table structure for table `cms_site`
--

CREATE TABLE `cms_site` (
  `id` int(11) NOT NULL AUTO_INCREMENT,
  `created_by` int(11) DEFAULT NULL,
  `updated_by` int(11) DEFAULT NULL,
  `created_at` int(11) DEFAULT NULL,
  `updated_at` int(11) DEFAULT NULL,
  `active` char(1) NOT NULL DEFAULT 'Y',
  `def` char(1) NOT NULL DEFAULT 'N',
  `priority` int(11) NOT NULL DEFAULT '500',
  `code` char(15) NOT NULL,
  `name` varchar(255) NOT NULL,
  `server_name` varchar(255) DEFAULT NULL,
  `description` varchar(255) DEFAULT NULL,
  `image_id` int(11) DEFAULT NULL,
  PRIMARY KEY (`id`),
  UNIQUE KEY `code` (`code`),
  KEY `updated_by` (`updated_by`),
  KEY `created_by` (`created_by`),
  KEY `created_at` (`created_at`),
  KEY `updated_at` (`updated_at`),
  KEY `active` (`active`),
  KEY `server_name` (`server_name`),
  KEY `def` (`def`),
  KEY `priority` (`priority`),
  KEY `cms_site__image_id` (`image_id`),
  CONSTRAINT `cms_site__image_id` FOREIGN KEY (`image_id`) REFERENCES `cms_storage_file` (`id`) ON DELETE SET NULL ON UPDATE SET NULL,
  CONSTRAINT `cms_site_created_by` FOREIGN KEY (`created_by`) REFERENCES `cms_user` (`id`) ON DELETE SET NULL ON UPDATE SET NULL,
  CONSTRAINT `cms_site_updated_by` FOREIGN KEY (`updated_by`) REFERENCES `cms_user` (`id`) ON DELETE SET NULL ON UPDATE SET NULL
) ENGINE=InnoDB AUTO_INCREMENT=2 DEFAULT CHARSET=utf8 COMMENT='Сайты';

--
-- Dumping data for table `cms_site`
--

SET autocommit=0;
INSERT INTO `cms_site` VALUES (1,1,1,1432128290,1498124990,'Y','Y',500,'s1','Site 1','','',NULL);
COMMIT;

--
-- Table structure for table `cms_site_domain`
--

CREATE TABLE `cms_site_domain` (
  `id` int(11) NOT NULL AUTO_INCREMENT,
  `created_by` int(11) DEFAULT NULL,
  `updated_by` int(11) DEFAULT NULL,
  `created_at` int(11) DEFAULT NULL,
  `updated_at` int(11) DEFAULT NULL,
  `site_code` char(15) NOT NULL,
  `domain` varchar(255) NOT NULL,
  PRIMARY KEY (`id`),
  UNIQUE KEY `domain` (`domain`,`site_code`),
  KEY `updated_by` (`updated_by`),
  KEY `created_by` (`created_by`),
  KEY `created_at` (`created_at`),
  KEY `updated_at` (`updated_at`),
  KEY `cms_site_domain_site_code` (`site_code`),
  CONSTRAINT `cms_site_domain_created_by` FOREIGN KEY (`created_by`) REFERENCES `cms_user` (`id`) ON DELETE SET NULL ON UPDATE SET NULL,
  CONSTRAINT `cms_site_domain_site_code` FOREIGN KEY (`site_code`) REFERENCES `cms_site` (`code`) ON DELETE CASCADE ON UPDATE CASCADE,
  CONSTRAINT `cms_site_domain_updated_by` FOREIGN KEY (`updated_by`) REFERENCES `cms_user` (`id`) ON DELETE SET NULL ON UPDATE SET NULL
) ENGINE=InnoDB DEFAULT CHARSET=utf8 COMMENT='Доменные имена сайтов';

--
-- Dumping data for table `cms_site_domain`
--

SET autocommit=0;
COMMIT;

--
-- Table structure for table `cms_storage_file`
--

CREATE TABLE `cms_storage_file` (
  `id` int(11) NOT NULL AUTO_INCREMENT,
  `cluster_id` varchar(16) DEFAULT NULL,
  `cluster_file` varchar(255) DEFAULT NULL,
  `created_by` int(11) DEFAULT NULL,
  `updated_by` int(11) DEFAULT NULL,
  `created_at` int(11) DEFAULT NULL,
  `updated_at` int(11) DEFAULT NULL,
  `size` bigint(32) DEFAULT NULL,
  `mime_type` varchar(16) DEFAULT NULL,
  `extension` varchar(16) DEFAULT NULL,
  `original_name` varchar(255) DEFAULT NULL,
  `name_to_save` varchar(32) DEFAULT NULL,
  `name` varchar(255) DEFAULT NULL,
  `description_short` text,
  `description_full` text,
  `image_height` int(11) DEFAULT NULL,
  `image_width` int(11) DEFAULT NULL,
  PRIMARY KEY (`id`),
  UNIQUE KEY `cluster_id` (`cluster_id`,`cluster_file`),
  KEY `cluster_id_2` (`cluster_id`),
  KEY `cluster_file` (`cluster_file`),
  KEY `updated_by` (`updated_by`),
  KEY `created_by` (`created_by`),
  KEY `created_at` (`created_at`),
  KEY `updated_at` (`updated_at`),
  KEY `size` (`size`),
  KEY `extension` (`extension`),
  KEY `name_to_save` (`name_to_save`),
  KEY `name` (`name`),
  KEY `mime_type` (`mime_type`),
  KEY `image_height` (`image_height`),
  KEY `image_width` (`image_width`),
  CONSTRAINT `storage_file_created_by` FOREIGN KEY (`created_by`) REFERENCES `cms_user` (`id`) ON DELETE SET NULL ON UPDATE SET NULL,
  CONSTRAINT `storage_file_updated_by` FOREIGN KEY (`updated_by`) REFERENCES `cms_user` (`id`) ON DELETE SET NULL ON UPDATE SET NULL
) ENGINE=InnoDB AUTO_INCREMENT=66 DEFAULT CHARSET=utf8 COMMENT='Файл';

--
-- Dumping data for table `cms_storage_file`
--

SET autocommit=0;
INSERT INTO `cms_storage_file` VALUES (65,'local','d6/eb/25/d6eb256235aacce78051f2cc11edcf7d.png',1,1,1499347229,1499347229,144190,'image/png','png','slide-min.png',NULL,'Slide',NULL,NULL,300,840);
COMMIT;

--
-- Table structure for table `cms_tree`
--

CREATE TABLE `cms_tree` (
  `id` int(11) NOT NULL AUTO_INCREMENT,
  `created_by` int(11) DEFAULT NULL,
  `updated_by` int(11) DEFAULT NULL,
  `created_at` int(11) DEFAULT NULL,
  `updated_at` int(11) DEFAULT NULL,
  `name` varchar(255) NOT NULL,
  `image_id` int(11) DEFAULT NULL,
  `image_full_id` int(11) DEFAULT NULL,
  `description_short` longtext,
  `description_full` longtext,
  `code` varchar(64) DEFAULT NULL,
  `pid` int(11) DEFAULT NULL,
  `pids` varchar(255) DEFAULT NULL,
  `level` int(11) DEFAULT '0',
  `dir` text,
  `has_children` smallint(1) DEFAULT '0',
  `priority` int(11) NOT NULL DEFAULT '0',
  `published_at` int(11) DEFAULT NULL,
  `redirect` varchar(500) DEFAULT NULL,
  `tree_menu_ids` varchar(500) DEFAULT NULL,
  `active` char(1) NOT NULL DEFAULT 'Y',
  `meta_title` varchar(500) DEFAULT NULL,
  `meta_description` text,
  `meta_keywords` text,
  `site_code` char(15) NOT NULL,
  `tree_type_id` int(11) DEFAULT NULL,
  `description_short_type` varchar(10) NOT NULL DEFAULT 'text',
  `description_full_type` varchar(10) NOT NULL DEFAULT 'text',
  `redirect_tree_id` int(11) DEFAULT NULL,
  `redirect_code` int(11) NOT NULL DEFAULT '301',
  `name_hidden` varchar(255) DEFAULT NULL,
  `view_file` varchar(128) DEFAULT NULL,
  PRIMARY KEY (`id`),
  UNIQUE KEY `pid_2` (`pid`,`code`),
  KEY `updated_by` (`updated_by`),
  KEY `created_by` (`created_by`),
  KEY `created_at` (`created_at`),
  KEY `updated_at` (`updated_at`),
  KEY `name` (`name`),
  KEY `seo_page_name` (`code`),
  KEY `pid` (`pid`),
  KEY `pids` (`pids`),
  KEY `level` (`level`),
  KEY `priority` (`priority`),
  KEY `has_children` (`has_children`),
  KEY `published_at` (`published_at`),
  KEY `redirect` (`redirect`(255)),
  KEY `tree_menu_ids` (`tree_menu_ids`(255)),
  KEY `meta_title` (`meta_title`(255)),
  KEY `site_code` (`site_code`),
  KEY `tree_type_id` (`tree_type_id`),
  KEY `description_short_type` (`description_short_type`),
  KEY `description_full_type` (`description_full_type`),
  KEY `image_id` (`image_id`),
  KEY `image_full_id` (`image_full_id`),
  KEY `redirect_tree_id` (`redirect_tree_id`),
  KEY `redirect_code` (`redirect_code`),
  KEY `name_hidden` (`name_hidden`),
  KEY `view_file` (`view_file`),
  CONSTRAINT `cms_tree__image_full_id` FOREIGN KEY (`image_full_id`) REFERENCES `cms_storage_file` (`id`) ON DELETE SET NULL ON UPDATE SET NULL,
  CONSTRAINT `cms_tree__image_id` FOREIGN KEY (`image_id`) REFERENCES `cms_storage_file` (`id`) ON DELETE SET NULL ON UPDATE SET NULL,
  CONSTRAINT `cms_tree__redirect_tree_id` FOREIGN KEY (`redirect_tree_id`) REFERENCES `cms_tree` (`id`) ON DELETE SET NULL ON UPDATE SET NULL,
  CONSTRAINT `cms_tree_created_by` FOREIGN KEY (`created_by`) REFERENCES `cms_user` (`id`),
  CONSTRAINT `cms_tree_pid_cms_tree` FOREIGN KEY (`pid`) REFERENCES `cms_tree` (`id`),
  CONSTRAINT `cms_tree_site_code` FOREIGN KEY (`site_code`) REFERENCES `cms_site` (`code`) ON DELETE CASCADE ON UPDATE CASCADE,
  CONSTRAINT `cms_tree_tree_type_id` FOREIGN KEY (`tree_type_id`) REFERENCES `cms_tree_type` (`id`) ON DELETE SET NULL ON UPDATE SET NULL,
  CONSTRAINT `cms_tree_updated_by` FOREIGN KEY (`updated_by`) REFERENCES `cms_user` (`id`)
) ENGINE=InnoDB AUTO_INCREMENT=27 DEFAULT CHARSET=utf8 COMMENT='Страницы дерево';

--
-- Dumping data for table `cms_tree`
--

SET autocommit=0;
INSERT INTO `cms_tree` VALUES (1,1,1,1416084922,1500436843,'Home page',NULL,NULL,'','<p>\r\n	text...\r\n</p>',NULL,NULL,'',0,NULL,1,0,NULL,'','','Y','','','','s1',1,'editor','html',NULL,301,'',''),(4,1,1,1443695838,1500436703,'Contact Us',NULL,NULL,'<p>Short description if needed</p>\r\n','<p>Fulll description&nbsp;if needed</p>\r\n','contacts',1,'1',1,'contacts',0,600,NULL,'','','Y','Contact Us','','','s1',5,'editor','editor',NULL,301,'',''),(6,1,1,1445723753,1500601311,'Garage Doors',NULL,NULL,'','<p>detail text</p>\r\n','garage-doors',1,'1',1,'garage-doors',0,200,NULL,'','','Y','','','','s1',2,'text','editor',NULL,301,'',''),(7,1,1,1445723763,1500601294,'Garage Door Openers',NULL,NULL,'','<p>detail text</p>\r\n','garage-door-openers',1,'1',1,'garage-door-openers',0,300,NULL,'','','Y','','','','s1',2,'text','editor',NULL,301,'',''),(8,1,1,1445723768,1500601318,'Garage Door Repair',NULL,NULL,'','<p>detail text</p>\r\n','garage-door-repair',1,'1',1,'garage-door-repair',0,400,NULL,'','','Y','','','','s1',2,'text','editor',NULL,301,'',''),(9,1,1,1445723775,1500436703,'Blog',NULL,NULL,'','','blog',1,'1',1,'blog',0,700,NULL,'','','Y','','','','s1',7,'text','text',NULL,301,'',''),(18,1,1,1445809372,1500436703,'About us',NULL,NULL,'<p>​It&#39;s short description - About us</p>\r\n','<p>It&#39;s full description - About us.</p>\r\n\r\n<p>It&#39;s full description - About us.</p>\r\n\r\n<p>It&#39;s full description - About us.</p>\r\n\r\n<p>It&#39;s full description - About us.</p>\r\n','about',1,'1',1,'about',0,100,NULL,'','','N','','','','s1',2,'editor','editor',NULL,301,'',''),(19,1,1,1496583946,1500436720,'Garage door spring repair',NULL,NULL,'','<p>detail text</p>\r\n','garage-door-spring-repair',8,'1/8',2,'garage-door-repair/garage-door-spring-repair',0,100,NULL,'','','N','','','','s1',2,'text','editor',NULL,301,'',''),(20,1,1,1496583955,1500436739,'Garage Door Offtrack',NULL,NULL,'','<p>detail text</p>\r\n','garage-door-offtrack',8,'1/8',2,'garage-door-repair/garage-door-offtrack',0,200,NULL,'','','Y','','','','s1',2,'text','editor',NULL,301,'',''),(21,1,1,1496583967,1500436746,'Garage door cable repair',NULL,NULL,'','<p>detail text</p>\r\n','garage-door-cable-repair',8,'1/8',2,'garage-door-repair/garage-door-cable-repair',0,300,NULL,'','','N','','','','s1',2,'text','editor',NULL,301,'',''),(22,1,1,1496583973,1500436755,'Garage door rollers repair',NULL,NULL,'','<p>detail text</p>\r\n','garage-door-rollers-repair',8,'1/8',2,'garage-door-repair/garage-door-rollers-repair',0,400,NULL,'','','N','','','','s1',2,'text','editor',NULL,301,'',''),(23,1,1,1496671083,1500436703,'Reviews',NULL,NULL,'','','reviews',1,'1',1,'reviews',0,800,NULL,'','','Y','','','','s1',6,'text','text',NULL,301,'',''),(26,1,1,1499258233,1500436703,'Garage Door Springs',NULL,NULL,'','<p>detail text</p>\r\n','garage-door-springs',1,'1',1,'garage-door-springs',0,500,NULL,'','','Y','','','','s1',2,'text','editor',NULL,301,'','');
COMMIT;

--
-- Table structure for table `cms_tree_file`
--

CREATE TABLE `cms_tree_file` (
  `id` int(11) NOT NULL AUTO_INCREMENT,
  `created_by` int(11) DEFAULT NULL,
  `updated_by` int(11) DEFAULT NULL,
  `created_at` int(11) DEFAULT NULL,
  `updated_at` int(11) DEFAULT NULL,
  `storage_file_id` int(11) NOT NULL,
  `tree_id` int(11) NOT NULL,
  `priority` int(11) NOT NULL DEFAULT '100',
  PRIMARY KEY (`id`),
  UNIQUE KEY `storage_file_id__tree_id` (`storage_file_id`,`tree_id`),
  KEY `updated_by` (`updated_by`),
  KEY `created_by` (`created_by`),
  KEY `created_at` (`created_at`),
  KEY `updated_at` (`updated_at`),
  KEY `storage_file_id` (`storage_file_id`),
  KEY `tree_id` (`tree_id`),
  KEY `priority` (`priority`),
  CONSTRAINT `cms_tree_file__storage_file_id` FOREIGN KEY (`storage_file_id`) REFERENCES `cms_storage_file` (`id`) ON DELETE CASCADE ON UPDATE CASCADE,
  CONSTRAINT `cms_tree_file__tree_id` FOREIGN KEY (`tree_id`) REFERENCES `cms_tree` (`id`) ON DELETE CASCADE ON UPDATE CASCADE,
  CONSTRAINT `cms_tree_file_created_by` FOREIGN KEY (`created_by`) REFERENCES `cms_user` (`id`) ON DELETE SET NULL ON UPDATE SET NULL,
  CONSTRAINT `cms_tree_file_updated_by` FOREIGN KEY (`updated_by`) REFERENCES `cms_user` (`id`) ON DELETE SET NULL ON UPDATE SET NULL
) ENGINE=InnoDB DEFAULT CHARSET=utf8 COMMENT='Связь разделов и файлов';

--
-- Dumping data for table `cms_tree_file`
--

SET autocommit=0;
COMMIT;

--
-- Table structure for table `cms_tree_image`
--

CREATE TABLE `cms_tree_image` (
  `id` int(11) NOT NULL AUTO_INCREMENT,
  `created_by` int(11) DEFAULT NULL,
  `updated_by` int(11) DEFAULT NULL,
  `created_at` int(11) DEFAULT NULL,
  `updated_at` int(11) DEFAULT NULL,
  `storage_file_id` int(11) NOT NULL,
  `tree_id` int(11) NOT NULL,
  `priority` int(11) NOT NULL DEFAULT '100',
  PRIMARY KEY (`id`),
  UNIQUE KEY `storage_file_id__tree_id` (`storage_file_id`,`tree_id`),
  KEY `updated_by` (`updated_by`),
  KEY `created_by` (`created_by`),
  KEY `created_at` (`created_at`),
  KEY `updated_at` (`updated_at`),
  KEY `storage_file_id` (`storage_file_id`),
  KEY `tree_id` (`tree_id`),
  KEY `priority` (`priority`),
  CONSTRAINT `cms_tree_image__storage_file_id` FOREIGN KEY (`storage_file_id`) REFERENCES `cms_storage_file` (`id`) ON DELETE CASCADE ON UPDATE CASCADE,
  CONSTRAINT `cms_tree_image__tree_id` FOREIGN KEY (`tree_id`) REFERENCES `cms_tree` (`id`) ON DELETE CASCADE ON UPDATE CASCADE,
  CONSTRAINT `cms_tree_image_created_by` FOREIGN KEY (`created_by`) REFERENCES `cms_user` (`id`) ON DELETE SET NULL ON UPDATE SET NULL,
  CONSTRAINT `cms_tree_image_updated_by` FOREIGN KEY (`updated_by`) REFERENCES `cms_user` (`id`) ON DELETE SET NULL ON UPDATE SET NULL
) ENGINE=InnoDB AUTO_INCREMENT=9 DEFAULT CHARSET=utf8 COMMENT='Связь разделов и файлов изображений';

--
-- Dumping data for table `cms_tree_image`
--

SET autocommit=0;
COMMIT;

--
-- Table structure for table `cms_tree_property`
--

CREATE TABLE `cms_tree_property` (
  `id` int(11) NOT NULL AUTO_INCREMENT,
  `created_by` int(11) DEFAULT NULL,
  `updated_by` int(11) DEFAULT NULL,
  `created_at` int(11) DEFAULT NULL,
  `updated_at` int(11) DEFAULT NULL,
  `property_id` int(11) DEFAULT NULL,
  `element_id` int(11) DEFAULT NULL,
  `value` longtext NOT NULL,
  `value_enum` int(11) DEFAULT NULL,
  `value_num` decimal(18,4) DEFAULT NULL,
  `description` varchar(255) DEFAULT NULL,
  PRIMARY KEY (`id`),
  KEY `updated_by` (`updated_by`),
  KEY `created_by` (`created_by`),
  KEY `created_at` (`created_at`),
  KEY `updated_at` (`updated_at`),
  KEY `property_id` (`property_id`),
  KEY `element_id` (`element_id`),
  KEY `value_enum` (`value_enum`),
  KEY `value_num` (`value_num`),
  KEY `description` (`description`),
  CONSTRAINT `cms_tree_property_created_by` FOREIGN KEY (`created_by`) REFERENCES `cms_user` (`id`),
  CONSTRAINT `cms_tree_property_element_id` FOREIGN KEY (`element_id`) REFERENCES `cms_tree` (`id`) ON DELETE CASCADE ON UPDATE CASCADE,
  CONSTRAINT `cms_tree_property_property_id` FOREIGN KEY (`property_id`) REFERENCES `cms_tree_type_property` (`id`) ON DELETE CASCADE ON UPDATE CASCADE,
  CONSTRAINT `cms_tree_property_updated_by` FOREIGN KEY (`updated_by`) REFERENCES `cms_user` (`id`)
) ENGINE=InnoDB DEFAULT CHARSET=utf8 COMMENT='Связь свойства и значения';

--
-- Dumping data for table `cms_tree_property`
--

SET autocommit=0;
COMMIT;

--
-- Table structure for table `cms_tree_type`
--

CREATE TABLE `cms_tree_type` (
  `id` int(11) NOT NULL AUTO_INCREMENT,
  `created_by` int(11) DEFAULT NULL,
  `updated_by` int(11) DEFAULT NULL,
  `created_at` int(11) DEFAULT NULL,
  `updated_at` int(11) DEFAULT NULL,
  `name` varchar(255) NOT NULL,
  `code` varchar(50) NOT NULL,
  `active` char(1) NOT NULL DEFAULT 'Y',
  `priority` int(11) NOT NULL DEFAULT '500',
  `description` text,
  `index_for_search` char(1) NOT NULL DEFAULT 'Y',
  `name_meny` varchar(100) DEFAULT NULL,
  `name_one` varchar(100) DEFAULT NULL,
  `viewFile` varchar(255) DEFAULT NULL,
  `default_children_tree_type` int(11) DEFAULT NULL,
  PRIMARY KEY (`id`),
  UNIQUE KEY `code` (`code`),
  KEY `updated_by` (`updated_by`),
  KEY `created_by` (`created_by`),
  KEY `created_at` (`created_at`),
  KEY `updated_at` (`updated_at`),
  KEY `priority` (`priority`),
  KEY `name` (`name`),
  KEY `active` (`active`),
  KEY `index_for_search` (`index_for_search`),
  KEY `name_meny` (`name_meny`),
  KEY `name_one` (`name_one`),
  KEY `viewFile` (`viewFile`),
  KEY `default_children_tree_type` (`default_children_tree_type`),
  CONSTRAINT `cms_tree_type__default_children_tree_type` FOREIGN KEY (`default_children_tree_type`) REFERENCES `cms_tree_type` (`id`) ON DELETE SET NULL ON UPDATE SET NULL,
  CONSTRAINT `cms_tree_type_created_by` FOREIGN KEY (`created_by`) REFERENCES `cms_user` (`id`) ON DELETE SET NULL ON UPDATE SET NULL,
  CONSTRAINT `cms_tree_type_updated_by` FOREIGN KEY (`updated_by`) REFERENCES `cms_user` (`id`) ON DELETE SET NULL ON UPDATE SET NULL
) ENGINE=InnoDB AUTO_INCREMENT=8 DEFAULT CHARSET=utf8 COMMENT='Тип раздела';

--
-- Dumping data for table `cms_tree_type`
--

SET autocommit=0;
INSERT INTO `cms_tree_type` VALUES (1,1,1,1439037415,1496846915,'Home page','home','Y',500,NULL,'','Разделы','Раздел','',2),(2,1,1,1439037424,1496769050,'Text section','text','Y',500,NULL,'','Разделы','Раздел','',NULL),(5,1,1,1443703382,1496769063,'Contacts','contacts','Y',500,NULL,'','Разделы','Раздел','',NULL),(6,1,1,1496671359,1496671359,'Reviews','reviews','Y',500,NULL,'Y','Разделы','Раздел','',NULL),(7,1,1,1498368966,1498368966,'Blog page','blog','Y',500,NULL,'Y','Posts','Post','',NULL);
COMMIT;

--
-- Table structure for table `cms_tree_type_property`
--

CREATE TABLE `cms_tree_type_property` (
  `id` int(11) NOT NULL AUTO_INCREMENT,
  `created_by` int(11) DEFAULT NULL,
  `updated_by` int(11) DEFAULT NULL,
  `created_at` int(11) DEFAULT NULL,
  `updated_at` int(11) DEFAULT NULL,
  `name` varchar(255) NOT NULL,
  `code` varchar(64) DEFAULT NULL,
  `active` char(1) NOT NULL DEFAULT 'Y',
  `priority` int(11) NOT NULL DEFAULT '500',
  `property_type` char(1) NOT NULL DEFAULT 'S',
  `list_type` char(1) NOT NULL DEFAULT 'L',
  `multiple` char(1) NOT NULL DEFAULT 'N',
  `multiple_cnt` int(11) DEFAULT NULL,
  `with_description` char(1) DEFAULT NULL,
  `searchable` char(1) NOT NULL DEFAULT 'N',
  `filtrable` char(1) NOT NULL DEFAULT 'N',
  `is_required` char(1) DEFAULT NULL,
  `version` int(11) NOT NULL DEFAULT '1',
  `component` varchar(255) DEFAULT NULL,
  `component_settings` longtext,
  `hint` varchar(255) DEFAULT NULL,
  `smart_filtrable` char(1) NOT NULL DEFAULT 'N',
  `tree_type_id` int(11) DEFAULT NULL,
  PRIMARY KEY (`id`),
  UNIQUE KEY `code_2` (`code`,`tree_type_id`),
  KEY `updated_by` (`updated_by`),
  KEY `created_by` (`created_by`),
  KEY `created_at` (`created_at`),
  KEY `updated_at` (`updated_at`),
  KEY `name` (`name`),
  KEY `active` (`active`),
  KEY `priority` (`priority`),
  KEY `property_type` (`property_type`),
  KEY `list_type` (`list_type`),
  KEY `multiple` (`multiple`),
  KEY `multiple_cnt` (`multiple_cnt`),
  KEY `with_description` (`with_description`),
  KEY `searchable` (`searchable`),
  KEY `filtrable` (`filtrable`),
  KEY `is_required` (`is_required`),
  KEY `version` (`version`),
  KEY `component` (`component`),
  KEY `hint` (`hint`),
  KEY `smart_filtrable` (`smart_filtrable`),
  KEY `tree_type_id` (`tree_type_id`),
  KEY `code` (`code`) USING BTREE,
  CONSTRAINT `cms_tree_type_property_created_by` FOREIGN KEY (`created_by`) REFERENCES `cms_user` (`id`),
  CONSTRAINT `cms_tree_type_property_tree_type_id` FOREIGN KEY (`tree_type_id`) REFERENCES `cms_tree_type` (`id`),
  CONSTRAINT `cms_tree_type_property_updated_by` FOREIGN KEY (`updated_by`) REFERENCES `cms_user` (`id`)
) ENGINE=InnoDB DEFAULT CHARSET=utf8 COMMENT='Свойство раздела';

--
-- Dumping data for table `cms_tree_type_property`
--

SET autocommit=0;
COMMIT;

--
-- Table structure for table `cms_tree_type_property_enum`
--

CREATE TABLE `cms_tree_type_property_enum` (
  `id` int(11) NOT NULL AUTO_INCREMENT,
  `created_by` int(11) DEFAULT NULL,
  `updated_by` int(11) DEFAULT NULL,
  `created_at` int(11) DEFAULT NULL,
  `updated_at` int(11) DEFAULT NULL,
  `property_id` int(11) DEFAULT NULL,
  `value` varchar(255) NOT NULL,
  `def` char(1) NOT NULL DEFAULT 'N',
  `code` varchar(32) NOT NULL,
  `priority` int(11) NOT NULL DEFAULT '500',
  PRIMARY KEY (`id`),
  KEY `updated_by` (`updated_by`),
  KEY `created_by` (`created_by`),
  KEY `created_at` (`created_at`),
  KEY `updated_at` (`updated_at`),
  KEY `property_id` (`property_id`),
  KEY `def` (`def`),
  KEY `code` (`code`),
  KEY `priority` (`priority`),
  KEY `value` (`value`),
  CONSTRAINT `cms_tree_type_property_enum_created_by` FOREIGN KEY (`created_by`) REFERENCES `cms_user` (`id`),
  CONSTRAINT `cms_tree_type_property_enum_property_id` FOREIGN KEY (`property_id`) REFERENCES `cms_tree_type_property` (`id`) ON DELETE CASCADE ON UPDATE CASCADE,
  CONSTRAINT `cms_tree_type_property_enum_updated_by` FOREIGN KEY (`updated_by`) REFERENCES `cms_user` (`id`)
) ENGINE=InnoDB DEFAULT CHARSET=utf8 COMMENT='Справочник значений свойств для разделов';

--
-- Dumping data for table `cms_tree_type_property_enum`
--

SET autocommit=0;
COMMIT;

--
-- Table structure for table `cms_user`
--

CREATE TABLE `cms_user` (
  `id` int(11) NOT NULL AUTO_INCREMENT,
  `username` varchar(255) NOT NULL,
  `auth_key` varchar(32) NOT NULL,
  `password_hash` varchar(255) NOT NULL,
  `password_reset_token` varchar(255) DEFAULT NULL,
  `created_at` int(11) DEFAULT NULL,
  `updated_at` int(11) DEFAULT NULL,
  `name` varchar(255) DEFAULT NULL,
  `image_id` int(11) DEFAULT NULL,
  `gender` enum('men','women') NOT NULL DEFAULT 'men',
  `active` char(1) NOT NULL DEFAULT 'Y',
  `updated_by` int(11) DEFAULT NULL,
  `created_by` int(11) DEFAULT NULL,
  `logged_at` int(11) DEFAULT NULL,
  `last_activity_at` int(11) DEFAULT NULL,
  `last_admin_activity_at` int(11) DEFAULT NULL,
  `email` varchar(255) DEFAULT NULL,
  `phone` varchar(64) DEFAULT NULL,
  `email_is_approved` int(1) unsigned NOT NULL DEFAULT '0',
  `phone_is_approved` int(1) unsigned NOT NULL DEFAULT '0',
  PRIMARY KEY (`id`),
  UNIQUE KEY `username` (`username`),
  UNIQUE KEY `email` (`email`),
  UNIQUE KEY `phone` (`phone`),
  KEY `created_at` (`created_at`),
  KEY `updated_at` (`updated_at`),
  KEY `password_hash` (`password_hash`),
  KEY `password_reset_token` (`password_reset_token`),
  KEY `name` (`name`),
  KEY `updated_by` (`updated_by`),
  KEY `created_by` (`created_by`),
  KEY `logged_at` (`logged_at`),
  KEY `last_activity_at` (`last_activity_at`),
  KEY `last_admin_activity_at` (`last_admin_activity_at`),
  KEY `image_id` (`image_id`),
  KEY `phone_is_approved` (`phone_is_approved`),
  KEY `email_is_approved` (`email_is_approved`),
  CONSTRAINT `cms_user__image_id` FOREIGN KEY (`image_id`) REFERENCES `cms_storage_file` (`id`) ON DELETE SET NULL ON UPDATE SET NULL,
  CONSTRAINT `cms_user_created_by` FOREIGN KEY (`created_by`) REFERENCES `cms_user` (`id`) ON DELETE SET NULL ON UPDATE SET NULL,
  CONSTRAINT `cms_user_updated_by` FOREIGN KEY (`updated_by`) REFERENCES `cms_user` (`id`) ON DELETE SET NULL ON UPDATE SET NULL
) ENGINE=InnoDB AUTO_INCREMENT=5 DEFAULT CHARSET=utf8 COMMENT='Пользователь';

--
-- Dumping data for table `cms_user`
--

SET autocommit=0;
INSERT INTO `cms_user` VALUES (1,'root','otv60YW-nV6-8GRI4La3vYNhu_-dmp_n','$2y$13$ZT50EMxnfOXxyHwF00.5jOFOC3PdYSHlas98/HHRO.eJpeb47pL12','wn49wJLj9OMVjgj8bBzBjND4nFixyJgt_1413297645',NULL,1500607812,'Admin',NULL,'men','Y',1,NULL,1498746566,1500607812,1500607812,'chichalov.sv@gmail.com',NULL,0,0),(2,'rhodelzz','9bUACQyA1oJHhwGU9Q8aZEhOPfeRL0yz','$2y$13$M/T.kHEqDqhS9Qhs980CXuUXD9NzKYOGc6joG/cRAn9jA6ku2rnti',NULL,1498104202,1500370832,'Rodelyn',NULL,'men','Y',2,1,1498139417,1500370832,1500370832,NULL,NULL,1,0),(3,'guymaman818','YZg6KOBkuh5W6G-eO_cz4cyK9X5_ZGLD','$2y$13$OHDdD3rSLjvz2PaDU3Azzummu7BoSqbnhYnyCs4ZCS0g2Q.DFOiDW',NULL,1498104438,1500040471,'Guy',NULL,'men','Y',3,1,1500037639,1500040471,1500040471,NULL,NULL,1,0),(4,'editor1','nBhwMIEpZZN2I7jTpb3jaanLiW1vtRTM','$2y$13$t88Rgcfdc7eHxmQCCaU53./ZgRrWObeDw4Nfn2MEqKdT0Uinx86t2',NULL,1499354522,1499355449,'',NULL,'men','Y',4,1,1499354577,1499355449,1499355449,NULL,NULL,0,0);
COMMIT;

--
-- Table structure for table `cms_user_authclient`
--

CREATE TABLE `cms_user_authclient` (
  `id` int(11) NOT NULL AUTO_INCREMENT,
  `user_id` int(11) NOT NULL,
  `provider` varchar(50) DEFAULT NULL,
  `provider_identifier` varchar(100) DEFAULT NULL,
  `provider_data` text,
  `created_at` int(11) DEFAULT NULL,
  `updated_at` int(11) DEFAULT NULL,
  PRIMARY KEY (`id`),
  KEY `user_id` (`user_id`),
  KEY `created_at` (`created_at`),
  KEY `updated_at` (`updated_at`),
  KEY `provider` (`provider`),
  KEY `provider_identifier` (`provider_identifier`),
  CONSTRAINT `fk_user_id` FOREIGN KEY (`user_id`) REFERENCES `cms_user` (`id`) ON DELETE CASCADE ON UPDATE CASCADE
) ENGINE=InnoDB DEFAULT CHARSET=utf8;

--
-- Dumping data for table `cms_user_authclient`
--

SET autocommit=0;
COMMIT;

--
-- Table structure for table `cms_user_email`
--

CREATE TABLE `cms_user_email` (
  `id` int(11) NOT NULL AUTO_INCREMENT,
  `user_id` int(11) DEFAULT NULL,
  `value` varchar(255) NOT NULL,
  `approved` char(1) NOT NULL DEFAULT 'N',
  `def` varchar(1) NOT NULL DEFAULT 'N',
  `approved_key` varchar(255) DEFAULT NULL,
  `created_at` int(11) DEFAULT NULL,
  `updated_at` int(11) DEFAULT NULL,
  PRIMARY KEY (`id`),
  UNIQUE KEY `value` (`value`),
  KEY `approved_key` (`approved_key`),
  KEY `approved` (`approved`),
  KEY `user_id` (`user_id`),
  KEY `created_at` (`created_at`),
  KEY `updated_at` (`updated_at`),
  CONSTRAINT `cms_user_email_user_id` FOREIGN KEY (`user_id`) REFERENCES `cms_user` (`id`) ON DELETE CASCADE ON UPDATE CASCADE
) ENGINE=InnoDB AUTO_INCREMENT=3 DEFAULT CHARSET=utf8;

--
-- Dumping data for table `cms_user_email`
--

SET autocommit=0;
INSERT INTO `cms_user_email` VALUES (2,1,'semenov@skeeks.com','Y','Y',NULL,1455882778,1455882803);
COMMIT;

--
-- Table structure for table `cms_user_phone`
--

CREATE TABLE `cms_user_phone` (
  `id` int(11) NOT NULL AUTO_INCREMENT,
  `user_id` int(11) DEFAULT NULL,
  `value` varchar(255) NOT NULL,
  `approved` char(1) NOT NULL DEFAULT 'N',
  `def` varchar(1) NOT NULL DEFAULT 'N',
  `approved_key` varchar(255) DEFAULT NULL,
  `created_at` int(11) DEFAULT NULL,
  `updated_at` int(11) DEFAULT NULL,
  PRIMARY KEY (`id`),
  UNIQUE KEY `value` (`value`),
  KEY `approved_key` (`approved_key`),
  KEY `approved` (`approved`),
  KEY `user_id` (`user_id`),
  KEY `created_at` (`created_at`),
  KEY `updated_at` (`updated_at`),
  CONSTRAINT `cms_user_phone_user_id` FOREIGN KEY (`user_id`) REFERENCES `cms_user` (`id`) ON DELETE CASCADE ON UPDATE CASCADE
) ENGINE=InnoDB DEFAULT CHARSET=utf8;

--
-- Dumping data for table `cms_user_phone`
--

SET autocommit=0;
COMMIT;

--
-- Table structure for table `cms_user_property`
--

CREATE TABLE `cms_user_property` (
  `id` int(11) NOT NULL AUTO_INCREMENT,
  `created_by` int(11) DEFAULT NULL,
  `updated_by` int(11) DEFAULT NULL,
  `created_at` int(11) DEFAULT NULL,
  `updated_at` int(11) DEFAULT NULL,
  `property_id` int(11) DEFAULT NULL,
  `element_id` int(11) DEFAULT NULL,
  `value` varchar(255) NOT NULL,
  `value_enum` int(11) DEFAULT NULL,
  `value_num` decimal(18,4) DEFAULT NULL,
  `description` varchar(255) DEFAULT NULL,
  PRIMARY KEY (`id`),
  KEY `updated_by` (`updated_by`),
  KEY `created_by` (`created_by`),
  KEY `created_at` (`created_at`),
  KEY `updated_at` (`updated_at`),
  KEY `property_id` (`property_id`),
  KEY `element_id` (`element_id`),
  KEY `value` (`value`),
  KEY `value_enum` (`value_enum`),
  KEY `value_num` (`value_num`),
  KEY `description` (`description`),
  CONSTRAINT `cms_user_property_created_by` FOREIGN KEY (`created_by`) REFERENCES `cms_user` (`id`) ON DELETE SET NULL ON UPDATE SET NULL,
  CONSTRAINT `cms_user_property_element_id` FOREIGN KEY (`element_id`) REFERENCES `cms_user` (`id`) ON DELETE CASCADE ON UPDATE CASCADE,
  CONSTRAINT `cms_user_property_property_id` FOREIGN KEY (`property_id`) REFERENCES `cms_user_universal_property` (`id`) ON DELETE CASCADE ON UPDATE CASCADE,
  CONSTRAINT `cms_user_property_updated_by` FOREIGN KEY (`updated_by`) REFERENCES `cms_user` (`id`) ON DELETE SET NULL ON UPDATE SET NULL
) ENGINE=InnoDB DEFAULT CHARSET=utf8 COMMENT='Связь свойства и значения';

--
-- Dumping data for table `cms_user_property`
--

SET autocommit=0;
COMMIT;

--
-- Table structure for table `cms_user_universal_property`
--

CREATE TABLE `cms_user_universal_property` (
  `id` int(11) NOT NULL AUTO_INCREMENT,
  `created_by` int(11) DEFAULT NULL,
  `updated_by` int(11) DEFAULT NULL,
  `created_at` int(11) DEFAULT NULL,
  `updated_at` int(11) DEFAULT NULL,
  `name` varchar(255) NOT NULL,
  `code` varchar(64) DEFAULT NULL,
  `active` char(1) NOT NULL DEFAULT 'Y',
  `priority` int(11) NOT NULL DEFAULT '500',
  `property_type` char(1) NOT NULL DEFAULT 'S',
  `list_type` char(1) NOT NULL DEFAULT 'L',
  `multiple` char(1) NOT NULL DEFAULT 'N',
  `multiple_cnt` int(11) DEFAULT NULL,
  `with_description` char(1) DEFAULT NULL,
  `searchable` char(1) NOT NULL DEFAULT 'N',
  `filtrable` char(1) NOT NULL DEFAULT 'N',
  `is_required` char(1) DEFAULT NULL,
  `version` int(11) NOT NULL DEFAULT '1',
  `component` varchar(255) DEFAULT NULL,
  `component_settings` text,
  `hint` varchar(255) DEFAULT NULL,
  `smart_filtrable` char(1) NOT NULL DEFAULT 'N',
  PRIMARY KEY (`id`),
  UNIQUE KEY `code` (`code`),
  KEY `updated_by` (`updated_by`),
  KEY `created_by` (`created_by`),
  KEY `created_at` (`created_at`),
  KEY `updated_at` (`updated_at`),
  KEY `name` (`name`),
  KEY `active` (`active`),
  KEY `priority` (`priority`),
  KEY `property_type` (`property_type`),
  KEY `list_type` (`list_type`),
  KEY `multiple` (`multiple`),
  KEY `multiple_cnt` (`multiple_cnt`),
  KEY `with_description` (`with_description`),
  KEY `searchable` (`searchable`),
  KEY `filtrable` (`filtrable`),
  KEY `is_required` (`is_required`),
  KEY `version` (`version`),
  KEY `component` (`component`),
  KEY `hint` (`hint`),
  KEY `smart_filtrable` (`smart_filtrable`),
  CONSTRAINT `cms_user_universal_property_created_by` FOREIGN KEY (`created_by`) REFERENCES `cms_user` (`id`) ON DELETE SET NULL ON UPDATE SET NULL,
  CONSTRAINT `cms_user_universal_property_updated_by` FOREIGN KEY (`updated_by`) REFERENCES `cms_user` (`id`) ON DELETE SET NULL ON UPDATE SET NULL
) ENGINE=InnoDB DEFAULT CHARSET=utf8 COMMENT='Свойства пользователей';

--
-- Dumping data for table `cms_user_universal_property`
--

SET autocommit=0;
COMMIT;

--
-- Table structure for table `cms_user_universal_property_enum`
--

CREATE TABLE `cms_user_universal_property_enum` (
  `id` int(11) NOT NULL AUTO_INCREMENT,
  `created_by` int(11) DEFAULT NULL,
  `updated_by` int(11) DEFAULT NULL,
  `created_at` int(11) DEFAULT NULL,
  `updated_at` int(11) DEFAULT NULL,
  `property_id` int(11) DEFAULT NULL,
  `value` varchar(255) NOT NULL,
  `def` char(1) NOT NULL DEFAULT 'N',
  `code` varchar(32) NOT NULL,
  `priority` int(11) NOT NULL DEFAULT '500',
  PRIMARY KEY (`id`),
  KEY `updated_by` (`updated_by`),
  KEY `created_by` (`created_by`),
  KEY `created_at` (`created_at`),
  KEY `updated_at` (`updated_at`),
  KEY `property_id` (`property_id`),
  KEY `def` (`def`),
  KEY `code` (`code`),
  KEY `priority` (`priority`),
  KEY `value` (`value`),
  CONSTRAINT `cms_user_universal_property_enum_created_by` FOREIGN KEY (`created_by`) REFERENCES `cms_user` (`id`) ON DELETE SET NULL ON UPDATE SET NULL,
  CONSTRAINT `cms_user_universal_property_enum_property_id` FOREIGN KEY (`property_id`) REFERENCES `cms_user_universal_property` (`id`) ON DELETE CASCADE ON UPDATE CASCADE,
  CONSTRAINT `cms_user_universal_property_enum_updated_by` FOREIGN KEY (`updated_by`) REFERENCES `cms_user` (`id`) ON DELETE SET NULL ON UPDATE SET NULL
) ENGINE=InnoDB DEFAULT CHARSET=utf8 COMMENT='Справочник значений свойств типа список';

--
-- Dumping data for table `cms_user_universal_property_enum`
--

SET autocommit=0;
COMMIT;

--
-- Table structure for table `form2_form`
--

CREATE TABLE `form2_form` (
  `id` int(11) NOT NULL AUTO_INCREMENT,
  `created_by` int(11) DEFAULT NULL,
  `updated_by` int(11) DEFAULT NULL,
  `created_at` int(11) DEFAULT NULL,
  `updated_at` int(11) DEFAULT NULL,
  `name` varchar(255) NOT NULL,
  `description` text,
  `code` varchar(32) DEFAULT NULL,
  `emails` text,
  `phones` text,
  `user_ids` text,
  PRIMARY KEY (`id`),
  UNIQUE KEY `code` (`code`),
  KEY `updated_by` (`updated_by`),
  KEY `created_by` (`created_by`),
  KEY `created_at` (`created_at`),
  KEY `updated_at` (`updated_at`),
  KEY `name` (`name`),
  CONSTRAINT `form2_form_created_by` FOREIGN KEY (`created_by`) REFERENCES `cms_user` (`id`) ON DELETE SET NULL ON UPDATE SET NULL,
  CONSTRAINT `form2_form_updated_by` FOREIGN KEY (`updated_by`) REFERENCES `cms_user` (`id`) ON DELETE SET NULL ON UPDATE SET NULL
) ENGINE=InnoDB AUTO_INCREMENT=4 DEFAULT CHARSET=utf8 COMMENT='Формы';

--
-- Dumping data for table `form2_form`
--

SET autocommit=0;
INSERT INTO `form2_form` VALUES (1,1,1,1439302701,1496767197,'Feedback (contact us)','','feedback','','',''),(3,1,1,1455883158,1455883158,'Заказать звонок','','callback',NULL,NULL,NULL);
COMMIT;

--
-- Table structure for table `form2_form_property`
--

CREATE TABLE `form2_form_property` (
  `id` int(11) NOT NULL AUTO_INCREMENT,
  `created_by` int(11) DEFAULT NULL,
  `updated_by` int(11) DEFAULT NULL,
  `created_at` int(11) DEFAULT NULL,
  `updated_at` int(11) DEFAULT NULL,
  `name` varchar(255) NOT NULL,
  `code` varchar(64) DEFAULT NULL,
  `active` char(1) NOT NULL DEFAULT 'Y',
  `priority` int(11) NOT NULL DEFAULT '500',
  `property_type` char(1) NOT NULL DEFAULT 'S',
  `list_type` char(1) NOT NULL DEFAULT 'L',
  `multiple` char(1) NOT NULL DEFAULT 'N',
  `multiple_cnt` int(11) DEFAULT NULL,
  `with_description` char(1) DEFAULT NULL,
  `searchable` char(1) NOT NULL DEFAULT 'N',
  `filtrable` char(1) NOT NULL DEFAULT 'N',
  `is_required` char(1) DEFAULT NULL,
  `version` int(11) NOT NULL DEFAULT '1',
  `component` varchar(255) DEFAULT NULL,
  `component_settings` text,
  `hint` varchar(255) DEFAULT NULL,
  `smart_filtrable` char(1) NOT NULL DEFAULT 'N',
  `form_id` int(11) DEFAULT NULL,
  PRIMARY KEY (`id`),
  UNIQUE KEY `code` (`code`,`form_id`),
  KEY `updated_by` (`updated_by`),
  KEY `created_by` (`created_by`),
  KEY `created_at` (`created_at`),
  KEY `updated_at` (`updated_at`),
  KEY `name` (`name`),
  KEY `active` (`active`),
  KEY `priority` (`priority`),
  KEY `property_type` (`property_type`),
  KEY `list_type` (`list_type`),
  KEY `multiple` (`multiple`),
  KEY `multiple_cnt` (`multiple_cnt`),
  KEY `with_description` (`with_description`),
  KEY `searchable` (`searchable`),
  KEY `filtrable` (`filtrable`),
  KEY `is_required` (`is_required`),
  KEY `version` (`version`),
  KEY `component` (`component`),
  KEY `hint` (`hint`),
  KEY `smart_filtrable` (`smart_filtrable`),
  KEY `form_id` (`form_id`),
  CONSTRAINT `form2_form_property_created_by` FOREIGN KEY (`created_by`) REFERENCES `cms_user` (`id`) ON DELETE SET NULL ON UPDATE SET NULL,
  CONSTRAINT `form2_form_property_form2_form` FOREIGN KEY (`form_id`) REFERENCES `form2_form` (`id`) ON DELETE CASCADE ON UPDATE CASCADE,
  CONSTRAINT `form2_form_property_updated_by` FOREIGN KEY (`updated_by`) REFERENCES `cms_user` (`id`) ON DELETE SET NULL ON UPDATE SET NULL
) ENGINE=InnoDB AUTO_INCREMENT=10 DEFAULT CHARSET=utf8 COMMENT='Свойство раздела';

--
-- Dumping data for table `form2_form_property`
--

SET autocommit=0;
INSERT INTO `form2_form_property` VALUES (4,1,1,1439302873,1496767230,'Name','property345da3829b7efab4c33cfba3e915239b','Y',500,'S','L','N',NULL,'N','Y','N','N',1,'skeeks\\cms\\relatedProperties\\propertyTypes\\PropertyTypeText','a:8:{s:4:\"code\";s:1:\"S\";s:4:\"name\";s:10:\"Текст\";s:13:\"default_value\";s:0:\"\";s:12:\"fieldElement\";s:9:\"textInput\";s:4:\"rows\";s:1:\"5\";s:2:\"id\";s:59:\"skeeks\\cms\\relatedProperties\\propertyTypes\\PropertyTypeText\";s:8:\"property\";a:23:{s:2:\"id\";i:4;s:10:\"created_by\";i:1;s:10:\"updated_by\";i:1;s:10:\"created_at\";i:1439302873;s:10:\"updated_at\";i:1439302873;s:4:\"name\";s:4:\"Name\";s:4:\"code\";s:40:\"property345da3829b7efab4c33cfba3e915239b\";s:6:\"active\";s:1:\"Y\";s:8:\"priority\";s:3:\"500\";s:13:\"property_type\";s:1:\"S\";s:9:\"list_type\";s:1:\"L\";s:8:\"multiple\";s:1:\"N\";s:12:\"multiple_cnt\";N;s:16:\"with_description\";s:1:\"N\";s:10:\"searchable\";s:1:\"Y\";s:9:\"filtrable\";s:1:\"N\";s:11:\"is_required\";s:1:\"N\";s:7:\"version\";i:1;s:9:\"component\";s:59:\"skeeks\\cms\\relatedProperties\\propertyTypes\\PropertyTypeText\";s:18:\"component_settings\";b:0;s:4:\"hint\";s:0:\"\";s:15:\"smart_filtrable\";s:1:\"N\";s:7:\"form_id\";s:1:\"1\";}s:10:\"activeForm\";N;}','','N',1),(5,1,1,1439302905,1496767246,'Phone','property51795c04a1d3e834c56f2bc870c6bf43','Y',500,'S','L','N',NULL,'N','Y','N','Y',1,'skeeks\\cms\\relatedProperties\\propertyTypes\\PropertyTypeText','a:8:{s:4:\"code\";s:1:\"S\";s:4:\"name\";s:10:\"Текст\";s:13:\"default_value\";s:0:\"\";s:12:\"fieldElement\";s:9:\"textInput\";s:4:\"rows\";s:1:\"5\";s:2:\"id\";s:59:\"skeeks\\cms\\relatedProperties\\propertyTypes\\PropertyTypeText\";s:8:\"property\";a:23:{s:2:\"id\";i:5;s:10:\"created_by\";i:1;s:10:\"updated_by\";i:1;s:10:\"created_at\";i:1439302905;s:10:\"updated_at\";i:1439302905;s:4:\"name\";s:5:\"Phone\";s:4:\"code\";s:40:\"property51795c04a1d3e834c56f2bc870c6bf43\";s:6:\"active\";s:1:\"Y\";s:8:\"priority\";s:3:\"500\";s:13:\"property_type\";s:1:\"S\";s:9:\"list_type\";s:1:\"L\";s:8:\"multiple\";s:1:\"N\";s:12:\"multiple_cnt\";N;s:16:\"with_description\";s:1:\"N\";s:10:\"searchable\";s:1:\"Y\";s:9:\"filtrable\";s:1:\"N\";s:11:\"is_required\";s:1:\"Y\";s:7:\"version\";i:1;s:9:\"component\";s:59:\"skeeks\\cms\\relatedProperties\\propertyTypes\\PropertyTypeText\";s:18:\"component_settings\";b:0;s:4:\"hint\";s:0:\"\";s:15:\"smart_filtrable\";s:1:\"N\";s:7:\"form_id\";s:1:\"1\";}s:10:\"activeForm\";N;}','','N',1),(6,1,1,1439302915,1496767268,'Email','property4c0a2dc7fd35d47d9d73831286131846','Y',500,'S','L','N',NULL,'N','Y','N','N',1,'skeeks\\cms\\relatedProperties\\propertyTypes\\PropertyTypeText','a:8:{s:4:\"code\";s:1:\"S\";s:4:\"name\";s:10:\"Текст\";s:13:\"default_value\";s:0:\"\";s:12:\"fieldElement\";s:9:\"textInput\";s:4:\"rows\";s:1:\"5\";s:2:\"id\";s:59:\"skeeks\\cms\\relatedProperties\\propertyTypes\\PropertyTypeText\";s:8:\"property\";a:23:{s:2:\"id\";i:6;s:10:\"created_by\";i:1;s:10:\"updated_by\";i:1;s:10:\"created_at\";i:1439302915;s:10:\"updated_at\";i:1439302915;s:4:\"name\";s:5:\"Email\";s:4:\"code\";s:40:\"property4c0a2dc7fd35d47d9d73831286131846\";s:6:\"active\";s:1:\"Y\";s:8:\"priority\";s:3:\"500\";s:13:\"property_type\";s:1:\"S\";s:9:\"list_type\";s:1:\"L\";s:8:\"multiple\";s:1:\"N\";s:12:\"multiple_cnt\";N;s:16:\"with_description\";s:1:\"N\";s:10:\"searchable\";s:1:\"Y\";s:9:\"filtrable\";s:1:\"N\";s:11:\"is_required\";s:1:\"N\";s:7:\"version\";i:1;s:9:\"component\";s:59:\"skeeks\\cms\\relatedProperties\\propertyTypes\\PropertyTypeText\";s:18:\"component_settings\";b:0;s:4:\"hint\";s:0:\"\";s:15:\"smart_filtrable\";s:1:\"N\";s:7:\"form_id\";s:1:\"1\";}s:10:\"activeForm\";N;}','','N',1),(7,1,1,1445806010,1496767258,'Message','property902885a914c2c25a1ccbecafcd69dde2','Y',500,'S','L','N',NULL,'N','Y','N','N',1,'skeeks\\cms\\relatedProperties\\propertyTypes\\PropertyTypeText','a:8:{s:4:\"code\";s:1:\"S\";s:4:\"name\";s:10:\"Текст\";s:13:\"default_value\";s:0:\"\";s:12:\"fieldElement\";s:8:\"textarea\";s:4:\"rows\";s:1:\"5\";s:2:\"id\";s:59:\"skeeks\\cms\\relatedProperties\\propertyTypes\\PropertyTypeText\";s:8:\"property\";a:23:{s:2:\"id\";i:7;s:10:\"created_by\";i:1;s:10:\"updated_by\";i:1;s:10:\"created_at\";i:1445806010;s:10:\"updated_at\";i:1445806017;s:4:\"name\";s:7:\"Message\";s:4:\"code\";s:40:\"property902885a914c2c25a1ccbecafcd69dde2\";s:6:\"active\";s:1:\"Y\";s:8:\"priority\";s:3:\"500\";s:13:\"property_type\";s:1:\"S\";s:9:\"list_type\";s:1:\"L\";s:8:\"multiple\";s:1:\"N\";s:12:\"multiple_cnt\";N;s:16:\"with_description\";s:1:\"N\";s:10:\"searchable\";s:1:\"Y\";s:9:\"filtrable\";s:1:\"N\";s:11:\"is_required\";s:1:\"N\";s:7:\"version\";i:1;s:9:\"component\";s:59:\"skeeks\\cms\\relatedProperties\\propertyTypes\\PropertyTypeText\";s:18:\"component_settings\";a:10:{s:4:\"code\";s:1:\"S\";s:4:\"name\";s:10:\"Текст\";s:12:\"fieldElement\";s:8:\"textarea\";s:4:\"rows\";s:1:\"5\";s:8:\"multiple\";s:1:\"N\";s:5:\"model\";N;s:8:\"property\";N;s:10:\"activeForm\";N;s:17:\"defaultAttributes\";a:0:{}s:9:\"namespace\";N;}s:4:\"hint\";s:0:\"\";s:15:\"smart_filtrable\";s:1:\"N\";s:7:\"form_id\";s:1:\"1\";}s:10:\"activeForm\";N;}','','N',1),(8,1,1,1455883171,1455883171,'Имя','property447f1a8cfe6b1788bf3a056bba68abb2','Y',500,'S','L','N',NULL,'N','Y','N','N',1,'skeeks\\cms\\relatedProperties\\propertyTypes\\PropertyTypeText','','','N',3),(9,1,1,1455883183,1455883183,'Телефон','propertyD0c5d40de85683ff6b2ef22e2fa055de','Y',500,'S','L','N',NULL,'N','Y','N','Y',1,'skeeks\\cms\\relatedProperties\\propertyTypes\\PropertyTypeText','','','N',3);
COMMIT;

--
-- Table structure for table `form2_form_property_enum`
--

CREATE TABLE `form2_form_property_enum` (
  `id` int(11) NOT NULL AUTO_INCREMENT,
  `created_by` int(11) DEFAULT NULL,
  `updated_by` int(11) DEFAULT NULL,
  `created_at` int(11) DEFAULT NULL,
  `updated_at` int(11) DEFAULT NULL,
  `property_id` int(11) DEFAULT NULL,
  `value` varchar(255) NOT NULL,
  `def` char(1) NOT NULL DEFAULT 'N',
  `code` varchar(32) NOT NULL,
  `priority` int(11) NOT NULL DEFAULT '500',
  PRIMARY KEY (`id`),
  KEY `updated_by` (`updated_by`),
  KEY `created_by` (`created_by`),
  KEY `created_at` (`created_at`),
  KEY `updated_at` (`updated_at`),
  KEY `property_id` (`property_id`),
  KEY `def` (`def`),
  KEY `code` (`code`),
  KEY `priority` (`priority`),
  KEY `value` (`value`),
  CONSTRAINT `form2_form_property_enum_created_by` FOREIGN KEY (`created_by`) REFERENCES `cms_user` (`id`) ON DELETE SET NULL ON UPDATE SET NULL,
  CONSTRAINT `form2_form_property_enum_property_id` FOREIGN KEY (`property_id`) REFERENCES `form2_form_property` (`id`) ON DELETE CASCADE ON UPDATE CASCADE,
  CONSTRAINT `form2_form_property_enum_updated_by` FOREIGN KEY (`updated_by`) REFERENCES `cms_user` (`id`) ON DELETE SET NULL ON UPDATE SET NULL
) ENGINE=InnoDB DEFAULT CHARSET=utf8 COMMENT='Справочник значений свойств';

--
-- Dumping data for table `form2_form_property_enum`
--

SET autocommit=0;
COMMIT;

--
-- Table structure for table `form2_form_send`
--

CREATE TABLE `form2_form_send` (
  `id` int(11) NOT NULL AUTO_INCREMENT,
  `created_by` int(11) DEFAULT NULL,
  `updated_by` int(11) DEFAULT NULL,
  `created_at` int(11) DEFAULT NULL,
  `updated_at` int(11) DEFAULT NULL,
  `processed_by` int(11) DEFAULT NULL,
  `processed_at` int(11) DEFAULT NULL,
  `data_values` text,
  `data_labels` text,
  `emails` text,
  `phones` text,
  `user_ids` text,
  `email_message` text,
  `phone_message` text,
  `status` smallint(6) NOT NULL DEFAULT '0',
  `form_id` int(255) DEFAULT NULL,
  `ip` varchar(32) DEFAULT NULL,
  `page_url` varchar(500) DEFAULT NULL,
  `data_server` text,
  `data_session` text,
  `data_cookie` text,
  `data_request` text,
  `additional_data` text,
  `site_code` char(15) DEFAULT NULL,
  `comment` text,
  PRIMARY KEY (`id`),
  KEY `updated_by` (`updated_by`),
  KEY `created_by` (`created_by`),
  KEY `created_at` (`created_at`),
  KEY `updated_at` (`updated_at`),
  KEY `form_id` (`form_id`),
  KEY `processed_by` (`processed_by`),
  KEY `processed_at` (`processed_at`),
  KEY `status` (`status`),
  KEY `ip` (`ip`),
  KEY `page_url` (`page_url`(255)),
  KEY `site_code` (`site_code`),
  CONSTRAINT `form2_form_send_created_by` FOREIGN KEY (`created_by`) REFERENCES `cms_user` (`id`) ON DELETE SET NULL ON UPDATE SET NULL,
  CONSTRAINT `form2_form_send_form_id` FOREIGN KEY (`form_id`) REFERENCES `form2_form` (`id`) ON DELETE CASCADE ON UPDATE CASCADE,
  CONSTRAINT `form2_form_send_processed_by` FOREIGN KEY (`processed_by`) REFERENCES `cms_user` (`id`) ON DELETE SET NULL ON UPDATE SET NULL,
  CONSTRAINT `form2_form_send_site_code_fk` FOREIGN KEY (`site_code`) REFERENCES `cms_site` (`code`) ON DELETE SET NULL ON UPDATE SET NULL,
  CONSTRAINT `form2_form_send_updated_by` FOREIGN KEY (`updated_by`) REFERENCES `cms_user` (`id`) ON DELETE SET NULL ON UPDATE SET NULL
) ENGINE=InnoDB AUTO_INCREMENT=2 DEFAULT CHARSET=utf8 COMMENT='Сообщения с форм';

--
-- Dumping data for table `form2_form_send`
--

SET autocommit=0;
INSERT INTO `form2_form_send` VALUES (1,NULL,NULL,1499671251,1499671251,NULL,NULL,'a:4:{s:40:\"property345da3829b7efab4c33cfba3e915239b\";s:0:\"\";s:40:\"property51795c04a1d3e834c56f2bc870c6bf43\";s:0:\"\";s:40:\"property4c0a2dc7fd35d47d9d73831286131846\";s:0:\"\";s:40:\"property902885a914c2c25a1ccbecafcd69dde2\";s:0:\"\";}','a:4:{s:40:\"property345da3829b7efab4c33cfba3e915239b\";s:4:\"Name\";s:40:\"property51795c04a1d3e834c56f2bc870c6bf43\";s:5:\"Phone\";s:40:\"property4c0a2dc7fd35d47d9d73831286131846\";s:5:\"Email\";s:40:\"property902885a914c2c25a1ccbecafcd69dde2\";s:7:\"Message\";}','','',NULL,NULL,NULL,0,1,'5.62.63.63','https://doremidoor.com/contacts','a:50:{s:4:\"USER\";s:8:\"doremid1\";s:4:\"HOME\";s:14:\"/home/doremid1\";s:11:\"SCRIPT_NAME\";s:10:\"/index.php\";s:11:\"REQUEST_URI\";s:21:\"/form2/backend/submit\";s:12:\"QUERY_STRING\";s:0:\"\";s:14:\"REQUEST_METHOD\";s:4:\"POST\";s:15:\"SERVER_PROTOCOL\";s:8:\"HTTP/1.1\";s:17:\"GATEWAY_INTERFACE\";s:7:\"CGI/1.1\";s:12:\"REDIRECT_URL\";s:21:\"/form2/backend/submit\";s:11:\"REMOTE_PORT\";s:4:\"1494\";s:15:\"SCRIPT_FILENAME\";s:50:\"//home/doremid1/public_html/frontend/web/index.php\";s:12:\"SERVER_ADMIN\";s:24:\"webmaster@doremidoor.com\";s:21:\"CONTEXT_DOCUMENT_ROOT\";s:39:\"/home/doremid1/public_html/frontend/web\";s:14:\"CONTEXT_PREFIX\";s:0:\"\";s:14:\"REQUEST_SCHEME\";s:5:\"https\";s:13:\"DOCUMENT_ROOT\";s:39:\"/home/doremid1/public_html/frontend/web\";s:11:\"REMOTE_ADDR\";s:10:\"5.62.63.63\";s:11:\"SERVER_PORT\";s:3:\"443\";s:11:\"SERVER_ADDR\";s:14:\"162.144.149.68\";s:11:\"SERVER_NAME\";s:14:\"doremidoor.com\";s:15:\"SERVER_SOFTWARE\";s:6:\"Apache\";s:16:\"SERVER_SIGNATURE\";s:0:\"\";s:4:\"PATH\";s:180:\"/usr/local/jdk/bin:/usr/kerberos/sbin:/usr/kerberos/bin:/usr/local/sbin:/usr/local/bin:/sbin:/bin:/usr/sbin:/usr/bin:/usr/X11R6/bin:/usr/local/bin:/usr/X11R6/bin:/root/bin:/opt/bin\";s:11:\"HTTP_COOKIE\";s:392:\"PHPSESSID=gh1r1s97ih7ktla1ha9npuq4m0; firstTimeVisitCity=59f0710f881d4d30ccfb185baa7232bb75d315a4aef64ee0e2e7e22bdb892f97a%3A2%3A%7Bi%3A0%3Bs%3A18%3A%22firstTimeVisitCity%22%3Bi%3A1%3Bi%3A0%3B%7D; _csrf=e8073310555eba156dda242e7d248bce94f5fce2ac882bdca6541452f275f77ca%3A2%3A%7Bi%3A0%3Bs%3A5%3A%22_csrf%22%3Bi%3A1%3Bs%3A32%3A%22WTYYpljP4SPJcC1A3dl8lGUeD7D83BKU%22%3B%7D; successShowingVideo=1\";s:20:\"HTTP_ACCEPT_LANGUAGE\";s:14:\"en-US,en;q=0.8\";s:20:\"HTTP_ACCEPT_ENCODING\";s:17:\"gzip, deflate, br\";s:12:\"HTTP_REFERER\";s:31:\"https://doremidoor.com/contacts\";s:12:\"CONTENT_TYPE\";s:48:\"application/x-www-form-urlencoded; charset=UTF-8\";s:21:\"HTTP_X_REQUESTED_WITH\";s:14:\"XMLHttpRequest\";s:15:\"HTTP_USER_AGENT\";s:114:\"Mozilla/5.0 (Windows NT 6.3; Win64; x64) AppleWebKit/537.36 (KHTML, like Gecko) Chrome/59.0.3071.115 Safari/537.36\";s:17:\"HTTP_X_CSRF_TOKEN\";s:56:\"Y2NrZzNhWWk0NzI.Qw0zOVcwOy1QImgoUAcHX18mDAwnVC9fACMSPA==\";s:11:\"HTTP_ORIGIN\";s:22:\"https://doremidoor.com\";s:11:\"HTTP_ACCEPT\";s:46:\"application/json, text/javascript, */*; q=0.01\";s:14:\"CONTENT_LENGTH\";s:4:\"3625\";s:15:\"HTTP_CONNECTION\";s:10:\"keep-alive\";s:9:\"HTTP_HOST\";s:14:\"doremidoor.com\";s:17:\"proxy-nokeepalive\";s:1:\"1\";s:11:\"SSL_TLS_SNI\";s:14:\"doremidoor.com\";s:5:\"HTTPS\";s:2:\"on\";s:9:\"UNIQUE_ID\";s:27:\"WWMq08iFsOybPqAv1b8ZJwAAAMs\";s:15:\"REDIRECT_STATUS\";s:3:\"200\";s:20:\"REDIRECT_SSL_TLS_SNI\";s:14:\"doremidoor.com\";s:14:\"REDIRECT_HTTPS\";s:2:\"on\";s:18:\"REDIRECT_UNIQUE_ID\";s:27:\"WWMq08iFsOybPqAv1b8ZJwAAAMs\";s:9:\"FCGI_ROLE\";s:9:\"RESPONDER\";s:8:\"PHP_SELF\";s:10:\"/index.php\";s:18:\"REQUEST_TIME_FLOAT\";d:1499671251.182383060455322265625;s:12:\"REQUEST_TIME\";i:1499671251;s:4:\"argv\";a:0:{}s:4:\"argc\";i:0;}','a:2:{s:7:\"__flash\";a:0:{}s:32:\"lysenkobv\\GeoIP\\GeoIP:5.62.63.63\";O:22:\"lysenkobv\\GeoIP\\Result\":2:{s:7:\"\0*\0data\";a:4:{s:9:\"continent\";a:3:{s:4:\"code\";s:2:\"EU\";s:10:\"geoname_id\";i:6255148;s:5:\"names\";a:8:{s:2:\"de\";s:6:\"Europa\";s:2:\"en\";s:6:\"Europe\";s:2:\"es\";s:6:\"Europa\";s:2:\"fr\";s:6:\"Europe\";s:2:\"ja\";s:15:\"ヨーロッパ\";s:5:\"pt-BR\";s:6:\"Europa\";s:2:\"ru\";s:12:\"Европа\";s:5:\"zh-CN\";s:6:\"欧洲\";}}s:7:\"country\";a:3:{s:10:\"geoname_id\";i:2635167;s:8:\"iso_code\";s:2:\"GB\";s:5:\"names\";a:8:{s:2:\"de\";s:23:\"Vereinigtes Königreich\";s:2:\"en\";s:14:\"United Kingdom\";s:2:\"es\";s:11:\"Reino Unido\";s:2:\"fr\";s:11:\"Royaume-Uni\";s:2:\"ja\";s:12:\"イギリス\";s:5:\"pt-BR\";s:11:\"Reino Unido\";s:2:\"ru\";s:28:\"Великобритания\";s:5:\"zh-CN\";s:6:\"英国\";}}s:8:\"location\";a:4:{s:15:\"accuracy_radius\";i:200;s:8:\"latitude\";d:51.49640000000000128466126625426113605499267578125;s:9:\"longitude\";d:-0.12239999999999999491517854721678304485976696014404296875;s:9:\"time_zone\";s:13:\"Europe/London\";}s:18:\"registered_country\";a:3:{s:10:\"geoname_id\";i:2635167;s:8:\"iso_code\";s:2:\"GB\";s:5:\"names\";a:8:{s:2:\"de\";s:23:\"Vereinigtes Königreich\";s:2:\"en\";s:14:\"United Kingdom\";s:2:\"es\";s:11:\"Reino Unido\";s:2:\"fr\";s:11:\"Royaume-Uni\";s:2:\"ja\";s:12:\"イギリス\";s:5:\"pt-BR\";s:11:\"Reino Unido\";s:2:\"ru\";s:28:\"Великобритания\";s:5:\"zh-CN\";s:6:\"英国\";}}}s:13:\"\0*\0attributes\";a:1:{s:8:\"location\";O:24:\"lysenkobv\\GeoIP\\Location\":2:{s:3:\"lat\";d:51.49640000000000128466126625426113605499267578125;s:3:\"lng\";d:-0.12239999999999999491517854721678304485976696014404296875;}}}}','a:4:{s:9:\"PHPSESSID\";s:26:\"gh1r1s97ih7ktla1ha9npuq4m0\";s:18:\"firstTimeVisitCity\";s:108:\"59f0710f881d4d30ccfb185baa7232bb75d315a4aef64ee0e2e7e22bdb892f97a:2:{i:0;s:18:\"firstTimeVisitCity\";i:1;i:0;}\";s:5:\"_csrf\";s:130:\"e8073310555eba156dda242e7d248bce94f5fce2ac882bdca6541452f275f77ca:2:{i:0;s:5:\"_csrf\";i:1;s:32:\"WTYYpljP4SPJcC1A3dl8lGUeD7D83BKU\";}\";s:19:\"successShowingVideo\";s:1:\"1\";}','a:4:{s:5:\"_csrf\";s:56:\"Y2NrZzNhWWk0NzI.Qw0zOVcwOy1QImgoUAcHX18mDAwnVC9fACMSPA==\";s:14:\"sx-model-value\";s:1:\"1\";s:8:\"sx-model\";s:41:\"skeeks\\modules\\cms\\form2\\models\\Form2Form\";s:22:\"RelatedPropertiesModel\";a:4:{s:40:\"property345da3829b7efab4c33cfba3e915239b\";s:3:\"Kan\";s:40:\"property51795c04a1d3e834c56f2bc870c6bf43\";s:10:\"9876543210\";s:40:\"property4c0a2dc7fd35d47d9d73831286131846\";s:23:\"info@webspeedmaster.com\";s:40:\"property902885a914c2c25a1ccbecafcd69dde2\";s:2877:\"Hi,\r\n\r\nI am Kan from https://www.webspeedmaster.com/ , and I have done extensive research on site speeds and the effect of these speeds on users.\r\n\r\nEvery site administrator knows that site loading speed is essential for a lower bounce rate, and unfortunately, I noticed that your Website can be optimized very easily for much faster loading speeds\r\n\r\nDon\'t believe me?\r\n\r\nWell, for instance, Amazon got a 1% uptick in sales when they reduced their loading times by 100ms, and while that may not seem like much, when you take 1% in the context of millions of sales everyday, the numbers do add up.\r\n\r\nAnd slower site loading speeds can be destructive, as shown by Hotmail, whose slow loading time causes a loss of $6000000 loss per year. Google has found that a half second difference can result in your Traffic dropping by a whopping 20%.\r\n\r\nIn fact, just by improving your speeds, you can increase conversion rates, have a higher User Satisfaction Metric and best of all, a higher conversion rate.\r\n\r\nWhat is the best for your website?\r\n\r\nYou would probably be alarmed, and are probably curious about optimal loading speeds, and research has shown that your Website should be loading under 2 seconds, and you should leave no stone unturned to improve your loading speeds.\r\n\r\nAnd for this, you need a lean and light Webpage and researchers recommend a 2-4MB Webpage for optimal loading times.\r\n\r\nWhat free tools can\'t do?\r\n\r\nFor speed optimization, you can of course opt for free tools, but they won\'t be all that effective and you would really be missing out, because they are not able to do the important stuff, such as database optimization, code error correction and finally, these tools only provide a general solution, not an optimized one that fits your needs.\r\n\r\nWhat I can do for you? (Man is always better than Machine)\r\n\r\nI would be checking your Website personally, instead of the machine-driven algorithms that can\'t really capture the intricacies of your Website. In fact, I can give you a basic consultation for free, and if you are satisfied, you can step up and try my services.\r\n\r\nI would vastly improve your site\'s loading times, and I charge very reasonable rates for my services. And if you are a Non-Profit Organization, Social Charitable Trust or an Open-Source Establishment, you are in luck, because I would optimize your Site for free.\r\n\r\nWhat are you waiting for? Improve conversion rates, user satisfaction and Search Engine Rankings, and that too at rock-bottom rates. Optimize your site speed now!\r\n\r\nThanks,\r\nKan, Consultant & Web Optimizer\r\n10 + years of experience in web management\r\nSKYPE: kan.speed\r\nhttps://www.webspeedmaster.com/\r\n\r\n\r\nWe would not reach you again and fill your inbox. This is just one time pitch. Anyhow, if you would like to take off your email completely, please Unsubscribe here https://www.webspeedmaster.com/report/ .\";}}','','s1',NULL);
COMMIT;

--
-- Table structure for table `form2_form_send_property`
--

CREATE TABLE `form2_form_send_property` (
  `id` int(11) NOT NULL AUTO_INCREMENT,
  `created_by` int(11) DEFAULT NULL,
  `updated_by` int(11) DEFAULT NULL,
  `created_at` int(11) DEFAULT NULL,
  `updated_at` int(11) DEFAULT NULL,
  `property_id` int(11) DEFAULT NULL,
  `element_id` int(11) DEFAULT NULL,
  `value` longtext NOT NULL,
  `value_enum` int(11) DEFAULT NULL,
  `value_num` decimal(18,4) DEFAULT NULL,
  `description` varchar(255) DEFAULT NULL,
  PRIMARY KEY (`id`),
  KEY `updated_by` (`updated_by`),
  KEY `created_by` (`created_by`),
  KEY `created_at` (`created_at`),
  KEY `updated_at` (`updated_at`),
  KEY `property_id` (`property_id`),
  KEY `element_id` (`element_id`),
  KEY `value_enum` (`value_enum`),
  KEY `value_num` (`value_num`),
  KEY `description` (`description`),
  CONSTRAINT `form2_form_send_property_created_by` FOREIGN KEY (`created_by`) REFERENCES `cms_user` (`id`) ON DELETE SET NULL ON UPDATE SET NULL,
  CONSTRAINT `form2_form_send_property_element_id` FOREIGN KEY (`element_id`) REFERENCES `form2_form_send` (`id`) ON DELETE CASCADE ON UPDATE CASCADE,
  CONSTRAINT `form2_form_send_property_property_id` FOREIGN KEY (`property_id`) REFERENCES `form2_form_property` (`id`) ON DELETE CASCADE ON UPDATE CASCADE,
  CONSTRAINT `form2_form_send_property_updated_by` FOREIGN KEY (`updated_by`) REFERENCES `cms_user` (`id`) ON DELETE SET NULL ON UPDATE SET NULL
) ENGINE=InnoDB AUTO_INCREMENT=5 DEFAULT CHARSET=utf8 COMMENT='Связь свойства и значения';

--
-- Dumping data for table `form2_form_send_property`
--

SET autocommit=0;
INSERT INTO `form2_form_send_property` VALUES (1,NULL,NULL,1499671251,1499671251,4,1,'Kan',0,0.0000,NULL),(2,NULL,NULL,1499671251,1499671251,5,1,'9876543210',0,9876543210.0000,NULL),(3,NULL,NULL,1499671251,1499671251,6,1,'info@webspeedmaster.com',0,0.0000,NULL),(4,NULL,NULL,1499671251,1499671251,7,1,'Hi,\r\n\r\nI am Kan from https://www.webspeedmaster.com/ , and I have done extensive research on site speeds and the effect of these speeds on users.\r\n\r\nEvery site administrator knows that site loading speed is essential for a lower bounce rate, and unfortunately, I noticed that your Website can be optimized very easily for much faster loading speeds\r\n\r\nDon\'t believe me?\r\n\r\nWell, for instance, Amazon got a 1% uptick in sales when they reduced their loading times by 100ms, and while that may not seem like much, when you take 1% in the context of millions of sales everyday, the numbers do add up.\r\n\r\nAnd slower site loading speeds can be destructive, as shown by Hotmail, whose slow loading time causes a loss of $6000000 loss per year. Google has found that a half second difference can result in your Traffic dropping by a whopping 20%.\r\n\r\nIn fact, just by improving your speeds, you can increase conversion rates, have a higher User Satisfaction Metric and best of all, a higher conversion rate.\r\n\r\nWhat is the best for your website?\r\n\r\nYou would probably be alarmed, and are probably curious about optimal loading speeds, and research has shown that your Website should be loading under 2 seconds, and you should leave no stone unturned to improve your loading speeds.\r\n\r\nAnd for this, you need a lean and light Webpage and researchers recommend a 2-4MB Webpage for optimal loading times.\r\n\r\nWhat free tools can\'t do?\r\n\r\nFor speed optimization, you can of course opt for free tools, but they won\'t be all that effective and you would really be missing out, because they are not able to do the important stuff, such as database optimization, code error correction and finally, these tools only provide a general solution, not an optimized one that fits your needs.\r\n\r\nWhat I can do for you? (Man is always better than Machine)\r\n\r\nI would be checking your Website personally, instead of the machine-driven algorithms that can\'t really capture the intricacies of your Website. In fact, I can give you a basic consultation for free, and if you are satisfied, you can step up and try my services.\r\n\r\nI would vastly improve your site\'s loading times, and I charge very reasonable rates for my services. And if you are a Non-Profit Organization, Social Charitable Trust or an Open-Source Establishment, you are in luck, because I would optimize your Site for free.\r\n\r\nWhat are you waiting for? Improve conversion rates, user satisfaction and Search Engine Rankings, and that too at rock-bottom rates. Optimize your site speed now!\r\n\r\nThanks,\r\nKan, Consultant & Web Optimizer\r\n10 + years of experience in web management\r\nSKYPE: kan.speed\r\nhttps://www.webspeedmaster.com/\r\n\r\n\r\nWe would not reach you again and fill your inbox. This is just one time pitch. Anyhow, if you would like to take off your email completely, please Unsubscribe here https://www.webspeedmaster.com/report/ .',0,0.0000,NULL);
COMMIT;

--
-- Table structure for table `log_db_target`
--

CREATE TABLE `log_db_target` (
  `id` bigint(20) NOT NULL AUTO_INCREMENT,
  `level` int(11) DEFAULT NULL,
  `category` varchar(255) DEFAULT NULL,
  `log_time` int(11) DEFAULT NULL,
  `prefix` text,
  `message` longtext,
  PRIMARY KEY (`id`),
  KEY `idx_log_level` (`level`),
  KEY `idx_log_category` (`category`)
) ENGINE=InnoDB AUTO_INCREMENT=95 DEFAULT CHARSET=utf8;

--
-- Dumping data for table `log_db_target`
--

SET autocommit=0;
INSERT INTO `log_db_target` VALUES (1,1,'yii\\web\\HttpException:404',1500518451,'[91.220.145.236][1][6me95u1de1cpbo4m4h2jb3ks32]','yii\\base\\InvalidRouteException: Unable to resolve the request \"cms/elfinder-full/sounds/rm.wav\". in /home/doorcrew/public_html/vendor/yiisoft/yii2/base/Module.php:532\nStack trace:\n#0 /home/doorcrew/public_html/vendor/yiisoft/yii2/web/Application.php(102): yii\\base\\Module->runAction(\'cms/elfinder-fu...\', Array)\n#1 /home/doorcrew/public_html/vendor/yiisoft/yii2/base/Application.php(380): yii\\web\\Application->handleRequest(Object(yii\\web\\Request))\n#2 /home/doorcrew/public_html/vendor/skeeks/cms/app-web.php(23): yii\\base\\Application->run()\n#3 /home/doorcrew/public_html/frontend/web/index.php(46): include(\'/home/doorcrew/...\')\n#4 {main}\n\nNext yii\\web\\NotFoundHttpException: Page not found. in /home/doorcrew/public_html/vendor/yiisoft/yii2/web/Application.php:114\nStack trace:\n#0 /home/doorcrew/public_html/vendor/yiisoft/yii2/base/Application.php(380): yii\\web\\Application->handleRequest(Object(yii\\web\\Request))\n#1 /home/doorcrew/public_html/vendor/skeeks/cms/app-web.php(23): yii\\base\\Application->run()\n#2 /home/doorcrew/public_html/frontend/web/index.php(46): include(\'/home/doorcrew/...\')\n#3 {main}'),(2,1,'ErrorException:1',1500518642,'[91.220.145.236][1][6me95u1de1cpbo4m4h2jb3ks32]','ErrorException: This is not a filter thumbnail: images/logo2-min-1111.png in /home/doorcrew/public_html/vendor/skeeks/cms/controllers/ImagingController.php:69\nStack trace:\n#0 [internal function]: skeeks\\cms\\controllers\\ImagingController->actionProcess()\n#1 /home/doorcrew/public_html/vendor/yiisoft/yii2/base/InlineAction.php(57): call_user_func_array(Array, Array)\n#2 /home/doorcrew/public_html/vendor/yiisoft/yii2/base/Controller.php(156): yii\\base\\InlineAction->runWithParams(Array)\n#3 /home/doorcrew/public_html/vendor/yiisoft/yii2/base/Module.php(523): yii\\base\\Controller->runAction(\'process\', Array)\n#4 /home/doorcrew/public_html/vendor/yiisoft/yii2/web/Application.php(102): yii\\base\\Module->runAction(\'cms/imaging/pro...\', Array)\n#5 /home/doorcrew/public_html/vendor/yiisoft/yii2/base/Application.php(380): yii\\web\\Application->handleRequest(Object(yii\\web\\Request))\n#6 /home/doorcrew/public_html/vendor/skeeks/cms/app-web.php(23): yii\\base\\Application->run()\n#7 /home/doorcrew/public_html/frontend/web/index.php(46): include(\'/home/doorcrew/...\')\n#8 {main}'),(3,2,'yii\\debug\\Module::checkAccess',1500520423,'[118.193.31.222][-][-]','Access to debugger is denied due to IP address restriction. The requesting IP address is 118.193.31.222'),(4,1,'skeeks\\cms\\assetsAuto\\AssetsAutoCompressComponent',1500520423,'[118.193.31.222][-][-]','SSL: no alternative certificate subject name matches target host name \'162.144.136.132\''),(5,1,'skeeks\\cms\\assetsAuto\\AssetsAutoCompressComponent',1500520423,'[118.193.31.222][-][-]','SSL: no alternative certificate subject name matches target host name \'162.144.136.132\''),(6,2,'yii\\debug\\Module::checkAccess',1500520423,'[118.193.31.222][-][-]','Access to debugger is denied due to IP address restriction. The requesting IP address is 118.193.31.222'),(7,2,'yii\\debug\\Module::checkAccess',1500530681,'[104.130.124.209][-][-]','Access to debugger is denied due to IP address restriction. The requesting IP address is 104.130.124.209'),(8,2,'yii\\debug\\Module::checkAccess',1500530682,'[104.130.124.209][-][-]','Access to debugger is denied due to IP address restriction. The requesting IP address is 104.130.124.209'),(9,2,'yii\\debug\\Module::checkAccess',1500531900,'[104.130.124.209][-][-]','Access to debugger is denied due to IP address restriction. The requesting IP address is 104.130.124.209'),(10,2,'yii\\debug\\Module::checkAccess',1500531902,'[104.130.124.209][-][-]','Access to debugger is denied due to IP address restriction. The requesting IP address is 104.130.124.209'),(11,2,'yii\\debug\\Module::checkAccess',1500532514,'[104.130.124.209][-][-]','Access to debugger is denied due to IP address restriction. The requesting IP address is 104.130.124.209'),(12,2,'yii\\debug\\Module::checkAccess',1500532514,'[104.130.124.209][-][-]','Access to debugger is denied due to IP address restriction. The requesting IP address is 104.130.124.209'),(13,2,'yii\\debug\\Module::checkAccess',1500535403,'[104.130.124.209][-][-]','Access to debugger is denied due to IP address restriction. The requesting IP address is 104.130.124.209'),(14,2,'yii\\debug\\Module::checkAccess',1500535403,'[104.130.124.209][-][-]','Access to debugger is denied due to IP address restriction. The requesting IP address is 104.130.124.209'),(15,2,'yii\\debug\\Module::checkAccess',1500540668,'[79.176.45.193][-][-]','Access to debugger is denied due to IP address restriction. The requesting IP address is 79.176.45.193'),(16,2,'yii\\debug\\Module::checkAccess',1500540668,'[79.176.45.193][-][-]','Access to debugger is denied due to IP address restriction. The requesting IP address is 79.176.45.193'),(17,1,'ErrorException:1',1500540669,'[79.176.45.193][-][5m08j07nvd7mm6a7ijgt21arj3]','ErrorException: This is not a filter thumbnail: images/logo2-min-1111.png in /home/doorcrew/public_html/vendor/skeeks/cms/controllers/ImagingController.php:69\nStack trace:\n#0 [internal function]: skeeks\\cms\\controllers\\ImagingController->actionProcess()\n#1 /home/doorcrew/public_html/vendor/yiisoft/yii2/base/InlineAction.php(57): call_user_func_array(Array, Array)\n#2 /home/doorcrew/public_html/vendor/yiisoft/yii2/base/Controller.php(156): yii\\base\\InlineAction->runWithParams(Array)\n#3 /home/doorcrew/public_html/vendor/yiisoft/yii2/base/Module.php(523): yii\\base\\Controller->runAction(\'process\', Array)\n#4 /home/doorcrew/public_html/vendor/yiisoft/yii2/web/Application.php(102): yii\\base\\Module->runAction(\'cms/imaging/pro...\', Array)\n#5 /home/doorcrew/public_html/vendor/yiisoft/yii2/base/Application.php(380): yii\\web\\Application->handleRequest(Object(yii\\web\\Request))\n#6 /home/doorcrew/public_html/vendor/skeeks/cms/app-web.php(23): yii\\base\\Application->run()\n#7 /home/doorcrew/public_html/frontend/web/index.php(46): include(\'/home/doorcrew/...\')\n#8 {main}'),(18,2,'yii\\debug\\Module::checkAccess',1500540669,'[79.176.45.193][-][5m08j07nvd7mm6a7ijgt21arj3]','Access to debugger is denied due to IP address restriction. The requesting IP address is 79.176.45.193'),(19,2,'yii\\debug\\Module::checkAccess',1500540669,'[79.176.45.193][-][5m08j07nvd7mm6a7ijgt21arj3]','Access to debugger is denied due to IP address restriction. The requesting IP address is 79.176.45.193'),(20,2,'yii\\debug\\Module::checkAccess',1500540683,'[79.176.45.193][-][-]','Access to debugger is denied due to IP address restriction. The requesting IP address is 79.176.45.193'),(21,2,'yii\\debug\\Module::checkAccess',1500540683,'[79.176.45.193][-][-]','Access to debugger is denied due to IP address restriction. The requesting IP address is 79.176.45.193'),(22,1,'ErrorException:1',1500540684,'[79.176.45.193][-][5m08j07nvd7mm6a7ijgt21arj3]','ErrorException: This is not a filter thumbnail: images/logo2-min-1111.png in /home/doorcrew/public_html/vendor/skeeks/cms/controllers/ImagingController.php:69\nStack trace:\n#0 [internal function]: skeeks\\cms\\controllers\\ImagingController->actionProcess()\n#1 /home/doorcrew/public_html/vendor/yiisoft/yii2/base/InlineAction.php(57): call_user_func_array(Array, Array)\n#2 /home/doorcrew/public_html/vendor/yiisoft/yii2/base/Controller.php(156): yii\\base\\InlineAction->runWithParams(Array)\n#3 /home/doorcrew/public_html/vendor/yiisoft/yii2/base/Module.php(523): yii\\base\\Controller->runAction(\'process\', Array)\n#4 /home/doorcrew/public_html/vendor/yiisoft/yii2/web/Application.php(102): yii\\base\\Module->runAction(\'cms/imaging/pro...\', Array)\n#5 /home/doorcrew/public_html/vendor/yiisoft/yii2/base/Application.php(380): yii\\web\\Application->handleRequest(Object(yii\\web\\Request))\n#6 /home/doorcrew/public_html/vendor/skeeks/cms/app-web.php(23): yii\\base\\Application->run()\n#7 /home/doorcrew/public_html/frontend/web/index.php(46): include(\'/home/doorcrew/...\')\n#8 {main}'),(23,2,'yii\\debug\\Module::checkAccess',1500540684,'[79.176.45.193][-][5m08j07nvd7mm6a7ijgt21arj3]','Access to debugger is denied due to IP address restriction. The requesting IP address is 79.176.45.193'),(24,2,'yii\\debug\\Module::checkAccess',1500540684,'[79.176.45.193][-][5m08j07nvd7mm6a7ijgt21arj3]','Access to debugger is denied due to IP address restriction. The requesting IP address is 79.176.45.193'),(25,2,'yii\\debug\\Module::checkAccess',1500540686,'[79.176.45.193][-][-]','Access to debugger is denied due to IP address restriction. The requesting IP address is 79.176.45.193'),(26,2,'yii\\debug\\Module::checkAccess',1500540686,'[79.176.45.193][-][-]','Access to debugger is denied due to IP address restriction. The requesting IP address is 79.176.45.193'),(27,1,'ErrorException:1',1500540686,'[79.176.45.193][-][5m08j07nvd7mm6a7ijgt21arj3]','ErrorException: This is not a filter thumbnail: images/logo2-min-1111.png in /home/doorcrew/public_html/vendor/skeeks/cms/controllers/ImagingController.php:69\nStack trace:\n#0 [internal function]: skeeks\\cms\\controllers\\ImagingController->actionProcess()\n#1 /home/doorcrew/public_html/vendor/yiisoft/yii2/base/InlineAction.php(57): call_user_func_array(Array, Array)\n#2 /home/doorcrew/public_html/vendor/yiisoft/yii2/base/Controller.php(156): yii\\base\\InlineAction->runWithParams(Array)\n#3 /home/doorcrew/public_html/vendor/yiisoft/yii2/base/Module.php(523): yii\\base\\Controller->runAction(\'process\', Array)\n#4 /home/doorcrew/public_html/vendor/yiisoft/yii2/web/Application.php(102): yii\\base\\Module->runAction(\'cms/imaging/pro...\', Array)\n#5 /home/doorcrew/public_html/vendor/yiisoft/yii2/base/Application.php(380): yii\\web\\Application->handleRequest(Object(yii\\web\\Request))\n#6 /home/doorcrew/public_html/vendor/skeeks/cms/app-web.php(23): yii\\base\\Application->run()\n#7 /home/doorcrew/public_html/frontend/web/index.php(46): include(\'/home/doorcrew/...\')\n#8 {main}'),(28,2,'yii\\debug\\Module::checkAccess',1500540686,'[79.176.45.193][-][5m08j07nvd7mm6a7ijgt21arj3]','Access to debugger is denied due to IP address restriction. The requesting IP address is 79.176.45.193'),(29,2,'yii\\debug\\Module::checkAccess',1500540686,'[79.176.45.193][-][5m08j07nvd7mm6a7ijgt21arj3]','Access to debugger is denied due to IP address restriction. The requesting IP address is 79.176.45.193'),(30,2,'yii\\debug\\Module::checkAccess',1500540688,'[79.176.45.193][-][-]','Access to debugger is denied due to IP address restriction. The requesting IP address is 79.176.45.193'),(31,2,'yii\\debug\\Module::checkAccess',1500540688,'[79.176.45.193][-][-]','Access to debugger is denied due to IP address restriction. The requesting IP address is 79.176.45.193'),(32,1,'ErrorException:1',1500540688,'[79.176.45.193][-][5m08j07nvd7mm6a7ijgt21arj3]','ErrorException: This is not a filter thumbnail: images/logo2-min-1111.png in /home/doorcrew/public_html/vendor/skeeks/cms/controllers/ImagingController.php:69\nStack trace:\n#0 [internal function]: skeeks\\cms\\controllers\\ImagingController->actionProcess()\n#1 /home/doorcrew/public_html/vendor/yiisoft/yii2/base/InlineAction.php(57): call_user_func_array(Array, Array)\n#2 /home/doorcrew/public_html/vendor/yiisoft/yii2/base/Controller.php(156): yii\\base\\InlineAction->runWithParams(Array)\n#3 /home/doorcrew/public_html/vendor/yiisoft/yii2/base/Module.php(523): yii\\base\\Controller->runAction(\'process\', Array)\n#4 /home/doorcrew/public_html/vendor/yiisoft/yii2/web/Application.php(102): yii\\base\\Module->runAction(\'cms/imaging/pro...\', Array)\n#5 /home/doorcrew/public_html/vendor/yiisoft/yii2/base/Application.php(380): yii\\web\\Application->handleRequest(Object(yii\\web\\Request))\n#6 /home/doorcrew/public_html/vendor/skeeks/cms/app-web.php(23): yii\\base\\Application->run()\n#7 /home/doorcrew/public_html/frontend/web/index.php(46): include(\'/home/doorcrew/...\')\n#8 {main}'),(33,2,'yii\\debug\\Module::checkAccess',1500540688,'[79.176.45.193][-][5m08j07nvd7mm6a7ijgt21arj3]','Access to debugger is denied due to IP address restriction. The requesting IP address is 79.176.45.193'),(34,2,'yii\\debug\\Module::checkAccess',1500540688,'[79.176.45.193][-][5m08j07nvd7mm6a7ijgt21arj3]','Access to debugger is denied due to IP address restriction. The requesting IP address is 79.176.45.193'),(35,2,'yii\\debug\\Module::checkAccess',1500540712,'[79.176.45.193][-][-]','Access to debugger is denied due to IP address restriction. The requesting IP address is 79.176.45.193'),(36,2,'yii\\debug\\Module::checkAccess',1500540712,'[79.176.45.193][-][-]','Access to debugger is denied due to IP address restriction. The requesting IP address is 79.176.45.193'),(37,1,'ErrorException:1',1500540712,'[79.176.45.193][-][5m08j07nvd7mm6a7ijgt21arj3]','ErrorException: This is not a filter thumbnail: images/logo2-min-1111.png in /home/doorcrew/public_html/vendor/skeeks/cms/controllers/ImagingController.php:69\nStack trace:\n#0 [internal function]: skeeks\\cms\\controllers\\ImagingController->actionProcess()\n#1 /home/doorcrew/public_html/vendor/yiisoft/yii2/base/InlineAction.php(57): call_user_func_array(Array, Array)\n#2 /home/doorcrew/public_html/vendor/yiisoft/yii2/base/Controller.php(156): yii\\base\\InlineAction->runWithParams(Array)\n#3 /home/doorcrew/public_html/vendor/yiisoft/yii2/base/Module.php(523): yii\\base\\Controller->runAction(\'process\', Array)\n#4 /home/doorcrew/public_html/vendor/yiisoft/yii2/web/Application.php(102): yii\\base\\Module->runAction(\'cms/imaging/pro...\', Array)\n#5 /home/doorcrew/public_html/vendor/yiisoft/yii2/base/Application.php(380): yii\\web\\Application->handleRequest(Object(yii\\web\\Request))\n#6 /home/doorcrew/public_html/vendor/skeeks/cms/app-web.php(23): yii\\base\\Application->run()\n#7 /home/doorcrew/public_html/frontend/web/index.php(46): include(\'/home/doorcrew/...\')\n#8 {main}'),(38,2,'yii\\debug\\Module::checkAccess',1500540712,'[79.176.45.193][-][5m08j07nvd7mm6a7ijgt21arj3]','Access to debugger is denied due to IP address restriction. The requesting IP address is 79.176.45.193'),(39,2,'yii\\debug\\Module::checkAccess',1500540712,'[79.176.45.193][-][5m08j07nvd7mm6a7ijgt21arj3]','Access to debugger is denied due to IP address restriction. The requesting IP address is 79.176.45.193'),(40,1,'ErrorException:1',1500540880,'[91.220.145.236][1][ns45vp6m6t45m7oosr7bdjot23]','ErrorException: This is not a filter thumbnail: images/logo2-min-1111.png in /home/doorcrew/public_html/vendor/skeeks/cms/controllers/ImagingController.php:69\nStack trace:\n#0 [internal function]: skeeks\\cms\\controllers\\ImagingController->actionProcess()\n#1 /home/doorcrew/public_html/vendor/yiisoft/yii2/base/InlineAction.php(57): call_user_func_array(Array, Array)\n#2 /home/doorcrew/public_html/vendor/yiisoft/yii2/base/Controller.php(156): yii\\base\\InlineAction->runWithParams(Array)\n#3 /home/doorcrew/public_html/vendor/yiisoft/yii2/base/Module.php(523): yii\\base\\Controller->runAction(\'process\', Array)\n#4 /home/doorcrew/public_html/vendor/yiisoft/yii2/web/Application.php(102): yii\\base\\Module->runAction(\'cms/imaging/pro...\', Array)\n#5 /home/doorcrew/public_html/vendor/yiisoft/yii2/base/Application.php(380): yii\\web\\Application->handleRequest(Object(yii\\web\\Request))\n#6 /home/doorcrew/public_html/vendor/skeeks/cms/app-web.php(23): yii\\base\\Application->run()\n#7 /home/doorcrew/public_html/frontend/web/index.php(46): include(\'/home/doorcrew/...\')\n#8 {main}'),(41,2,'yii\\debug\\Module::checkAccess',1500540943,'[54.89.92.4][-][-]','Access to debugger is denied due to IP address restriction. The requesting IP address is 54.89.92.4'),(42,2,'yii\\debug\\Module::checkAccess',1500540943,'[54.89.92.4][-][-]','Access to debugger is denied due to IP address restriction. The requesting IP address is 54.89.92.4'),(43,2,'yii\\debug\\Module::checkAccess',1500540997,'[79.176.45.193][-][-]','Access to debugger is denied due to IP address restriction. The requesting IP address is 79.176.45.193'),(44,2,'yii\\debug\\Module::checkAccess',1500540997,'[79.176.45.193][-][-]','Access to debugger is denied due to IP address restriction. The requesting IP address is 79.176.45.193'),(45,1,'ErrorException:1',1500540998,'[79.176.45.193][-][5m08j07nvd7mm6a7ijgt21arj3]','ErrorException: This is not a filter thumbnail: images/logo2-min-1111.png in /home/doorcrew/public_html/vendor/skeeks/cms/controllers/ImagingController.php:69\nStack trace:\n#0 [internal function]: skeeks\\cms\\controllers\\ImagingController->actionProcess()\n#1 /home/doorcrew/public_html/vendor/yiisoft/yii2/base/InlineAction.php(57): call_user_func_array(Array, Array)\n#2 /home/doorcrew/public_html/vendor/yiisoft/yii2/base/Controller.php(156): yii\\base\\InlineAction->runWithParams(Array)\n#3 /home/doorcrew/public_html/vendor/yiisoft/yii2/base/Module.php(523): yii\\base\\Controller->runAction(\'process\', Array)\n#4 /home/doorcrew/public_html/vendor/yiisoft/yii2/web/Application.php(102): yii\\base\\Module->runAction(\'cms/imaging/pro...\', Array)\n#5 /home/doorcrew/public_html/vendor/yiisoft/yii2/base/Application.php(380): yii\\web\\Application->handleRequest(Object(yii\\web\\Request))\n#6 /home/doorcrew/public_html/vendor/skeeks/cms/app-web.php(23): yii\\base\\Application->run()\n#7 /home/doorcrew/public_html/frontend/web/index.php(46): include(\'/home/doorcrew/...\')\n#8 {main}'),(46,2,'yii\\debug\\Module::checkAccess',1500540998,'[79.176.45.193][-][5m08j07nvd7mm6a7ijgt21arj3]','Access to debugger is denied due to IP address restriction. The requesting IP address is 79.176.45.193'),(47,2,'yii\\debug\\Module::checkAccess',1500540998,'[79.176.45.193][-][5m08j07nvd7mm6a7ijgt21arj3]','Access to debugger is denied due to IP address restriction. The requesting IP address is 79.176.45.193'),(48,2,'yii\\debug\\Module::checkAccess',1500541024,'[104.45.18.178][-][-]','Access to debugger is denied due to IP address restriction. The requesting IP address is 104.45.18.178'),(49,2,'yii\\debug\\Module::checkAccess',1500541024,'[104.45.18.178][-][-]','Access to debugger is denied due to IP address restriction. The requesting IP address is 104.45.18.178'),(50,1,'yii\\web\\HttpException:404',1500541024,'[104.45.18.178][-][8t8iq95s0t0d41hgnhroo581p6]','yii\\base\\InvalidRouteException: Unable to resolve the request \"favicon-site.ico?v=1498056812\". in /home/doorcrew/public_html/vendor/yiisoft/yii2/base/Module.php:532\nStack trace:\n#0 /home/doorcrew/public_html/vendor/yiisoft/yii2/web/Application.php(102): yii\\base\\Module->runAction(\'favicon-site.ic...\', Array)\n#1 /home/doorcrew/public_html/vendor/yiisoft/yii2/base/Application.php(380): yii\\web\\Application->handleRequest(Object(yii\\web\\Request))\n#2 /home/doorcrew/public_html/vendor/skeeks/cms/app-web.php(23): yii\\base\\Application->run()\n#3 /home/doorcrew/public_html/frontend/web/index.php(46): include(\'/home/doorcrew/...\')\n#4 {main}\n\nNext yii\\web\\NotFoundHttpException: Page not found. in /home/doorcrew/public_html/vendor/yiisoft/yii2/web/Application.php:114\nStack trace:\n#0 /home/doorcrew/public_html/vendor/yiisoft/yii2/base/Application.php(380): yii\\web\\Application->handleRequest(Object(yii\\web\\Request))\n#1 /home/doorcrew/public_html/vendor/skeeks/cms/app-web.php(23): yii\\base\\Application->run()\n#2 /home/doorcrew/public_html/frontend/web/index.php(46): include(\'/home/doorcrew/...\')\n#3 {main}'),(51,2,'yii\\debug\\Module::checkAccess',1500541025,'[104.45.18.178][-][8t8iq95s0t0d41hgnhroo581p6]','Access to debugger is denied due to IP address restriction. The requesting IP address is 104.45.18.178'),(52,2,'yii\\debug\\Module::checkAccess',1500541025,'[104.45.18.178][-][8t8iq95s0t0d41hgnhroo581p6]','Access to debugger is denied due to IP address restriction. The requesting IP address is 104.45.18.178'),(53,2,'yii\\debug\\Module::checkAccess',1500541026,'[23.101.61.176][-][-]','Access to debugger is denied due to IP address restriction. The requesting IP address is 23.101.61.176'),(54,2,'yii\\debug\\Module::checkAccess',1500541026,'[23.101.61.176][-][-]','Access to debugger is denied due to IP address restriction. The requesting IP address is 23.101.61.176'),(55,1,'yii\\web\\HttpException:404',1500541026,'[23.101.61.176][-][rao626fbacm685pt03suhbbun1]','yii\\base\\InvalidRouteException: Unable to resolve the request \"favicon-site.ico?v=1498056812\". in /home/doorcrew/public_html/vendor/yiisoft/yii2/base/Module.php:532\nStack trace:\n#0 /home/doorcrew/public_html/vendor/yiisoft/yii2/web/Application.php(102): yii\\base\\Module->runAction(\'favicon-site.ic...\', Array)\n#1 /home/doorcrew/public_html/vendor/yiisoft/yii2/base/Application.php(380): yii\\web\\Application->handleRequest(Object(yii\\web\\Request))\n#2 /home/doorcrew/public_html/vendor/skeeks/cms/app-web.php(23): yii\\base\\Application->run()\n#3 /home/doorcrew/public_html/frontend/web/index.php(46): include(\'/home/doorcrew/...\')\n#4 {main}\n\nNext yii\\web\\NotFoundHttpException: Page not found. in /home/doorcrew/public_html/vendor/yiisoft/yii2/web/Application.php:114\nStack trace:\n#0 /home/doorcrew/public_html/vendor/yiisoft/yii2/base/Application.php(380): yii\\web\\Application->handleRequest(Object(yii\\web\\Request))\n#1 /home/doorcrew/public_html/vendor/skeeks/cms/app-web.php(23): yii\\base\\Application->run()\n#2 /home/doorcrew/public_html/frontend/web/index.php(46): include(\'/home/doorcrew/...\')\n#3 {main}'),(56,2,'yii\\debug\\Module::checkAccess',1500541026,'[23.101.61.176][-][rao626fbacm685pt03suhbbun1]','Access to debugger is denied due to IP address restriction. The requesting IP address is 23.101.61.176'),(57,2,'yii\\debug\\Module::checkAccess',1500541026,'[23.101.61.176][-][rao626fbacm685pt03suhbbun1]','Access to debugger is denied due to IP address restriction. The requesting IP address is 23.101.61.176'),(58,1,'ErrorException:1',1500541289,'[91.220.145.236][1][ns45vp6m6t45m7oosr7bdjot23]','ErrorException: This is not a filter thumbnail: images/logo2-min-1111.png in /home/doorcrew/public_html/vendor/skeeks/cms/controllers/ImagingController.php:69\nStack trace:\n#0 [internal function]: skeeks\\cms\\controllers\\ImagingController->actionProcess()\n#1 /home/doorcrew/public_html/vendor/yiisoft/yii2/base/InlineAction.php(57): call_user_func_array(Array, Array)\n#2 /home/doorcrew/public_html/vendor/yiisoft/yii2/base/Controller.php(156): yii\\base\\InlineAction->runWithParams(Array)\n#3 /home/doorcrew/public_html/vendor/yiisoft/yii2/base/Module.php(523): yii\\base\\Controller->runAction(\'process\', Array)\n#4 /home/doorcrew/public_html/vendor/yiisoft/yii2/web/Application.php(102): yii\\base\\Module->runAction(\'cms/imaging/pro...\', Array)\n#5 /home/doorcrew/public_html/vendor/yiisoft/yii2/base/Application.php(380): yii\\web\\Application->handleRequest(Object(yii\\web\\Request))\n#6 /home/doorcrew/public_html/vendor/skeeks/cms/app-web.php(23): yii\\base\\Application->run()\n#7 /home/doorcrew/public_html/frontend/web/index.php(46): include(\'/home/doorcrew/...\')\n#8 {main}'),(59,2,'yii\\debug\\Module::checkAccess',1500543993,'[184.105.139.70][-][-]','Access to debugger is denied due to IP address restriction. The requesting IP address is 184.105.139.70'),(60,2,'yii\\debug\\Module::checkAccess',1500543993,'[184.105.139.70][-][-]','Access to debugger is denied due to IP address restriction. The requesting IP address is 184.105.139.70'),(61,2,'yii\\debug\\Module::checkAccess',1500546172,'[139.162.78.135][-][-]','Access to debugger is denied due to IP address restriction. The requesting IP address is 139.162.78.135'),(62,2,'yii\\debug\\Module::checkAccess',1500546172,'[139.162.78.135][-][-]','Access to debugger is denied due to IP address restriction. The requesting IP address is 139.162.78.135'),(63,2,'yii\\debug\\Module::checkAccess',1500546740,'[176.13.1.147][-][-]','Access to debugger is denied due to IP address restriction. The requesting IP address is 176.13.1.147'),(64,2,'yii\\debug\\Module::checkAccess',1500546740,'[176.13.1.147][-][-]','Access to debugger is denied due to IP address restriction. The requesting IP address is 176.13.1.147'),(65,1,'ErrorException:1',1500546742,'[176.13.1.147][-][8nppi3cb9r5v7u3egdlda670r5]','ErrorException: This is not a filter thumbnail: images/logo2-min-1111.png in /home/doorcrew/public_html/vendor/skeeks/cms/controllers/ImagingController.php:69\nStack trace:\n#0 [internal function]: skeeks\\cms\\controllers\\ImagingController->actionProcess()\n#1 /home/doorcrew/public_html/vendor/yiisoft/yii2/base/InlineAction.php(57): call_user_func_array(Array, Array)\n#2 /home/doorcrew/public_html/vendor/yiisoft/yii2/base/Controller.php(156): yii\\base\\InlineAction->runWithParams(Array)\n#3 /home/doorcrew/public_html/vendor/yiisoft/yii2/base/Module.php(523): yii\\base\\Controller->runAction(\'process\', Array)\n#4 /home/doorcrew/public_html/vendor/yiisoft/yii2/web/Application.php(102): yii\\base\\Module->runAction(\'cms/imaging/pro...\', Array)\n#5 /home/doorcrew/public_html/vendor/yiisoft/yii2/base/Application.php(380): yii\\web\\Application->handleRequest(Object(yii\\web\\Request))\n#6 /home/doorcrew/public_html/vendor/skeeks/cms/app-web.php(23): yii\\base\\Application->run()\n#7 /home/doorcrew/public_html/frontend/web/index.php(46): include(\'/home/doorcrew/...\')\n#8 {main}'),(66,2,'yii\\debug\\Module::checkAccess',1500546742,'[176.13.1.147][-][8nppi3cb9r5v7u3egdlda670r5]','Access to debugger is denied due to IP address restriction. The requesting IP address is 176.13.1.147'),(67,2,'yii\\debug\\Module::checkAccess',1500546742,'[176.13.1.147][-][8nppi3cb9r5v7u3egdlda670r5]','Access to debugger is denied due to IP address restriction. The requesting IP address is 176.13.1.147'),(68,2,'yii\\debug\\Module::checkAccess',1500561665,'[79.176.45.193][-][-]','Access to debugger is denied due to IP address restriction. The requesting IP address is 79.176.45.193'),(69,2,'yii\\debug\\Module::checkAccess',1500561665,'[79.176.45.193][-][-]','Access to debugger is denied due to IP address restriction. The requesting IP address is 79.176.45.193'),(70,1,'ErrorException:1',1500561666,'[79.176.45.193][-][5m08j07nvd7mm6a7ijgt21arj3]','ErrorException: This is not a filter thumbnail: images/logo2-min-1111.png in /home/doorcrew/public_html/vendor/skeeks/cms/controllers/ImagingController.php:69\nStack trace:\n#0 [internal function]: skeeks\\cms\\controllers\\ImagingController->actionProcess()\n#1 /home/doorcrew/public_html/vendor/yiisoft/yii2/base/InlineAction.php(57): call_user_func_array(Array, Array)\n#2 /home/doorcrew/public_html/vendor/yiisoft/yii2/base/Controller.php(156): yii\\base\\InlineAction->runWithParams(Array)\n#3 /home/doorcrew/public_html/vendor/yiisoft/yii2/base/Module.php(523): yii\\base\\Controller->runAction(\'process\', Array)\n#4 /home/doorcrew/public_html/vendor/yiisoft/yii2/web/Application.php(102): yii\\base\\Module->runAction(\'cms/imaging/pro...\', Array)\n#5 /home/doorcrew/public_html/vendor/yiisoft/yii2/base/Application.php(380): yii\\web\\Application->handleRequest(Object(yii\\web\\Request))\n#6 /home/doorcrew/public_html/vendor/skeeks/cms/app-web.php(23): yii\\base\\Application->run()\n#7 /home/doorcrew/public_html/frontend/web/index.php(46): include(\'/home/doorcrew/...\')\n#8 {main}'),(71,2,'yii\\debug\\Module::checkAccess',1500561666,'[79.176.45.193][-][5m08j07nvd7mm6a7ijgt21arj3]','Access to debugger is denied due to IP address restriction. The requesting IP address is 79.176.45.193'),(72,2,'yii\\debug\\Module::checkAccess',1500561666,'[79.176.45.193][-][5m08j07nvd7mm6a7ijgt21arj3]','Access to debugger is denied due to IP address restriction. The requesting IP address is 79.176.45.193'),(73,2,'yii\\debug\\Module::checkAccess',1500565883,'[201.251.120.200][-][-]','Access to debugger is denied due to IP address restriction. The requesting IP address is 201.251.120.200'),(74,2,'yii\\debug\\Module::checkAccess',1500565883,'[201.251.120.200][-][-]','Access to debugger is denied due to IP address restriction. The requesting IP address is 201.251.120.200'),(75,2,'yii\\debug\\Module::checkAccess',1500578257,'[52.27.175.8][-][-]','Access to debugger is denied due to IP address restriction. The requesting IP address is 52.27.175.8'),(76,2,'yii\\debug\\Module::checkAccess',1500578257,'[52.27.175.8][-][-]','Access to debugger is denied due to IP address restriction. The requesting IP address is 52.27.175.8'),(77,2,'yii\\debug\\Module::checkAccess',1500593319,'[54.144.57.231][-][-]','Access to debugger is denied due to IP address restriction. The requesting IP address is 54.144.57.231'),(78,2,'yii\\debug\\Module::checkAccess',1500593319,'[54.144.57.231][-][-]','Access to debugger is denied due to IP address restriction. The requesting IP address is 54.144.57.231'),(79,1,'ErrorException:1',1500593319,'[54.144.57.231][-][uu8cd0v3tef43f7ivnhtmjaua1]','ErrorException: This is not a filter thumbnail: images/logo2-min-1111.png in /home/doorcrew/public_html/vendor/skeeks/cms/controllers/ImagingController.php:69\nStack trace:\n#0 [internal function]: skeeks\\cms\\controllers\\ImagingController->actionProcess()\n#1 /home/doorcrew/public_html/vendor/yiisoft/yii2/base/InlineAction.php(57): call_user_func_array(Array, Array)\n#2 /home/doorcrew/public_html/vendor/yiisoft/yii2/base/Controller.php(156): yii\\base\\InlineAction->runWithParams(Array)\n#3 /home/doorcrew/public_html/vendor/yiisoft/yii2/base/Module.php(523): yii\\base\\Controller->runAction(\'process\', Array)\n#4 /home/doorcrew/public_html/vendor/yiisoft/yii2/web/Application.php(102): yii\\base\\Module->runAction(\'cms/imaging/pro...\', Array)\n#5 /home/doorcrew/public_html/vendor/yiisoft/yii2/base/Application.php(380): yii\\web\\Application->handleRequest(Object(yii\\web\\Request))\n#6 /home/doorcrew/public_html/vendor/skeeks/cms/app-web.php(23): yii\\base\\Application->run()\n#7 /home/doorcrew/public_html/frontend/web/index.php(46): include(\'/home/doorcrew/...\')\n#8 {main}'),(80,2,'yii\\debug\\Module::checkAccess',1500593319,'[54.144.57.231][-][uu8cd0v3tef43f7ivnhtmjaua1]','Access to debugger is denied due to IP address restriction. The requesting IP address is 54.144.57.231'),(81,2,'yii\\debug\\Module::checkAccess',1500593319,'[54.144.57.231][-][uu8cd0v3tef43f7ivnhtmjaua1]','Access to debugger is denied due to IP address restriction. The requesting IP address is 54.144.57.231'),(82,1,'ErrorException:1',1500601256,'[91.220.145.236][1][ru2c6tvtnhjvv4s1nfimcvpus0]','ErrorException: This is not a filter thumbnail: images/logo2-min-1111.png in /home/doorcrew/public_html/vendor/skeeks/cms/controllers/ImagingController.php:69\nStack trace:\n#0 [internal function]: skeeks\\cms\\controllers\\ImagingController->actionProcess()\n#1 /home/doorcrew/public_html/vendor/yiisoft/yii2/base/InlineAction.php(57): call_user_func_array(Array, Array)\n#2 /home/doorcrew/public_html/vendor/yiisoft/yii2/base/Controller.php(156): yii\\base\\InlineAction->runWithParams(Array)\n#3 /home/doorcrew/public_html/vendor/yiisoft/yii2/base/Module.php(523): yii\\base\\Controller->runAction(\'process\', Array)\n#4 /home/doorcrew/public_html/vendor/yiisoft/yii2/web/Application.php(102): yii\\base\\Module->runAction(\'cms/imaging/pro...\', Array)\n#5 /home/doorcrew/public_html/vendor/yiisoft/yii2/base/Application.php(380): yii\\web\\Application->handleRequest(Object(yii\\web\\Request))\n#6 /home/doorcrew/public_html/vendor/skeeks/cms/app-web.php(23): yii\\base\\Application->run()\n#7 /home/doorcrew/public_html/frontend/web/index.php(46): include(\'/home/doorcrew/...\')\n#8 {main}'),(83,2,'template-render',1500601275,'[91.220.145.236][1][-]','The view file does not exist: /home/doorcrew/public_html/vendor/skeeks/cms/views/admin-storage-files/update.php'),(84,1,'ErrorException:1',1500601296,'[91.220.145.236][1][ru2c6tvtnhjvv4s1nfimcvpus0]','ErrorException: This is not a filter thumbnail: images/logo2-min-1111.png in /home/doorcrew/public_html/vendor/skeeks/cms/controllers/ImagingController.php:69\nStack trace:\n#0 [internal function]: skeeks\\cms\\controllers\\ImagingController->actionProcess()\n#1 /home/doorcrew/public_html/vendor/yiisoft/yii2/base/InlineAction.php(57): call_user_func_array(Array, Array)\n#2 /home/doorcrew/public_html/vendor/yiisoft/yii2/base/Controller.php(156): yii\\base\\InlineAction->runWithParams(Array)\n#3 /home/doorcrew/public_html/vendor/yiisoft/yii2/base/Module.php(523): yii\\base\\Controller->runAction(\'process\', Array)\n#4 /home/doorcrew/public_html/vendor/yiisoft/yii2/web/Application.php(102): yii\\base\\Module->runAction(\'cms/imaging/pro...\', Array)\n#5 /home/doorcrew/public_html/vendor/yiisoft/yii2/base/Application.php(380): yii\\web\\Application->handleRequest(Object(yii\\web\\Request))\n#6 /home/doorcrew/public_html/vendor/skeeks/cms/app-web.php(23): yii\\base\\Application->run()\n#7 /home/doorcrew/public_html/frontend/web/index.php(46): include(\'/home/doorcrew/...\')\n#8 {main}'),(85,1,'ErrorException:1',1500601320,'[91.220.145.236][1][ru2c6tvtnhjvv4s1nfimcvpus0]','ErrorException: This is not a filter thumbnail: images/logo2-min-1111.png in /home/doorcrew/public_html/vendor/skeeks/cms/controllers/ImagingController.php:69\nStack trace:\n#0 [internal function]: skeeks\\cms\\controllers\\ImagingController->actionProcess()\n#1 /home/doorcrew/public_html/vendor/yiisoft/yii2/base/InlineAction.php(57): call_user_func_array(Array, Array)\n#2 /home/doorcrew/public_html/vendor/yiisoft/yii2/base/Controller.php(156): yii\\base\\InlineAction->runWithParams(Array)\n#3 /home/doorcrew/public_html/vendor/yiisoft/yii2/base/Module.php(523): yii\\base\\Controller->runAction(\'process\', Array)\n#4 /home/doorcrew/public_html/vendor/yiisoft/yii2/web/Application.php(102): yii\\base\\Module->runAction(\'cms/imaging/pro...\', Array)\n#5 /home/doorcrew/public_html/vendor/yiisoft/yii2/base/Application.php(380): yii\\web\\Application->handleRequest(Object(yii\\web\\Request))\n#6 /home/doorcrew/public_html/vendor/skeeks/cms/app-web.php(23): yii\\base\\Application->run()\n#7 /home/doorcrew/public_html/frontend/web/index.php(46): include(\'/home/doorcrew/...\')\n#8 {main}'),(86,1,'ErrorException:1',1500603317,'[91.220.145.236][1][ru2c6tvtnhjvv4s1nfimcvpus0]','ErrorException: This is not a filter thumbnail: images/logo2-min-1111.png in /home/doorcrew/public_html/vendor/skeeks/cms/controllers/ImagingController.php:69\nStack trace:\n#0 [internal function]: skeeks\\cms\\controllers\\ImagingController->actionProcess()\n#1 /home/doorcrew/public_html/vendor/yiisoft/yii2/base/InlineAction.php(57): call_user_func_array(Array, Array)\n#2 /home/doorcrew/public_html/vendor/yiisoft/yii2/base/Controller.php(156): yii\\base\\InlineAction->runWithParams(Array)\n#3 /home/doorcrew/public_html/vendor/yiisoft/yii2/base/Module.php(523): yii\\base\\Controller->runAction(\'process\', Array)\n#4 /home/doorcrew/public_html/vendor/yiisoft/yii2/web/Application.php(102): yii\\base\\Module->runAction(\'cms/imaging/pro...\', Array)\n#5 /home/doorcrew/public_html/vendor/yiisoft/yii2/base/Application.php(380): yii\\web\\Application->handleRequest(Object(yii\\web\\Request))\n#6 /home/doorcrew/public_html/vendor/skeeks/cms/app-web.php(23): yii\\base\\Application->run()\n#7 /home/doorcrew/public_html/frontend/web/index.php(46): include(\'/home/doorcrew/...\')\n#8 {main}'),(87,1,'ErrorException:1',1500605531,'[91.220.145.236][1][ru2c6tvtnhjvv4s1nfimcvpus0]','ErrorException: This is not a filter thumbnail: images/logo2-min-1111.png in /home/doorcrew/public_html/vendor/skeeks/cms/controllers/ImagingController.php:69\nStack trace:\n#0 [internal function]: skeeks\\cms\\controllers\\ImagingController->actionProcess()\n#1 /home/doorcrew/public_html/vendor/yiisoft/yii2/base/InlineAction.php(57): call_user_func_array(Array, Array)\n#2 /home/doorcrew/public_html/vendor/yiisoft/yii2/base/Controller.php(156): yii\\base\\InlineAction->runWithParams(Array)\n#3 /home/doorcrew/public_html/vendor/yiisoft/yii2/base/Module.php(523): yii\\base\\Controller->runAction(\'process\', Array)\n#4 /home/doorcrew/public_html/vendor/yiisoft/yii2/web/Application.php(102): yii\\base\\Module->runAction(\'cms/imaging/pro...\', Array)\n#5 /home/doorcrew/public_html/vendor/yiisoft/yii2/base/Application.php(380): yii\\web\\Application->handleRequest(Object(yii\\web\\Request))\n#6 /home/doorcrew/public_html/vendor/skeeks/cms/app-web.php(23): yii\\base\\Application->run()\n#7 /home/doorcrew/public_html/frontend/web/index.php(46): include(\'/home/doorcrew/...\')\n#8 {main}'),(88,2,'yii\\debug\\Module::checkAccess',1500605832,'[70.42.131.170][-][-]','Access to debugger is denied due to IP address restriction. The requesting IP address is 70.42.131.170'),(89,2,'yii\\debug\\Module::checkAccess',1500605832,'[70.42.131.170][-][-]','Access to debugger is denied due to IP address restriction. The requesting IP address is 70.42.131.170'),(90,1,'ErrorException:1',1500605832,'[70.42.131.170][-][rnjp8dteraelig49c72jlstut3]','ErrorException: This is not a filter thumbnail: images/logo2-min-1111.png in /home/doorcrew/public_html/vendor/skeeks/cms/controllers/ImagingController.php:69\nStack trace:\n#0 [internal function]: skeeks\\cms\\controllers\\ImagingController->actionProcess()\n#1 /home/doorcrew/public_html/vendor/yiisoft/yii2/base/InlineAction.php(57): call_user_func_array(Array, Array)\n#2 /home/doorcrew/public_html/vendor/yiisoft/yii2/base/Controller.php(156): yii\\base\\InlineAction->runWithParams(Array)\n#3 /home/doorcrew/public_html/vendor/yiisoft/yii2/base/Module.php(523): yii\\base\\Controller->runAction(\'process\', Array)\n#4 /home/doorcrew/public_html/vendor/yiisoft/yii2/web/Application.php(102): yii\\base\\Module->runAction(\'cms/imaging/pro...\', Array)\n#5 /home/doorcrew/public_html/vendor/yiisoft/yii2/base/Application.php(380): yii\\web\\Application->handleRequest(Object(yii\\web\\Request))\n#6 /home/doorcrew/public_html/vendor/skeeks/cms/app-web.php(23): yii\\base\\Application->run()\n#7 /home/doorcrew/public_html/frontend/web/index.php(46): include(\'/home/doorcrew/...\')\n#8 {main}'),(91,2,'yii\\debug\\Module::checkAccess',1500605832,'[70.42.131.170][-][rnjp8dteraelig49c72jlstut3]','Access to debugger is denied due to IP address restriction. The requesting IP address is 70.42.131.170'),(92,2,'yii\\debug\\Module::checkAccess',1500605832,'[70.42.131.170][-][rnjp8dteraelig49c72jlstut3]','Access to debugger is denied due to IP address restriction. The requesting IP address is 70.42.131.170'),(93,1,'ErrorException:1',1500607744,'[91.220.145.236][1][ru2c6tvtnhjvv4s1nfimcvpus0]','ErrorException: This is not a filter thumbnail: images/logo2-min-1111.png in /home/doorcrew/public_html/vendor/skeeks/cms/controllers/ImagingController.php:69\nStack trace:\n#0 [internal function]: skeeks\\cms\\controllers\\ImagingController->actionProcess()\n#1 /home/doorcrew/public_html/vendor/yiisoft/yii2/base/InlineAction.php(57): call_user_func_array(Array, Array)\n#2 /home/doorcrew/public_html/vendor/yiisoft/yii2/base/Controller.php(156): yii\\base\\InlineAction->runWithParams(Array)\n#3 /home/doorcrew/public_html/vendor/yiisoft/yii2/base/Module.php(523): yii\\base\\Controller->runAction(\'process\', Array)\n#4 /home/doorcrew/public_html/vendor/yiisoft/yii2/web/Application.php(102): yii\\base\\Module->runAction(\'cms/imaging/pro...\', Array)\n#5 /home/doorcrew/public_html/vendor/yiisoft/yii2/base/Application.php(380): yii\\web\\Application->handleRequest(Object(yii\\web\\Request))\n#6 /home/doorcrew/public_html/vendor/skeeks/cms/app-web.php(23): yii\\base\\Application->run()\n#7 /home/doorcrew/public_html/frontend/web/index.php(46): include(\'/home/doorcrew/...\')\n#8 {main}'),(94,1,'ErrorException:1',1500607788,'[91.220.145.236][1][ru2c6tvtnhjvv4s1nfimcvpus0]','ErrorException: This is not a filter thumbnail: images/logo2-min-1111.png in /home/doorcrew/public_html/vendor/skeeks/cms/controllers/ImagingController.php:69\nStack trace:\n#0 [internal function]: skeeks\\cms\\controllers\\ImagingController->actionProcess()\n#1 /home/doorcrew/public_html/vendor/yiisoft/yii2/base/InlineAction.php(57): call_user_func_array(Array, Array)\n#2 /home/doorcrew/public_html/vendor/yiisoft/yii2/base/Controller.php(156): yii\\base\\InlineAction->runWithParams(Array)\n#3 /home/doorcrew/public_html/vendor/yiisoft/yii2/base/Module.php(523): yii\\base\\Controller->runAction(\'process\', Array)\n#4 /home/doorcrew/public_html/vendor/yiisoft/yii2/web/Application.php(102): yii\\base\\Module->runAction(\'cms/imaging/pro...\', Array)\n#5 /home/doorcrew/public_html/vendor/yiisoft/yii2/base/Application.php(380): yii\\web\\Application->handleRequest(Object(yii\\web\\Request))\n#6 /home/doorcrew/public_html/vendor/skeeks/cms/app-web.php(23): yii\\base\\Application->run()\n#7 /home/doorcrew/public_html/frontend/web/index.php(46): include(\'/home/doorcrew/...\')\n#8 {main}');
COMMIT;

--
-- Table structure for table `message`
--

CREATE TABLE `message` (
  `id` int(11) NOT NULL DEFAULT '0',
  `language` varchar(255) NOT NULL DEFAULT '',
  `translation` text,
  PRIMARY KEY (`id`,`language`),
  CONSTRAINT `fk_source_message_message` FOREIGN KEY (`id`) REFERENCES `source_message` (`id`) ON DELETE CASCADE
) ENGINE=InnoDB DEFAULT CHARSET=utf8;

--
-- Dumping data for table `message`
--

SET autocommit=0;
INSERT INTO `message` VALUES (1,'en',NULL),(1,'ru',NULL),(2,'en',NULL),(2,'ru',NULL),(3,'en',NULL),(3,'ru',NULL),(4,'en',NULL),(4,'ru',NULL),(5,'en',NULL),(5,'ru',NULL),(6,'en',NULL),(6,'ru',NULL),(7,'en',NULL),(7,'ru',NULL),(8,'en',NULL),(8,'ru',NULL),(9,'en',NULL),(9,'ru',NULL),(10,'en',NULL),(10,'ru',NULL),(11,'en',NULL),(11,'ru',NULL),(12,'en',NULL),(12,'ru',NULL),(13,'en',NULL),(13,'ru',NULL),(14,'en',NULL),(14,'ru',NULL),(15,'en',NULL),(15,'ru',NULL),(16,'en',NULL),(16,'ru',NULL),(17,'en',NULL),(17,'ru',NULL),(18,'en',NULL),(18,'ru',NULL),(19,'en',NULL),(19,'ru',NULL),(20,'en',NULL),(20,'ru',NULL),(21,'en',NULL),(21,'ru',NULL),(22,'en',NULL),(22,'ru',NULL),(23,'en',NULL),(23,'ru',NULL),(24,'en',NULL),(24,'ru',NULL),(25,'en',NULL),(25,'ru',NULL),(26,'en',NULL),(26,'ru',NULL),(27,'en',NULL),(27,'ru',NULL),(28,'en',NULL),(28,'ru',NULL),(29,'en',NULL),(29,'ru',NULL),(30,'en',NULL),(30,'ru',NULL),(31,'en',NULL),(31,'ru',NULL),(32,'en',NULL),(32,'ru',NULL),(33,'en',NULL),(33,'ru',NULL),(34,'en',NULL),(34,'ru',NULL),(35,'en',NULL),(35,'ru',NULL),(36,'en',NULL),(36,'ru',NULL),(37,'en',NULL),(37,'ru',NULL),(38,'en',NULL),(38,'ru',NULL),(39,'en',NULL),(39,'ru',NULL),(40,'en',NULL),(40,'ru',NULL),(41,'en',NULL),(41,'ru',NULL),(42,'en',NULL),(42,'ru',NULL),(43,'en',NULL),(43,'ru',NULL),(44,'en',NULL),(44,'ru',NULL),(45,'en',NULL),(45,'ru',NULL),(46,'en',NULL),(46,'ru',NULL),(47,'en',NULL),(47,'ru',NULL),(48,'en',NULL),(48,'ru',NULL),(49,'en',NULL),(49,'ru',NULL),(50,'en',NULL),(50,'ru',NULL),(51,'en',NULL),(51,'ru',NULL),(52,'en',NULL),(52,'ru',NULL),(53,'en',NULL),(53,'ru',NULL),(54,'en',NULL),(54,'ru',NULL),(55,'en',NULL),(55,'ru',NULL),(56,'en',NULL),(56,'ru',NULL),(57,'en',NULL),(57,'ru',NULL),(58,'en',NULL),(58,'ru',NULL),(59,'en',NULL),(59,'ru',NULL),(60,'en',NULL),(60,'ru',NULL),(61,'en',NULL),(61,'ru',NULL),(62,'en',NULL),(62,'ru',NULL),(63,'en',NULL),(63,'ru',NULL),(64,'en',NULL),(64,'ru',NULL),(65,'en',NULL),(65,'ru',NULL),(66,'en',NULL),(66,'ru',NULL),(67,'en',NULL),(67,'ru',NULL),(68,'en',NULL),(68,'ru',NULL),(69,'en',NULL),(69,'ru',NULL),(70,'en',NULL),(70,'ru',NULL),(71,'en',NULL),(71,'ru',NULL),(72,'en',NULL),(72,'ru',NULL),(73,'en',NULL),(73,'ru',NULL),(74,'en',NULL),(74,'ru',NULL),(75,'en',NULL),(75,'ru',NULL),(76,'en',NULL),(76,'ru',NULL),(77,'en',NULL),(77,'ru',NULL),(78,'en',NULL),(78,'ru',NULL),(79,'en',NULL),(79,'ru',NULL),(80,'en',NULL),(80,'ru',NULL),(81,'en',NULL),(81,'ru',NULL),(82,'en',NULL),(82,'ru',NULL),(83,'en',NULL),(83,'ru',NULL),(84,'en',NULL),(84,'ru',NULL),(85,'en',NULL),(85,'ru',NULL),(86,'en',NULL),(86,'ru',NULL),(87,'en',NULL),(87,'ru',NULL),(88,'en',NULL),(88,'ru',NULL),(89,'en',NULL),(89,'ru',NULL),(90,'en',NULL),(90,'ru',NULL),(91,'en',NULL),(91,'ru',NULL),(92,'en',NULL),(92,'ru',NULL),(93,'en',NULL),(93,'ru',NULL),(94,'en',NULL),(94,'ru',NULL),(95,'en',NULL),(95,'ru',NULL),(96,'en',NULL),(96,'ru',NULL),(97,'en',NULL),(97,'ru',NULL),(98,'en',NULL),(98,'ru',NULL),(99,'en',NULL),(99,'ru',NULL),(100,'en',NULL),(100,'ru',NULL),(101,'en',NULL),(101,'ru',NULL),(102,'en',NULL),(102,'ru',NULL),(103,'en',NULL),(103,'ru',NULL),(104,'en',NULL),(104,'ru',NULL),(105,'en',NULL),(105,'ru',NULL),(106,'en',NULL),(106,'ru',NULL),(107,'en',NULL),(107,'ru',NULL),(108,'en',NULL),(108,'ru',NULL),(109,'en',NULL),(109,'ru',NULL),(110,'en',NULL),(110,'ru',NULL),(111,'en',NULL),(111,'ru',NULL),(112,'en',NULL),(112,'ru',NULL),(113,'en',NULL),(113,'ru',NULL),(114,'en',NULL),(114,'ru',NULL),(115,'en',NULL),(115,'ru',NULL),(116,'en',NULL),(116,'ru',NULL),(117,'en',NULL),(117,'ru',NULL),(118,'en',NULL),(118,'ru',NULL),(119,'en',NULL),(119,'ru',NULL),(120,'en',NULL),(120,'ru',NULL),(121,'en',NULL),(121,'ru',NULL),(122,'en',NULL),(122,'ru',NULL),(123,'en',NULL),(123,'ru',NULL),(124,'en',NULL),(124,'ru',NULL),(125,'en',NULL),(125,'ru',NULL),(126,'en',NULL),(126,'ru',NULL),(127,'en',NULL),(127,'ru',NULL),(128,'en',NULL),(128,'ru',NULL),(129,'en',NULL),(129,'ru',NULL),(130,'en',NULL),(130,'ru',NULL),(131,'en',NULL),(131,'ru',NULL),(132,'en',NULL),(132,'ru',NULL),(133,'en',NULL),(133,'ru',NULL),(134,'en',NULL),(134,'ru',NULL),(135,'en',NULL),(135,'ru',NULL),(136,'en',NULL),(136,'ru',NULL),(137,'en',NULL),(137,'ru',NULL),(138,'en',NULL),(138,'ru',NULL),(139,'en',NULL),(139,'ru',NULL),(140,'en',NULL),(140,'ru',NULL),(141,'en',NULL),(141,'ru',NULL),(142,'en',NULL),(142,'ru',NULL),(143,'en',NULL),(143,'ru',NULL),(144,'en',NULL),(144,'ru',NULL),(145,'en',NULL),(145,'ru',NULL),(146,'en',NULL),(146,'ru',NULL),(147,'en',NULL),(147,'ru',NULL),(148,'en',NULL),(148,'ru',NULL),(149,'en',NULL),(149,'ru',NULL),(150,'en',NULL),(150,'ru',NULL),(151,'en',NULL),(151,'ru',NULL),(152,'en',NULL),(152,'ru',NULL),(153,'en',NULL),(153,'ru',NULL),(154,'en',NULL),(154,'ru',NULL),(155,'en',NULL),(155,'ru',NULL),(156,'en',NULL),(156,'ru',NULL),(157,'en',NULL),(157,'ru',NULL),(158,'en',NULL),(158,'ru',NULL),(159,'en',NULL),(159,'ru',NULL),(160,'en',NULL),(160,'ru',NULL),(161,'en',NULL),(161,'ru',NULL),(162,'en',NULL),(162,'ru',NULL),(163,'en',NULL),(163,'ru',NULL),(164,'en',NULL),(164,'ru',NULL),(165,'en',NULL),(165,'ru',NULL),(166,'en',NULL),(166,'ru',NULL),(167,'en',NULL),(167,'ru',NULL),(168,'en',NULL),(168,'ru',NULL),(169,'en',NULL),(169,'ru',NULL);
COMMIT;

--
-- Table structure for table `migration`
--

CREATE TABLE `migration` (
  `version` varchar(180) NOT NULL,
  `apply_time` int(11) DEFAULT NULL,
  PRIMARY KEY (`version`)
) ENGINE=InnoDB DEFAULT CHARSET=utf8;

--
-- Dumping data for table `migration`
--

SET autocommit=0;
INSERT INTO `migration` VALUES ('m000000_000000_base',1439036753),('m140506_102106_rbac_init',1439036754),('m140801_201442_create_user_table',1439036756),('m140814_223103_create_user_authclient_table',1439036758),('m140902_110812_create_storage_file_table',1439036764),('m141019_100557_create_publication_table',1439036767),('m141019_162718_create_comment_table',1439036771),('m141019_162721_subscribe_create_table',1439036773),('m141019_162726_create_vote_table',1439036776),('m141104_100557_create_cms_tree_table',1439036784),('m141106_100557_create_user_group_table',1439036788),('m141109_100557_create_cms_infoblock_table',1439036791),('m141111_100557_alter_tables_tree_and_publication',1439036794),('m141116_100557_create_teable_static_block',1439036796),('m141117_100557_create_teable_site',1439036798),('m141205_100557_alter_table_published_behavior',1439036802),('m141231_100557_create_teable_cms_tree_menu',1439036805),('m141231_100559_alter_table_tree',1439036808),('m150116_100559_alter_table_publications',1439036811),('m150121_193200_create_table__cms_user_email',1439036814),('m150121_273200_create_table__cms_user_phone',1439036815),('m150121_273203_alter_table__cms_user',1439036819),('m150121_273205_alter_table__cms_user__add_emails',1439036823),('m150122_273205_alter_table__cms_user__emails_adn_phones',1439036823),('m150316_273205_alter_table__cms_user__emails_adn_phones_1',1439036828),('m150324_273205_alter_table__cms_infoblock',1439036830),('m150324_273210_alter_table__cms_infoblock_2',1439036830),('m150327_273210_create_table__cms_settings',1439036832),('m150512_103210_create_table__cms_content_type',1439036834),('m150512_103220_create_table__cms_content',1439036839),('m150512_103230_create_table__cms_content_element',1439036846),('m150512_113230_create_table__cms_content_property',1439036851),('m150512_123230_create_table__cms_content_property_enum',1439036854),('m150512_153230_create_table__cms_content_element_property',1439036859),('m150516_103230_create_table__cms_content_element_tree',1439036862),('m150519_103210_drop_tables_social',1439036862),('m150519_113210_cms_alter_clear_social_data',1439036878),('m150519_123210_cms_alter_drop_publications_and_page_options',1439036880),('m150520_103210_cms_alter_user_data',1439036886),('m150520_133210_cms_alter_storage_files',1439036897),('m150520_143210_cms_alter_cms_tree',1439036903),('m150520_153210_cms_alter_meta_data',1439036909),('m150520_153305_cms_alter_table__cms_lang',1439036912),('m150520_153310_cms_alter_table__cms_site',1439036916),('m150520_163310_insert_cms_site_and_lang',1439036916),('m150520_173310_create_table__cms_site_domain',1439036919),('m150520_183310_alter_table__cms_tree',1439036922),('m150521_183310_alter_table__cms_tree',1439036924),('m150521_183315_alter_table__cms_tree',1439036926),('m150521_193315_alter_table__cms_settings',1439036926),('m150522_193315_drop_table__cms_infoblock',1439036926),('m150523_103220_create_table__cms_tree_type',1439036929),('m150523_103520_create_table__cms_tree_type_property',1439036935),('m150523_103525_create_table__cms_tree_type_property_enum',1439036940),('m150523_104025_create_table__cms_tree_property',1439036944),('m150523_114025_alter_table__cms_tree',1439036948),('m150528_114025_alter_table__cms_component_settings',1439036953),('m150528_114030_alter_table__cms_component_settings',1439036953),('m150604_114030_alter_table__cms_user',1439036957),('m150607_114030_alter_table__cms_tree_and_cms_content_element',1439036961),('m150608_114030_alter_table__cms_site_code_length',1439036965),('m150608_154030_alter_table__cms_user_emails_and_phones',1439036966),('m150615_162718_create_table__form2_form',1439036985),('m150615_162740_create_table__form2_form_send',1439036992),('m150615_172718_create_table__form2_form_property',1439036998),('m150615_182718_create_table__form2_form_property_enum',1439037001),('m150615_192740_create_table__form2_form_send_property',1439037006),('m150622_114030_alter_table__cms_user',1439036967),('m150702_114030_alter_table__cms_user',1439036969),('m150703_162718_create_table__reviews2_message',1439037016),('m150707_114030_alter_table__big_text',1439036981),('m150715_103220_create_table__cms_agent',1439036982),('m150715_162718_create_table__log_db_target',1461231660),('m150730_103220_create_table__cms_session',1439036983),('m150730_213220_create_table__cms_event',1439036984),('m150806_213220_alter_table__cms_tree_type_property',1439297629),('m150807_213220_alter_table__cms_content_property',1439297631),('m150825_213220_delete_table__cms_user_group',1441207854),('m150826_113220_create_table__cms_user_universal_property',1441207862),('m150826_123220_create_table__cms_user_universal_property_enum',1441207868),('m150826_133220_create_table__cms_user_property',1441207874),('m150827_133220_create_table__cms_search_phrase',1441207878),('m150922_213220_alter_table__cms_user',1442994194),('m150922_223220_update_data__cms_user',1442994194),('m150922_233220_alter_table__cms_tree',1442994199),('m150922_234220_update_data__cms_tree',1442994199),('m150922_235220_alter_table__cms_content_element',1442994205),('m150922_235320_update_data__cms_content_element',1442994205),('m150922_235520_alter_table__drop_files_column',1442994208),('m150923_133220_create_table__cms_tree_image',1443026255),('m150923_143220_create_table__cms_tree_file',1443026259),('m150923_153220_create_table__cms_content_element_image',1443026262),('m150923_163220_create_table__cms_content_element_file',1443026266),('m150923_173220_update_data__images_and_files',1443026266),('m150923_183220_alter_table__tree__content_element',1443027041),('m150924_183220_alter_table__cms_user',1443647310),('m150924_193220_alter_table__cms_user_email',1443647311),('m151023_113220_alter_table__cms_site',1445701967),('m151023_153220_alter_table__cms_content',1445701972),('m151023_163220_alter_table__cms_content',1445701974),('m151023_173220_alter_table__cms_tree_type',1445701977),('m151030_173220_alter_table__cms_tree',1446248160),('m151030_183220_alter_table__cms_tree',1446248162),('m151030_193220_alter_table__cms_tree',1446248164),('m151110_193220_alter_table__cms_content',1447185422),('m151113_113220_alter_table__cms_site_and_lang',1448206538),('m151215_193220_alter_table__cms_content',1450698752),('m151221_093837_addI18nTables',1455529587),('m160215_093837__create_table__cms_dashboard',1455882076),('m160216_093837__create_table__cms_dashboard_widget',1455882084),('m160221_193220__alter_table__cms_tree',1457470054),('m160222_193220__alter_table__cms_content',1457470061),('m160222_203220__alter_table__cms_content',1457470066),('m160313_203220__alter_table__cms_storage_file',1458397396),('m160315_093837__create_table__cms_user2cms_content_elements',1458397400),('m160319_093837__drop_table__cms_session',1458397400),('m160320_093837__alter_table__cms_storage_file',1461231671),('m160320_103837__alter_table__cms_user',1461231677),('m160329_103837__alter_table__cms_user',1461231683),('m160329_113837__update_data__cms_user',1461231683),('m160412_113837__drop_table__cms_tree_menu',1461231683),('m160413_103837__alter_table__cms_content_element',1461231687),('m160415_093837_create_table__cms_search_phrase',1461231688),('m160417_103220_create_table__cms_agent',1461231688),('m160422_162718_alter_table__log_db_target',1488298322),('m160522_093837__create_table__cms_admin_filter',1464441749),('m160701_192740_alter_table__form2_form_send_property',1472198855);
COMMIT;

--
-- Table structure for table `reviews2_message`
--

CREATE TABLE `reviews2_message` (
  `id` int(11) NOT NULL AUTO_INCREMENT,
  `created_by` int(11) DEFAULT NULL,
  `updated_by` int(11) DEFAULT NULL,
  `created_at` int(11) DEFAULT NULL,
  `updated_at` int(11) DEFAULT NULL,
  `published_at` int(11) DEFAULT NULL,
  `processed_by` int(11) DEFAULT NULL,
  `processed_at` int(11) DEFAULT NULL,
  `element_id` int(11) NOT NULL,
  `content_id` int(11) DEFAULT NULL,
  `dignity` text,
  `disadvantages` text,
  `comments` text,
  `rating` int(11) NOT NULL,
  `status` smallint(6) NOT NULL DEFAULT '0',
  `ip` varchar(32) DEFAULT NULL,
  `page_url` text,
  `data_server` text,
  `data_session` text,
  `data_cookie` text,
  `data_request` text,
  `site_code` char(15) DEFAULT NULL,
  `user_name` varchar(255) DEFAULT NULL,
  `user_email` varchar(255) DEFAULT NULL,
  `user_phone` varchar(255) DEFAULT NULL,
  `user_city` varchar(255) DEFAULT NULL,
  PRIMARY KEY (`id`),
  KEY `updated_by` (`updated_by`),
  KEY `created_by` (`created_by`),
  KEY `created_at` (`created_at`),
  KEY `updated_at` (`updated_at`),
  KEY `published_at` (`published_at`),
  KEY `processed_at` (`processed_at`),
  KEY `processed_by` (`processed_by`),
  KEY `status` (`status`),
  KEY `rating` (`rating`),
  KEY `element_id` (`element_id`),
  KEY `content_id` (`content_id`),
  KEY `ip` (`ip`),
  KEY `site_code` (`site_code`),
  KEY `user_name` (`user_name`),
  KEY `user_phone` (`user_phone`),
  KEY `user_email` (`user_email`),
  KEY `user_city` (`user_city`),
  CONSTRAINT `reviews2_message_content_id` FOREIGN KEY (`content_id`) REFERENCES `cms_content` (`id`) ON DELETE SET NULL ON UPDATE SET NULL,
  CONSTRAINT `reviews2_message_created_by` FOREIGN KEY (`created_by`) REFERENCES `cms_user` (`id`) ON DELETE SET NULL ON UPDATE SET NULL,
  CONSTRAINT `reviews2_message_element_id` FOREIGN KEY (`element_id`) REFERENCES `cms_content_element` (`id`) ON DELETE CASCADE ON UPDATE CASCADE,
  CONSTRAINT `reviews2_message_processed_by` FOREIGN KEY (`processed_by`) REFERENCES `cms_user` (`id`) ON DELETE SET NULL ON UPDATE SET NULL,
  CONSTRAINT `reviews2_message_site_code_fk` FOREIGN KEY (`site_code`) REFERENCES `cms_site` (`code`) ON DELETE SET NULL ON UPDATE SET NULL,
  CONSTRAINT `reviews2_message_updated_by` FOREIGN KEY (`updated_by`) REFERENCES `cms_user` (`id`) ON DELETE SET NULL ON UPDATE SET NULL
) ENGINE=InnoDB DEFAULT CHARSET=utf8 COMMENT='Отзывы';

--
-- Dumping data for table `reviews2_message`
--

SET autocommit=0;
COMMIT;

--
-- Table structure for table `source_message`
--

CREATE TABLE `source_message` (
  `id` int(11) NOT NULL AUTO_INCREMENT,
  `category` varchar(255) DEFAULT NULL,
  `message` text,
  PRIMARY KEY (`id`)
) ENGINE=InnoDB AUTO_INCREMENT=170 DEFAULT CHARSET=utf8;

--
-- Dumping data for table `source_message`
--

SET autocommit=0;
INSERT INTO `source_message` VALUES (1,'app','Superuser'),(2,'app','Unauthorized user'),(3,'app','Admin'),(4,'app','Manager (access to the administration)'),(5,'app','Editor (access to the administration)'),(6,'app','Registered user'),(7,'app','Confirmed user'),(8,'app','Access to system administration'),(9,'app','Access to the site control panel'),(10,'app','The ability to create records'),(11,'app','The ability to edit view files'),(12,'app','Updating data records'),(13,'app','Updating data own records'),(14,'app','Updating additional data records'),(15,'app','Updating additional data own records'),(16,'app','Deleting records'),(17,'app','Deleting own records'),(18,'app','Access to personal files'),(19,'app','Access to the public files'),(20,'app','Access to all files'),(21,'app','Content'),(22,'app','Sections'),(23,'app','File manager'),(24,'app','File storage'),(25,'app','Settings'),(26,'app','Product settings'),(27,'app','Sites'),(28,'app','Languages'),(29,'app','Database of translations'),(30,'app','Section markers'),(31,'app','Server file storage'),(32,'app','Settings sections'),(33,'app','Content settings'),(34,'app','Module settings'),(35,'app','Agents'),(36,'app','Users and Access'),(37,'app','User management'),(38,'app','User properties'),(39,'app','The base of {email} addresses'),(40,'app','Base phones'),(41,'app','Social profiles'),(42,'app','Roles'),(43,'app','Privileges'),(44,'app','Searching'),(45,'app','Statistic'),(46,'app','Jump list'),(47,'app','Phrase list'),(48,'app','Instruments'),(49,'app','Checking system'),(50,'app','Information'),(51,'app','Sending {email}'),(52,'app','Clearing temporary data'),(53,'app','Work to database'),(54,'app','{ssh} console'),(55,'app','Code generator'),(56,'app','Marketplace'),(57,'app','Catalog'),(58,'app','Installed'),(59,'app','Install{s}Delete'),(60,'app','Updated platforms'),(61,'app','Additionally'),(62,'app','Checking permission'),(63,'app','Checking role'),(64,'app','Управление привилегиями'),(65,'app','Job to database'),(66,'app','Выберите опцию'),(67,'app','Выберите несколько опций'),(68,'app','Результатов не найдено'),(69,'app','ID'),(70,'app','Src'),(71,'app','Cluster File'),(72,'app','Original FileName'),(73,'app','Linked To Value'),(74,'app','Toggle Dropdow'),(75,'app','The combination of Cluster ID and Cluster Src has already been taken.'),(76,'app','да'),(77,'app','нет'),(78,'app','Show Counter'),(79,'app','Show Counter Start'),(80,'app','Description Short Type'),(81,'app','Description Full Type'),(82,'app','The current version {cms} '),(83,'app','Watch to {site} (opens in new window)'),(84,'app','Скрытое поле'),(85,'app','Отправить'),(86,'app','\"Testing the system (Progress\"'),(87,'app','Access to edit dashboards'),(88,'app','Dashboards'),(89,'app','Cms User ID'),(90,'app','Columns Settings'),(91,'app','Cms Dashboard ID'),(92,'app','cms_dashboard_column'),(93,'app','Are you sure you want to delete this desktop?'),(94,'app','Content Type'),(95,'app','Name One Element'),(96,'app','Шаблон META TITLE'),(97,'app','Шаблон META KEYWORDS'),(98,'app','Шаблон META DESCRIPTION'),(99,'app','Включить управление доступом к элементам'),(100,'app','Property Type'),(101,'app','List Type'),(102,'app','Multiple Cnt'),(103,'app','Seo'),(104,'app','SEO'),(105,'app','The combination of Code and Pid has already been taken.'),(106,'app','Этот параметр влияет на адрес страницы, будте внимательно при его редактировании.'),(107,'app','Showing all elements of type \'{name}\' associated with this section. Taken into account only the main binding.'),(108,'app','Auth Key'),(109,'app','Password Hash'),(110,'app','Password Reset Token'),(111,'app','Email'),(112,'app','Группы'),(113,'app','Provider'),(114,'app','Provider Identifier'),(115,'app','Provider Data'),(116,'app','Unexpected Phone Number Format'),(117,'app','Email адреса'),(118,'app','Телефоны'),(119,'app','User Ids'),(120,'app','Связь с формой'),(121,'app','Property ID'),(122,'app','Def'),(123,'app','Desktop'),(124,'app','Dashboard'),(125,'app','Add dashboard'),(126,'app','Add widget'),(127,'app','Delete'),(128,'app','Created By'),(129,'app','Updated By'),(130,'app','Created At'),(131,'app','Updated At'),(132,'app','Name'),(133,'app','Priority'),(134,'app','Number of columns'),(135,'app','Save'),(136,'app','Component'),(137,'app','Component Settings'),(138,'app','Basic widgets'),(139,'app','Information about SkeekS CMS'),(140,'app','Short info'),(141,'app','Disk space'),(142,'app','The list of content items'),(143,'app','Free place'),(144,'app','Number of users'),(145,'app','At percent ratio'),(146,'app','Free'),(147,'app','Used'),(148,'app','Total at server'),(149,'app','Basic module {cms}, without it nothing will work and the whole world will collapse.'),(150,'app','To main page of admin area'),(151,'app','To main page of site'),(152,'app','Interface language'),(153,'app','Clear cache and temporary files'),(154,'app','Project settings'),(155,'app','Your profile'),(156,'app','Profile'),(157,'app','To block'),(158,'app','Exit'),(159,'app','Close menu'),(160,'app','Open menu'),(161,'app','Setting the admin panel'),(162,'app','Authorization through social networks'),(163,'app','Managing Roles'),(164,'app','Information about the system'),(165,'app','Testing send email messages from site'),(166,'app','Deleting temporary files'),(167,'app','Go to site {cms}'),(168,'app','Go to site of the developer'),(169,'app','The ability to manage user groups');
COMMIT;


